138.197.191.87 - - [12/Aug/2026:08:55:23 -0400] "OPTIONS / HTTP/1.1" 200 - "-" "Mozilla/5.0 (l9scan/2.0.7383e2439313e2035323e2939313; +https://leakix.net)"
138.197.191.87 - - [12/Aug/2026:08:55:24 -0400] "GET /?rest_route=/wp/v2/users/ HTTP/1.1" 200 657 "-" "Mozilla/5.0 (l9scan/2.0.7383e2439313e2035323e2939313; +https://leakix.net)"
138.197.191.87 - - [12/Aug/2026:08:55:25 -0400] "GET /debug/default/view?panel=config HTTP/1.1" 404 236 "-" "Mozilla/5.0 (l9scan/2.0.7383e2439313e2035323e2939313; +https://leakix.net)"
74.7.227.133 - - [12/Aug/2026:08:55:30 -0400] "GET /131268/admin.php?chmod=400.shtml&q=%E0%A6%95%E0%A6%95usr%E0%A6%95local%E0%A6%95apache%E0%A6%95htdocs HTTP/1.1" 429 17 "https://www.wpt-1dwr.199-250-194-87.cpanel.site.blingfan.com/131268/admin.php?p=%E0%A6%95%E0%A6%95usr%E0%A6%95local%E0%A6%95apache%E0%A6%95htdocs" "Mozilla/5.0 AppleWebKit/537.36 (KHTML, like Gecko; compatible; GPTBot/1.4; +https://openai.com/gptbot)"
74.7.227.184 - - [12/Aug/2026:08:55:37 -0400] "GET /131268/admin.php?d=libpgcommon.a&q=%E0%A6%95%E0%A6%95opt%E0%A6%95imh-python%E0%A6%95lib HTTP/1.1" 200 1935 "https://mail.wpt-1dwr.199-250-194-87.cpanel.site/131268/admin.php?p=%E0%A6%95%E0%A6%95opt%E0%A6%95imh-python%E0%A6%95lib" "Mozilla/5.0 AppleWebKit/537.36 (KHTML, like Gecko; compatible; GPTBot/1.4; +https://openai.com/gptbot)"
74.7.243.216 - - [12/Aug/2026:08:55:37 -0400] "GET /131268/admin.php?chmod=heartbeat.min.js&q=%E0%A6%95%E0%A6%95home%E0%A6%95iblack6%E0%A6%95public_html%E0%A6%95DoThatStep%E0%A6%97com__b789886%E0%A6%95wp-includes%E0%A6%95js HTTP/1.1" 200 3232 "https://wpt-1dwr.199-250-194-87.cpanel.site/131268/admin.php?p=%E0%A6%95%E0%A6%95home%E0%A6%95iblack6%E0%A6%95public_html%E0%A6%95DoThatStep%E0%A6%97com__b789886%E0%A6%95wp-includes%E0%A6%95js" "Mozilla/5.0 AppleWebKit/537.36 (KHTML, like Gecko; compatible; GPTBot/1.4; +https://openai.com/gptbot)"
141.148.153.213 - - [12/Aug/2026:08:55:37 -0400] "GET / HTTP/1.1" 200 657 "-" "Mozilla/5.0 (iPhone; CPU iPhone OS 17_0 like Mac OS X) AppleWebKit/605.1.15 (KHTML, like Gecko) Version/17.0 Mobile/15E148 Safari/604.1"
141.148.153.213 - - [12/Aug/2026:08:55:40 -0400] "GET /favicon.ico HTTP/1.1" 404 236 "-" "Python/3.14 aiohttp/3.14.3"
74.7.243.216 - - [12/Aug/2026:08:55:55 -0400] "GET /131268/admin.php?d=jquery.hotkeys.min.js&q=%E0%A6%95%E0%A6%95home%E0%A6%95iblack6%E0%A6%95public_html%E0%A6%95DoThatStep%E0%A6%97com__b789886%E0%A6%95wp-includes%E0%A6%95js%E0%A6%95jquery HTTP/1.1" 200 2611 "https://wpt-1dwr.199-250-194-87.cpanel.site/131268/admin.php?p=%E0%A6%95%E0%A6%95home%E0%A6%95iblack6%E0%A6%95public_html%E0%A6%95DoThatStep%E0%A6%97com__b789886%E0%A6%95wp-includes%E0%A6%95js%E0%A6%95jquery" "Mozilla/5.0 AppleWebKit/537.36 (KHTML, like Gecko; compatible; GPTBot/1.4; +https://openai.com/gptbot)"
74.7.227.184 - - [12/Aug/2026:08:55:55 -0400] "GET /131268/admin.php?p=%E0%A6%95%E0%A6%95usr%E0%A6%95lib%E0%A6%95imh-wpapi%E0%A6%95venv HTTP/1.1" 200 7066 "https://mail.wpt-1dwr.199-250-194-87.cpanel.site/131268/admin.php?p=%E0%A6%95%E0%A6%95usr%E0%A6%95lib%E0%A6%95imh-wpapi" "Mozilla/5.0 AppleWebKit/537.36 (KHTML, like Gecko; compatible; GPTBot/1.4; +https://openai.com/gptbot)"
74.7.227.184 - - [12/Aug/2026:08:56:11 -0400] "GET /131268/admin.php?p=%E0%A6%95%E0%A6%95usr%E0%A6%95lib%E0%A6%95imh-wpapi%E0%A6%95tests HTTP/1.1" 200 5715 "https://mail.wpt-1dwr.199-250-194-87.cpanel.site/131268/admin.php?p=%E0%A6%95%E0%A6%95usr%E0%A6%95lib%E0%A6%95imh-wpapi" "Mozilla/5.0 AppleWebKit/537.36 (KHTML, like Gecko; compatible; GPTBot/1.4; +https://openai.com/gptbot)"
74.7.242.48 - - [12/Aug/2026:08:56:11 -0400] "GET /131268/admin.php?e=cs35l41-dsp1-spk-prot-10280cbf-spkid1-r0.bincfg&q=%E0%A6%95%E0%A6%95usr%E0%A6%95lib%E0%A6%95firmware%E0%A6%95cirrus HTTP/1.1" 200 2154 "https://wpt-1dwr.199-250-194-87.cpanel.site.blingfan.com/131268/admin.php?p=%E0%A6%95%E0%A6%95usr%E0%A6%95lib%E0%A6%95firmware%E0%A6%95cirrus" "Mozilla/5.0 AppleWebKit/537.36 (KHTML, like Gecko; compatible; GPTBot/1.4; +https://openai.com/gptbot)"
185.242.177.67 - - [12/Aug/2026:08:56:21 -0400] "GET / HTTP/1.1" 200 657 "-" "Mozilla/5.0 (Windows NT 10.0; Win64; x64; rv:147.0) Gecko/20100101 Firefox/147.0"
74.7.227.184 - - [12/Aug/2026:08:56:26 -0400] "GET /131268/admin.php?e=liblve.so.0.9.0&q=%E0%A6%95%E0%A6%95opt%E0%A6%95liblve HTTP/1.1" 200 261357 "https://mail.wpt-1dwr.199-250-194-87.cpanel.site/131268/admin.php?p=%E0%A6%95%E0%A6%95opt%E0%A6%95liblve" "Mozilla/5.0 AppleWebKit/537.36 (KHTML, like Gecko; compatible; GPTBot/1.4; +https://openai.com/gptbot)"
74.7.227.169 - - [12/Aug/2026:08:56:26 -0400] "GET /131268/admin.php?q=%E0%A6%95%E0%A6%95usr%E0%A6%95lib64&r=libicuio.so.60.3 HTTP/1.1" 200 1937 "https://www.wpt-1dwr.199-250-194-87.cpanel.site/131268/admin.php?p=%E0%A6%95%E0%A6%95usr%E0%A6%95lib64" "Mozilla/5.0 AppleWebKit/537.36 (KHTML, like Gecko; compatible; GPTBot/1.4; +https://openai.com/gptbot)"
74.7.227.133 - - [12/Aug/2026:08:56:31 -0400] "GET /131268/admin.php?chmod=401.shtml&q=%E0%A6%95%E0%A6%95usr%E0%A6%95local%E0%A6%95apache%E0%A6%95htdocs HTTP/1.1" 200 2785 "https://www.wpt-1dwr.199-250-194-87.cpanel.site.blingfan.com/131268/admin.php?p=%E0%A6%95%E0%A6%95usr%E0%A6%95local%E0%A6%95apache%E0%A6%95htdocs" "Mozilla/5.0 AppleWebKit/537.36 (KHTML, like Gecko; compatible; GPTBot/1.4; +https://openai.com/gptbot)"
74.7.227.184 - - [12/Aug/2026:08:56:38 -0400] "GET /131268/admin.php?d=liblmdb.so.0.0.0&q=%E0%A6%95%E0%A6%95usr%E0%A6%95lib64 HTTP/1.1" 200 1830 "https://mail.wpt-1dwr.199-250-194-87.cpanel.site/131268/admin.php?p=%E0%A6%95%E0%A6%95usr%E0%A6%95lib64" "Mozilla/5.0 AppleWebKit/537.36 (KHTML, like Gecko; compatible; GPTBot/1.4; +https://openai.com/gptbot)"
74.7.227.184 - - [12/Aug/2026:08:56:49 -0400] "GET /131268/admin.php?q=%E0%A6%95%E0%A6%95usr%E0%A6%95lib64&r=libgdbm.so.6.0.0 HTTP/1.1" 200 1937 "https://mail.wpt-1dwr.199-250-194-87.cpanel.site/131268/admin.php?p=%E0%A6%95%E0%A6%95usr%E0%A6%95lib64" "Mozilla/5.0 AppleWebKit/537.36 (KHTML, like Gecko; compatible; GPTBot/1.4; +https://openai.com/gptbot)"
149.50.96.188 - - [12/Aug/2026:08:56:56 -0400] "GET / HTTP/1.1" 503 282 "-" "Mozilla/5.0 (Windows NT 10.0; Win64; x64) AppleWebKit/537.36 (KHTML, like Gecko) Chrome/148.0.0.0 Safari/537.36"
149.50.96.188 - - [12/Aug/2026:08:56:56 -0400] "GET / HTTP/1.1" 503 282 "-" "Mozilla/5.0 (Windows NT 10.0; Win64; x64) AppleWebKit/537.36 (KHTML, like Gecko) Chrome/148.0.0.0 Safari/537.36"
149.50.96.188 - - [12/Aug/2026:08:56:56 -0400] "GET / HTTP/1.1" 503 282 "-" "Mozilla/5.0 (Windows NT 10.0; Win64; x64) AppleWebKit/537.36 (KHTML, like Gecko) Chrome/148.0.0.0 Safari/537.36"
149.50.96.188 - - [12/Aug/2026:08:56:56 -0400] "GET / HTTP/1.1" 404 555 "-" "Mozilla/5.0 (Windows NT 10.0; Win64; x64) AppleWebKit/537.36 (KHTML, like Gecko) Chrome/148.0.0.0 Safari/537.36"
149.50.96.188 - - [12/Aug/2026:08:56:56 -0400] "GET / HTTP/1.1" 200 40903 "-" "Mozilla/5.0 (Windows NT 10.0; Win64; x64) AppleWebKit/537.36 (KHTML, like Gecko) Chrome/148.0.0.0 Safari/537.36"
149.50.96.188 - - [12/Aug/2026:08:56:56 -0400] "GET / HTTP/1.1" 200 40915 "-" "Mozilla/5.0 (Windows NT 10.0; Win64; x64) AppleWebKit/537.36 (KHTML, like Gecko) Chrome/148.0.0.0 Safari/537.36"
149.50.96.188 - - [12/Aug/2026:08:56:57 -0400] "GET /unprotected/json-minified.js HTTP/1.1" 200 1562 "-" "Mozilla/5.0 (Windows NT 10.0; Win64; x64) AppleWebKit/537.36 (KHTML, like Gecko) Chrome/148.0.0.0 Safari/537.36"
149.50.96.188 - - [12/Aug/2026:08:56:57 -0400] "GET /unprotected/json-minified.js HTTP/1.1" 200 1562 "-" "Mozilla/5.0 (Windows NT 10.0; Win64; x64) AppleWebKit/537.36 (KHTML, like Gecko) Chrome/148.0.0.0 Safari/537.36"
74.7.227.184 - - [12/Aug/2026:08:57:00 -0400] "GET /131268/admin.php?q=%E0%A6%95%E0%A6%95usr%E0%A6%95lib64&r=libpcap.so.1.9.1 HTTP/1.1" 200 1937 "https://mail.wpt-1dwr.199-250-194-87.cpanel.site/131268/admin.php?p=%E0%A6%95%E0%A6%95usr%E0%A6%95lib64" "Mozilla/5.0 AppleWebKit/537.36 (KHTML, like Gecko; compatible; GPTBot/1.4; +https://openai.com/gptbot)"
74.7.242.48 - - [12/Aug/2026:08:57:07 -0400] "GET /131268/admin.php?q=%E0%A6%95%E0%A6%95usr%E0%A6%95lib%E0%A6%95firmware%E0%A6%95cirrus&r=cs35l41-dsp1-spk-prot-103c8c4f-spkid0-r0.bin HTTP/1.1" 200 2134 "https://wpt-1dwr.199-250-194-87.cpanel.site.blingfan.com/131268/admin.php?p=%E0%A6%95%E0%A6%95usr%E0%A6%95lib%E0%A6%95firmware%E0%A6%95cirrus" "Mozilla/5.0 AppleWebKit/537.36 (KHTML, like Gecko; compatible; GPTBot/1.4; +https://openai.com/gptbot)"
74.7.227.184 - - [12/Aug/2026:08:57:09 -0400] "GET /131268/admin.php?d=libthai.so.0.3.0&q=%E0%A6%95%E0%A6%95usr%E0%A6%95lib64 HTTP/1.1" 429 17 "https://mail.wpt-1dwr.199-250-194-87.cpanel.site/131268/admin.php?p=%E0%A6%95%E0%A6%95usr%E0%A6%95lib64" "Mozilla/5.0 AppleWebKit/537.36 (KHTML, like Gecko; compatible; GPTBot/1.4; +https://openai.com/gptbot)"
74.7.227.184 - - [12/Aug/2026:08:57:17 -0400] "GET /131268/admin.php?d=libonig.so.5.0.0&q=%E0%A6%95%E0%A6%95usr%E0%A6%95lib64 HTTP/1.1" 429 17 "https://mail.wpt-1dwr.199-250-194-87.cpanel.site/131268/admin.php?p=%E0%A6%95%E0%A6%95usr%E0%A6%95lib64" "Mozilla/5.0 AppleWebKit/537.36 (KHTML, like Gecko; compatible; GPTBot/1.4; +https://openai.com/gptbot)"
74.7.227.133 - - [12/Aug/2026:08:57:34 -0400] "GET /131268/admin.php?chmod=403.shtml&q=%E0%A6%95%E0%A6%95usr%E0%A6%95local%E0%A6%95apache%E0%A6%95htdocs HTTP/1.1" 200 2785 "https://www.wpt-1dwr.199-250-194-87.cpanel.site.blingfan.com/131268/admin.php?p=%E0%A6%95%E0%A6%95usr%E0%A6%95local%E0%A6%95apache%E0%A6%95htdocs" "Mozilla/5.0 AppleWebKit/537.36 (KHTML, like Gecko; compatible; GPTBot/1.4; +https://openai.com/gptbot)"
74.7.227.184 - - [12/Aug/2026:08:57:42 -0400] "GET /131268/admin.php?d=libodbc.so.2.0.0&q=%E0%A6%95%E0%A6%95usr%E0%A6%95lib64 HTTP/1.1" 429 17 "https://mail.wpt-1dwr.199-250-194-87.cpanel.site/131268/admin.php?p=%E0%A6%95%E0%A6%95usr%E0%A6%95lib64" "Mozilla/5.0 AppleWebKit/537.36 (KHTML, like Gecko; compatible; GPTBot/1.4; +https://openai.com/gptbot)"
74.7.227.169 - - [12/Aug/2026:08:57:28 -0400] "GET /131268/admin.php?d=libmariadbd.so.19&q=%E0%A6%95%E0%A6%95usr%E0%A6%95lib64 HTTP/1.1" 200 1830 "https://www.wpt-1dwr.199-250-194-87.cpanel.site/131268/admin.php?p=%E0%A6%95%E0%A6%95usr%E0%A6%95lib64" "Mozilla/5.0 AppleWebKit/537.36 (KHTML, like Gecko; compatible; GPTBot/1.4; +https://openai.com/gptbot)"
62.113.113.43 - - [12/Aug/2026:08:57:43 -0400] "GET / HTTP/1.1" 200 657 "-" "Mozilla/5.0 (iPad; U; CPU OS 3_2_2 like Mac OS X; nl-nl) AppleWebKit/531.21.10 (KHTML, like Gecko) Version/4.0.4 Mobile/7B500 Safari/531.21.10"
74.7.242.48 - - [12/Aug/2026:08:58:01 -0400] "GET /131268/admin.php?d=cs35l41-dsp1-spk-prot-17aa38c7.wmfw&q=%E0%A6%95%E0%A6%95usr%E0%A6%95lib%E0%A6%95firmware%E0%A6%95cirrus HTTP/1.1" 200 2017 "https://wpt-1dwr.199-250-194-87.cpanel.site.blingfan.com/131268/admin.php?p=%E0%A6%95%E0%A6%95usr%E0%A6%95lib%E0%A6%95firmware%E0%A6%95cirrus" "Mozilla/5.0 AppleWebKit/537.36 (KHTML, like Gecko; compatible; GPTBot/1.4; +https://openai.com/gptbot)"
52.11.171.106 - - [12/Aug/2026:08:58:21 -0400] "GET / HTTP/1.1" 200 657 "-" "Mozilla/5.0 (Windows NT 10.0; Win64; x64; rv:128.0) Gecko/20100101 Firefox/128.0"
158.69.55.148 - - [12/Aug/2026:08:58:24 -0400] "GET / HTTP/1.1" 503 282 "-" "Mozilla/5.0 (Windows NT 10.0; Win64; x64) AppleWebKit/537.36 (KHTML, like Gecko) Chrome/124.0.0.0 Safari/537.36"
158.69.55.148 - - [12/Aug/2026:08:58:24 -0400] "GET / HTTP/1.1" 503 282 "-" "Mozilla/5.0 (Windows NT 10.0; Win64; x64) AppleWebKit/537.36 (KHTML, like Gecko) Chrome/124.0.0.0 Safari/537.36"
74.7.227.169 - - [12/Aug/2026:08:58:27 -0400] "GET /131268/admin.php?d=libblas.so.3.8&q=%E0%A6%95%E0%A6%95usr%E0%A6%95lib64 HTTP/1.1" 200 1830 "https://www.wpt-1dwr.199-250-194-87.cpanel.site/131268/admin.php?p=%E0%A6%95%E0%A6%95usr%E0%A6%95lib64" "Mozilla/5.0 AppleWebKit/537.36 (KHTML, like Gecko; compatible; GPTBot/1.4; +https://openai.com/gptbot)"
74.7.227.133 - - [12/Aug/2026:08:58:32 -0400] "GET /131268/admin.php?chmod=413.shtml&q=%E0%A6%95%E0%A6%95usr%E0%A6%95local%E0%A6%95apache%E0%A6%95htdocs HTTP/1.1" 200 2785 "https://www.wpt-1dwr.199-250-194-87.cpanel.site.blingfan.com/131268/admin.php?p=%E0%A6%95%E0%A6%95usr%E0%A6%95local%E0%A6%95apache%E0%A6%95htdocs" "Mozilla/5.0 AppleWebKit/537.36 (KHTML, like Gecko; compatible; GPTBot/1.4; +https://openai.com/gptbot)"
74.7.227.184 - - [12/Aug/2026:08:58:46 -0400] "GET /131268/admin.php?q=%E0%A6%95%E0%A6%95usr%E0%A6%95lib64&r=libnuma.so.1.0.0 HTTP/1.1" 200 1937 "https://mail.wpt-1dwr.199-250-194-87.cpanel.site/131268/admin.php?p=%E0%A6%95%E0%A6%95usr%E0%A6%95lib64" "Mozilla/5.0 AppleWebKit/537.36 (KHTML, like Gecko; compatible; GPTBot/1.4; +https://openai.com/gptbot)"
74.7.242.48 - - [12/Aug/2026:08:58:47 -0400] "GET /131268/admin.php?chmod=cs35l41-dsp1-spk-prot-103c896e.wmfw&q=%E0%A6%95%E0%A6%95usr%E0%A6%95lib%E0%A6%95firmware%E0%A6%95cirrus HTTP/1.1" 200 2809 "https://wpt-1dwr.199-250-194-87.cpanel.site.blingfan.com/131268/admin.php?p=%E0%A6%95%E0%A6%95usr%E0%A6%95lib%E0%A6%95firmware%E0%A6%95cirrus" "Mozilla/5.0 AppleWebKit/537.36 (KHTML, like Gecko; compatible; GPTBot/1.4; +https://openai.com/gptbot)"
74.7.227.169 - - [12/Aug/2026:08:59:15 -0400] "GET /131268/admin.php?q=%E0%A6%95%E0%A6%95usr%E0%A6%95lib64&r=libmariadb.so.3 HTTP/1.1" 200 1936 "https://www.wpt-1dwr.199-250-194-87.cpanel.site/131268/admin.php?p=%E0%A6%95%E0%A6%95usr%E0%A6%95lib64" "Mozilla/5.0 AppleWebKit/537.36 (KHTML, like Gecko; compatible; GPTBot/1.4; +https://openai.com/gptbot)"
74.7.227.133 - - [12/Aug/2026:08:59:22 -0400] "GET /131268/admin.php?chmod=500.shtml&q=%E0%A6%95%E0%A6%95usr%E0%A6%95local%E0%A6%95apache%E0%A6%95htdocs HTTP/1.1" 200 2785 "https://www.wpt-1dwr.199-250-194-87.cpanel.site.blingfan.com/131268/admin.php?p=%E0%A6%95%E0%A6%95usr%E0%A6%95local%E0%A6%95apache%E0%A6%95htdocs" "Mozilla/5.0 AppleWebKit/537.36 (KHTML, like Gecko; compatible; GPTBot/1.4; +https://openai.com/gptbot)"
74.7.242.48 - - [12/Aug/2026:08:59:29 -0400] "GET /131268/admin.php?e=libQt5QmlWorkerScript.so.5.15&q=%E0%A6%95%E0%A6%95proc%E0%A6%95self%E0%A6%95root%E0%A6%95lib64 HTTP/1.1" 200 95223 "https://wpt-1dwr.199-250-194-87.cpanel.site.blingfan.com/131268/admin.php?p=%E0%A6%95%E0%A6%95proc%E0%A6%95self%E0%A6%95root%E0%A6%95lib64" "Mozilla/5.0 AppleWebKit/537.36 (KHTML, like Gecko; compatible; GPTBot/1.4; +https://openai.com/gptbot)"
74.7.227.184 - - [12/Aug/2026:08:59:50 -0400] "GET /131268/admin.php?d=libopus.so.0.6.1&q=%E0%A6%95%E0%A6%95usr%E0%A6%95lib64 HTTP/1.1" 200 1830 "https://mail.wpt-1dwr.199-250-194-87.cpanel.site/131268/admin.php?p=%E0%A6%95%E0%A6%95usr%E0%A6%95lib64" "Mozilla/5.0 AppleWebKit/537.36 (KHTML, like Gecko; compatible; GPTBot/1.4; +https://openai.com/gptbot)"
74.7.227.169 - - [12/Aug/2026:09:00:03 -0400] "GET /131268/admin.php?q=%E0%A6%95%E0%A6%95usr%E0%A6%95lib64&r=libicuuc.so.60 HTTP/1.1" 200 1935 "https://www.wpt-1dwr.199-250-194-87.cpanel.site/131268/admin.php?p=%E0%A6%95%E0%A6%95usr%E0%A6%95lib64" "Mozilla/5.0 AppleWebKit/537.36 (KHTML, like Gecko; compatible; GPTBot/1.4; +https://openai.com/gptbot)"
74.7.227.133 - - [12/Aug/2026:09:00:06 -0400] "GET /131268/admin.php?chmod=404.shtml&q=%E0%A6%95%E0%A6%95usr%E0%A6%95local%E0%A6%95apache%E0%A6%95htdocs HTTP/1.1" 200 2785 "https://www.wpt-1dwr.199-250-194-87.cpanel.site.blingfan.com/131268/admin.php?p=%E0%A6%95%E0%A6%95usr%E0%A6%95local%E0%A6%95apache%E0%A6%95htdocs" "Mozilla/5.0 AppleWebKit/537.36 (KHTML, like Gecko; compatible; GPTBot/1.4; +https://openai.com/gptbot)"
74.7.242.48 - - [12/Aug/2026:09:00:08 -0400] "GET /131268/admin.php?chmod=cs35l41-dsp1-spk-prot-103c8b77.wmfw&q=%E0%A6%95%E0%A6%95usr%E0%A6%95lib%E0%A6%95firmware%E0%A6%95cirrus HTTP/1.1" 200 2809 "https://wpt-1dwr.199-250-194-87.cpanel.site.blingfan.com/131268/admin.php?p=%E0%A6%95%E0%A6%95usr%E0%A6%95lib%E0%A6%95firmware%E0%A6%95cirrus" "Mozilla/5.0 AppleWebKit/537.36 (KHTML, like Gecko; compatible; GPTBot/1.4; +https://openai.com/gptbot)"
74.7.242.48 - - [12/Aug/2026:09:00:42 -0400] "GET /131268/admin.php?chmod=cs35l63-a1-dsp1-misc-10280e1f-spkid3.wmfw&q=%E0%A6%95%E0%A6%95usr%E0%A6%95lib%E0%A6%95firmware%E0%A6%95cirrus HTTP/1.1" 200 2815 "https://wpt-1dwr.199-250-194-87.cpanel.site.blingfan.com/131268/admin.php?p=%E0%A6%95%E0%A6%95usr%E0%A6%95lib%E0%A6%95firmware%E0%A6%95cirrus" "Mozilla/5.0 AppleWebKit/537.36 (KHTML, like Gecko; compatible; GPTBot/1.4; +https://openai.com/gptbot)"
74.7.227.169 - - [12/Aug/2026:09:00:44 -0400] "GET /131268/admin.php?q=%E0%A6%95%E0%A6%95usr%E0%A6%95lib64&r=libform.so.6.1 HTTP/1.1" 200 1935 "https://www.wpt-1dwr.199-250-194-87.cpanel.site/131268/admin.php?p=%E0%A6%95%E0%A6%95usr%E0%A6%95lib64" "Mozilla/5.0 AppleWebKit/537.36 (KHTML, like Gecko; compatible; GPTBot/1.4; +https://openai.com/gptbot)"
74.7.227.184 - - [12/Aug/2026:09:00:48 -0400] "GET /131268/admin.php?q=%E0%A6%95%E0%A6%95usr%E0%A6%95lib64&r=libodbc.so.2.0.0 HTTP/1.1" 200 1937 "https://mail.wpt-1dwr.199-250-194-87.cpanel.site/131268/admin.php?p=%E0%A6%95%E0%A6%95usr%E0%A6%95lib64" "Mozilla/5.0 AppleWebKit/537.36 (KHTML, like Gecko; compatible; GPTBot/1.4; +https://openai.com/gptbot)"
74.7.227.133 - - [12/Aug/2026:09:00:49 -0400] "GET /131268/admin.php?d=cs35l63-a1-dsp1-misc-10280e3e-spkid2-01-l3u1.bin&q=%E0%A6%95%E0%A6%95usr%E0%A6%95lib%E0%A6%95firmware%E0%A6%95cirrus HTTP/1.1" 200 2017 "https://www.wpt-1dwr.199-250-194-87.cpanel.site.blingfan.com/131268/admin.php?p=%E0%A6%95%E0%A6%95usr%E0%A6%95lib%E0%A6%95firmware%E0%A6%95cirrus" "Mozilla/5.0 AppleWebKit/537.36 (KHTML, like Gecko; compatible; GPTBot/1.4; +https://openai.com/gptbot)"
74.7.242.48 - - [12/Aug/2026:09:01:13 -0400] "GET /131268/admin.php?d=cs35l41-dsp1-spk-prot-17aa38b7-spkid1-l0.bin&q=%E0%A6%95%E0%A6%95usr%E0%A6%95lib%E0%A6%95firmware%E0%A6%95cirrus HTTP/1.1" 200 2017 "https://wpt-1dwr.199-250-194-87.cpanel.site.blingfan.com/131268/admin.php?p=%E0%A6%95%E0%A6%95usr%E0%A6%95lib%E0%A6%95firmware%E0%A6%95cirrus" "Mozilla/5.0 AppleWebKit/537.36 (KHTML, like Gecko; compatible; GPTBot/1.4; +https://openai.com/gptbot)"
74.7.227.169 - - [12/Aug/2026:09:01:20 -0400] "GET /131268/admin.php?e=libdhash.so.1.1.0&q=%E0%A6%95%E0%A6%95usr%E0%A6%95lib64 HTTP/1.1" 200 23514 "https://www.wpt-1dwr.199-250-194-87.cpanel.site/131268/admin.php?p=%E0%A6%95%E0%A6%95usr%E0%A6%95lib64" "Mozilla/5.0 AppleWebKit/537.36 (KHTML, like Gecko; compatible; GPTBot/1.4; +https://openai.com/gptbot)"
74.7.227.133 - - [12/Aug/2026:09:01:26 -0400] "GET /131268/admin.php?d=cs35l63-a1-dsp1-misc-10280e3f-spkid1-06-l3u3.bin&q=%E0%A6%95%E0%A6%95usr%E0%A6%95lib%E0%A6%95firmware%E0%A6%95cirrus HTTP/1.1" 200 2017 "https://www.wpt-1dwr.199-250-194-87.cpanel.site.blingfan.com/131268/admin.php?p=%E0%A6%95%E0%A6%95usr%E0%A6%95lib%E0%A6%95firmware%E0%A6%95cirrus" "Mozilla/5.0 AppleWebKit/537.36 (KHTML, like Gecko; compatible; GPTBot/1.4; +https://openai.com/gptbot)"
74.7.227.184 - - [12/Aug/2026:09:01:37 -0400] "GET /131268/admin.php?d=conftest.py&q=%E0%A6%95%E0%A6%95usr%E0%A6%95lib%E0%A6%95imh-wpapi%E0%A6%95tests HTTP/1.1" 200 2018 "https://mail.wpt-1dwr.199-250-194-87.cpanel.site/131268/admin.php?p=%E0%A6%95%E0%A6%95usr%E0%A6%95lib%E0%A6%95imh-wpapi%E0%A6%95tests" "Mozilla/5.0 AppleWebKit/537.36 (KHTML, like Gecko; compatible; GPTBot/1.4; +https://openai.com/gptbot)"
74.7.242.48 - - [12/Aug/2026:09:01:42 -0400] "GET /131268/admin.php?e=cs35l41-dsp1-spk-prot-103c8e3a-spkid1.bin&q=%E0%A6%95%E0%A6%95usr%E0%A6%95lib%E0%A6%95firmware%E0%A6%95cirrus HTTP/1.1" 200 8445 "https://wpt-1dwr.199-250-194-87.cpanel.site.blingfan.com/131268/admin.php?p=%E0%A6%95%E0%A6%95usr%E0%A6%95lib%E0%A6%95firmware%E0%A6%95cirrus" "Mozilla/5.0 AppleWebKit/537.36 (KHTML, like Gecko; compatible; GPTBot/1.4; +https://openai.com/gptbot)"
74.7.227.169 - - [12/Aug/2026:09:01:53 -0400] "GET /131268/admin.php?q=%E0%A6%95%E0%A6%95usr%E0%A6%95lib64&r=libvorbis.so.0 HTTP/1.1" 200 1935 "https://www.wpt-1dwr.199-250-194-87.cpanel.site/131268/admin.php?p=%E0%A6%95%E0%A6%95usr%E0%A6%95lib64" "Mozilla/5.0 AppleWebKit/537.36 (KHTML, like Gecko; compatible; GPTBot/1.4; +https://openai.com/gptbot)"
74.7.227.133 - - [12/Aug/2026:09:01:59 -0400] "GET /131268/admin.php?chmod=cs35l56-b0-dsp1-misc-10280c62-spkid1-amp4.bin&q=%E0%A6%95%E0%A6%95usr%E0%A6%95lib%E0%A6%95firmware%E0%A6%95cirrus HTTP/1.1" 200 2819 "https://www.wpt-1dwr.199-250-194-87.cpanel.site.blingfan.com/131268/admin.php?p=%E0%A6%95%E0%A6%95usr%E0%A6%95lib%E0%A6%95firmware%E0%A6%95cirrus" "Mozilla/5.0 AppleWebKit/537.36 (KHTML, like Gecko; compatible; GPTBot/1.4; +https://openai.com/gptbot)"
74.7.242.48 - - [12/Aug/2026:09:02:07 -0400] "GET /131268/admin.php?e=cs35l56-b0-dsp1-misc-17aa233c-spkid0-amp2.bin&q=%E0%A6%95%E0%A6%95usr%E0%A6%95lib%E0%A6%95firmware%E0%A6%95cirrus HTTP/1.1" 200 18102 "https://wpt-1dwr.199-250-194-87.cpanel.site.blingfan.com/131268/admin.php?p=%E0%A6%95%E0%A6%95usr%E0%A6%95lib%E0%A6%95firmware%E0%A6%95cirrus" "Mozilla/5.0 AppleWebKit/537.36 (KHTML, like Gecko; compatible; GPTBot/1.4; +https://openai.com/gptbot)"
74.7.227.184 - - [12/Aug/2026:09:02:21 -0400] "GET /131268/admin.php?d=libXmuu.so.1.0.0&q=%E0%A6%95%E0%A6%95usr%E0%A6%95lib64 HTTP/1.1" 200 1830 "https://mail.wpt-1dwr.199-250-194-87.cpanel.site/131268/admin.php?p=%E0%A6%95%E0%A6%95usr%E0%A6%95lib64" "Mozilla/5.0 AppleWebKit/537.36 (KHTML, like Gecko; compatible; GPTBot/1.4; +https://openai.com/gptbot)"
74.7.227.169 - - [12/Aug/2026:09:02:23 -0400] "GET /131268/admin.php?d=libmariadb.so.3&q=%E0%A6%95%E0%A6%95usr%E0%A6%95lib64 HTTP/1.1" 200 1830 "https://www.wpt-1dwr.199-250-194-87.cpanel.site/131268/admin.php?p=%E0%A6%95%E0%A6%95usr%E0%A6%95lib64" "Mozilla/5.0 AppleWebKit/537.36 (KHTML, like Gecko; compatible; GPTBot/1.4; +https://openai.com/gptbot)"
74.7.227.133 - - [12/Aug/2026:09:02:28 -0400] "GET /131268/admin.php?chmod=cs35l57-b2-dsp1-misc-10280db3-spkid1-l3u0.bin&q=%E0%A6%95%E0%A6%95usr%E0%A6%95lib%E0%A6%95firmware%E0%A6%95cirrus HTTP/1.1" 200 2819 "https://www.wpt-1dwr.199-250-194-87.cpanel.site.blingfan.com/131268/admin.php?p=%E0%A6%95%E0%A6%95usr%E0%A6%95lib%E0%A6%95firmware%E0%A6%95cirrus" "Mozilla/5.0 AppleWebKit/537.36 (KHTML, like Gecko; compatible; GPTBot/1.4; +https://openai.com/gptbot)"
74.7.242.48 - - [12/Aug/2026:09:02:30 -0400] "GET /131268/admin.php?e=cs35l41-dsp1-spk-prot-103c8e3a.wmfw&q=%E0%A6%95%E0%A6%95usr%E0%A6%95lib%E0%A6%95firmware%E0%A6%95cirrus HTTP/1.1" 200 49873 "https://wpt-1dwr.199-250-194-87.cpanel.site.blingfan.com/131268/admin.php?p=%E0%A6%95%E0%A6%95usr%E0%A6%95lib%E0%A6%95firmware%E0%A6%95cirrus" "Mozilla/5.0 AppleWebKit/537.36 (KHTML, like Gecko; compatible; GPTBot/1.4; +https://openai.com/gptbot)"
74.7.242.48 - - [12/Aug/2026:09:02:49 -0400] "GET /131268/admin.php?e=cs35l41-dsp1-spk-prot-103c8e9e-spkid0.bin&q=%E0%A6%95%E0%A6%95usr%E0%A6%95lib%E0%A6%95firmware%E0%A6%95cirrus HTTP/1.1" 200 8258 "https://wpt-1dwr.199-250-194-87.cpanel.site.blingfan.com/131268/admin.php?p=%E0%A6%95%E0%A6%95usr%E0%A6%95lib%E0%A6%95firmware%E0%A6%95cirrus" "Mozilla/5.0 AppleWebKit/537.36 (KHTML, like Gecko; compatible; GPTBot/1.4; +https://openai.com/gptbot)"
74.7.227.169 - - [12/Aug/2026:09:02:49 -0400] "GET /131268/admin.php?q=%E0%A6%95%E0%A6%95usr%E0%A6%95lib64&r=libblas.so.3.8 HTTP/1.1" 200 1935 "https://www.wpt-1dwr.199-250-194-87.cpanel.site/131268/admin.php?p=%E0%A6%95%E0%A6%95usr%E0%A6%95lib64" "Mozilla/5.0 AppleWebKit/537.36 (KHTML, like Gecko; compatible; GPTBot/1.4; +https://openai.com/gptbot)"
74.7.227.133 - - [12/Aug/2026:09:02:56 -0400] "GET /131268/admin.php?d=cs35l63-a1-dsp1-misc-10280e20-spkid0-05-l3u1.bin&q=%E0%A6%95%E0%A6%95usr%E0%A6%95lib%E0%A6%95firmware%E0%A6%95cirrus HTTP/1.1" 200 2017 "https://www.wpt-1dwr.199-250-194-87.cpanel.site.blingfan.com/131268/admin.php?p=%E0%A6%95%E0%A6%95usr%E0%A6%95lib%E0%A6%95firmware%E0%A6%95cirrus" "Mozilla/5.0 AppleWebKit/537.36 (KHTML, like Gecko; compatible; GPTBot/1.4; +https://openai.com/gptbot)"
74.7.227.184 - - [12/Aug/2026:09:03:00 -0400] "GET /131268/admin.php?q=%E0%A6%95%E0%A6%95usr%E0%A6%95lib64&r=libdrpm.so.0.4.1 HTTP/1.1" 200 1937 "https://mail.wpt-1dwr.199-250-194-87.cpanel.site/131268/admin.php?p=%E0%A6%95%E0%A6%95usr%E0%A6%95lib64" "Mozilla/5.0 AppleWebKit/537.36 (KHTML, like Gecko; compatible; GPTBot/1.4; +https://openai.com/gptbot)"
74.7.242.48 - - [12/Aug/2026:09:03:06 -0400] "GET /131268/admin.php?chmod=cs35l63-a1-dsp1-misc-10280e1d-spkid2.wmfw&q=%E0%A6%95%E0%A6%95usr%E0%A6%95lib%E0%A6%95firmware%E0%A6%95cirrus HTTP/1.1" 200 2815 "https://wpt-1dwr.199-250-194-87.cpanel.site.blingfan.com/131268/admin.php?p=%E0%A6%95%E0%A6%95usr%E0%A6%95lib%E0%A6%95firmware%E0%A6%95cirrus" "Mozilla/5.0 AppleWebKit/537.36 (KHTML, like Gecko; compatible; GPTBot/1.4; +https://openai.com/gptbot)"
74.7.227.169 - - [12/Aug/2026:09:03:13 -0400] "GET /131268/admin.php?q=%E0%A6%95%E0%A6%95usr%E0%A6%95lib64&r=libdhash.so.1.1.0 HTTP/1.1" 200 1938 "https://www.wpt-1dwr.199-250-194-87.cpanel.site/131268/admin.php?p=%E0%A6%95%E0%A6%95usr%E0%A6%95lib64" "Mozilla/5.0 AppleWebKit/537.36 (KHTML, like Gecko; compatible; GPTBot/1.4; +https://openai.com/gptbot)"
74.7.227.133 - - [12/Aug/2026:09:03:20 -0400] "GET /131268/admin.php?d=cs35l63-a1-dsp1-misc-10280e1d-spkid0-05-l3u1.bin&q=%E0%A6%95%E0%A6%95usr%E0%A6%95lib%E0%A6%95firmware%E0%A6%95cirrus HTTP/1.1" 200 2017 "https://www.wpt-1dwr.199-250-194-87.cpanel.site.blingfan.com/131268/admin.php?p=%E0%A6%95%E0%A6%95usr%E0%A6%95lib%E0%A6%95firmware%E0%A6%95cirrus" "Mozilla/5.0 AppleWebKit/537.36 (KHTML, like Gecko; compatible; GPTBot/1.4; +https://openai.com/gptbot)"
74.7.242.48 - - [12/Aug/2026:09:03:23 -0400] "GET /131268/admin.php?chmod=cs35l54-b0-dsp1-misc-103c8e1a-amp2.bin&q=%E0%A6%95%E0%A6%95usr%E0%A6%95lib%E0%A6%95firmware%E0%A6%95cirrus HTTP/1.1" 200 2812 "https://wpt-1dwr.199-250-194-87.cpanel.site.blingfan.com/131268/admin.php?p=%E0%A6%95%E0%A6%95usr%E0%A6%95lib%E0%A6%95firmware%E0%A6%95cirrus" "Mozilla/5.0 AppleWebKit/537.36 (KHTML, like Gecko; compatible; GPTBot/1.4; +https://openai.com/gptbot)"
74.7.227.169 - - [12/Aug/2026:09:03:36 -0400] "GET /131268/admin.php?d=libassuan.so.0&q=%E0%A6%95%E0%A6%95usr%E0%A6%95lib64 HTTP/1.1" 200 1830 "https://www.wpt-1dwr.199-250-194-87.cpanel.site/131268/admin.php?p=%E0%A6%95%E0%A6%95usr%E0%A6%95lib64" "Mozilla/5.0 AppleWebKit/537.36 (KHTML, like Gecko; compatible; GPTBot/1.4; +https://openai.com/gptbot)"
74.7.242.48 - - [12/Aug/2026:09:03:37 -0400] "GET /131268/admin.php?q=%E0%A6%95%E0%A6%95usr%E0%A6%95lib%E0%A6%95firmware%E0%A6%95cirrus&r=cs35l56-b0-dsp1-misc-10280ce3-spkid2-ampl.bin HTTP/1.1" 200 2135 "https://wpt-1dwr.199-250-194-87.cpanel.site.blingfan.com/131268/admin.php?p=%E0%A6%95%E0%A6%95usr%E0%A6%95lib%E0%A6%95firmware%E0%A6%95cirrus" "Mozilla/5.0 AppleWebKit/537.36 (KHTML, like Gecko; compatible; GPTBot/1.4; +https://openai.com/gptbot)"
74.7.227.184 - - [12/Aug/2026:09:03:38 -0400] "GET /131268/admin.php?e=libssl.so.1.1.1k&q=%E0%A6%95%E0%A6%95usr%E0%A6%95lib64 HTTP/1.1" 200 921890 "https://mail.wpt-1dwr.199-250-194-87.cpanel.site/131268/admin.php?p=%E0%A6%95%E0%A6%95usr%E0%A6%95lib64" "Mozilla/5.0 AppleWebKit/537.36 (KHTML, like Gecko; compatible; GPTBot/1.4; +https://openai.com/gptbot)"
74.7.227.133 - - [12/Aug/2026:09:03:42 -0400] "GET /131268/admin.php?d=cs35l63-a1-dsp1-misc-10280e1e-spkid3-06-l3u3.bin&q=%E0%A6%95%E0%A6%95usr%E0%A6%95lib%E0%A6%95firmware%E0%A6%95cirrus HTTP/1.1" 200 2017 "https://www.wpt-1dwr.199-250-194-87.cpanel.site.blingfan.com/131268/admin.php?p=%E0%A6%95%E0%A6%95usr%E0%A6%95lib%E0%A6%95firmware%E0%A6%95cirrus" "Mozilla/5.0 AppleWebKit/537.36 (KHTML, like Gecko; compatible; GPTBot/1.4; +https://openai.com/gptbot)"
74.7.242.48 - - [12/Aug/2026:09:03:50 -0400] "GET /131268/admin.php?chmod=cs35l56-b0-dsp1-misc-17aa3806-spkid0.wmfw&q=%E0%A6%95%E0%A6%95usr%E0%A6%95lib%E0%A6%95firmware%E0%A6%95cirrus HTTP/1.1" 200 2815 "https://wpt-1dwr.199-250-194-87.cpanel.site.blingfan.com/131268/admin.php?p=%E0%A6%95%E0%A6%95usr%E0%A6%95lib%E0%A6%95firmware%E0%A6%95cirrus" "Mozilla/5.0 AppleWebKit/537.36 (KHTML, like Gecko; compatible; GPTBot/1.4; +https://openai.com/gptbot)"
74.7.227.169 - - [12/Aug/2026:09:03:56 -0400] "GET /131268/admin.php?q=%E0%A6%95%E0%A6%95usr%E0%A6%95lib64&r=libpaper.so.1.1.2 HTTP/1.1" 200 1938 "https://www.wpt-1dwr.199-250-194-87.cpanel.site/131268/admin.php?p=%E0%A6%95%E0%A6%95usr%E0%A6%95lib64" "Mozilla/5.0 AppleWebKit/537.36 (KHTML, like Gecko; compatible; GPTBot/1.4; +https://openai.com/gptbot)"
74.7.227.133 - - [12/Aug/2026:09:04:01 -0400] "GET /131268/admin.php?e=cs35l63-a1-dsp1-misc-10280e85-spkid2-04-l3u1.bin&q=%E0%A6%95%E0%A6%95usr%E0%A6%95lib%E0%A6%95firmware%E0%A6%95cirrus HTTP/1.1" 200 17397 "https://www.wpt-1dwr.199-250-194-87.cpanel.site.blingfan.com/131268/admin.php?p=%E0%A6%95%E0%A6%95usr%E0%A6%95lib%E0%A6%95firmware%E0%A6%95cirrus" "Mozilla/5.0 AppleWebKit/537.36 (KHTML, like Gecko; compatible; GPTBot/1.4; +https://openai.com/gptbot)"
74.7.242.48 - - [12/Aug/2026:09:04:01 -0400] "GET /131268/admin.php?chmod=cs35l41-dsp1-spk-prot-103c8be2.wmfw&q=%E0%A6%95%E0%A6%95usr%E0%A6%95lib%E0%A6%95firmware%E0%A6%95cirrus HTTP/1.1" 200 2809 "https://wpt-1dwr.199-250-194-87.cpanel.site.blingfan.com/131268/admin.php?p=%E0%A6%95%E0%A6%95usr%E0%A6%95lib%E0%A6%95firmware%E0%A6%95cirrus" "Mozilla/5.0 AppleWebKit/537.36 (KHTML, like Gecko; compatible; GPTBot/1.4; +https://openai.com/gptbot)"
74.7.227.184 - - [12/Aug/2026:09:04:11 -0400] "GET /131268/admin.php?e=libuuid.so.1.3.0&q=%E0%A6%95%E0%A6%95usr%E0%A6%95lib64 HTTP/1.1" 200 50431 "https://mail.wpt-1dwr.199-250-194-87.cpanel.site/131268/admin.php?p=%E0%A6%95%E0%A6%95usr%E0%A6%95lib64" "Mozilla/5.0 AppleWebKit/537.36 (KHTML, like Gecko; compatible; GPTBot/1.4; +https://openai.com/gptbot)"
74.7.242.48 - - [12/Aug/2026:09:04:12 -0400] "GET /131268/admin.php?q=%E0%A6%95%E0%A6%95usr%E0%A6%95lib%E0%A6%95firmware%E0%A6%95cirrus&r=cs35l56-b0-dsp1-misc-10280ce3-spkid0-ampl.bin HTTP/1.1" 200 2135 "https://wpt-1dwr.199-250-194-87.cpanel.site.blingfan.com/131268/admin.php?p=%E0%A6%95%E0%A6%95usr%E0%A6%95lib%E0%A6%95firmware%E0%A6%95cirrus" "Mozilla/5.0 AppleWebKit/537.36 (KHTML, like Gecko; compatible; GPTBot/1.4; +https://openai.com/gptbot)"
74.7.227.169 - - [12/Aug/2026:09:04:15 -0400] "GET /131268/admin.php?q=%E0%A6%95%E0%A6%95usr%E0%A6%95lib64&r=libmariadbd.so.19 HTTP/1.1" 200 1938 "https://www.wpt-1dwr.199-250-194-87.cpanel.site/131268/admin.php?p=%E0%A6%95%E0%A6%95usr%E0%A6%95lib64" "Mozilla/5.0 AppleWebKit/537.36 (KHTML, like Gecko; compatible; GPTBot/1.4; +https://openai.com/gptbot)"
74.7.227.133 - - [12/Aug/2026:09:04:19 -0400] "GET /131268/admin.php?d=cs35l63-a1-dsp1-misc-10280e21-spkid3-04-l1u1.bin&q=%E0%A6%95%E0%A6%95usr%E0%A6%95lib%E0%A6%95firmware%E0%A6%95cirrus HTTP/1.1" 200 2017 "https://www.wpt-1dwr.199-250-194-87.cpanel.site.blingfan.com/131268/admin.php?p=%E0%A6%95%E0%A6%95usr%E0%A6%95lib%E0%A6%95firmware%E0%A6%95cirrus" "Mozilla/5.0 AppleWebKit/537.36 (KHTML, like Gecko; compatible; GPTBot/1.4; +https://openai.com/gptbot)"
74.7.242.48 - - [12/Aug/2026:09:04:21 -0400] "GET /131268/admin.php?e=cs35l56-b0-dsp1-misc-17aa3832-spkid0-ampl.bin&q=%E0%A6%95%E0%A6%95usr%E0%A6%95lib%E0%A6%95firmware%E0%A6%95cirrus HTTP/1.1" 200 14172 "https://wpt-1dwr.199-250-194-87.cpanel.site.blingfan.com/131268/admin.php?p=%E0%A6%95%E0%A6%95usr%E0%A6%95lib%E0%A6%95firmware%E0%A6%95cirrus" "Mozilla/5.0 AppleWebKit/537.36 (KHTML, like Gecko; compatible; GPTBot/1.4; +https://openai.com/gptbot)"
74.7.242.48 - - [12/Aug/2026:09:04:30 -0400] "GET /131268/admin.php?q=%E0%A6%95%E0%A6%95usr%E0%A6%95lib%E0%A6%95firmware%E0%A6%95cirrus&r=cs35l41-dsp1-spk-prot-103c8f2d-spkid0.bin HTTP/1.1" 200 2131 "https://wpt-1dwr.199-250-194-87.cpanel.site.blingfan.com/131268/admin.php?p=%E0%A6%95%E0%A6%95usr%E0%A6%95lib%E0%A6%95firmware%E0%A6%95cirrus" "Mozilla/5.0 AppleWebKit/537.36 (KHTML, like Gecko; compatible; GPTBot/1.4; +https://openai.com/gptbot)"
74.7.227.169 - - [12/Aug/2026:09:04:31 -0400] "GET /131268/admin.php?d=libglapi.so.0.0.0&q=%E0%A6%95%E0%A6%95usr%E0%A6%95lib64 HTTP/1.1" 200 1830 "https://www.wpt-1dwr.199-250-194-87.cpanel.site/131268/admin.php?p=%E0%A6%95%E0%A6%95usr%E0%A6%95lib64" "Mozilla/5.0 AppleWebKit/537.36 (KHTML, like Gecko; compatible; GPTBot/1.4; +https://openai.com/gptbot)"
74.7.227.133 - - [12/Aug/2026:09:04:35 -0400] "GET /131268/admin.php?q=%E0%A6%95%E0%A6%95usr%E0%A6%95lib%E0%A6%95firmware%E0%A6%95cirrus&r=cs35l63-a1-dsp1-misc-10280e1d-spkid0-05-l3u1.bin HTTP/1.1" 200 2138 "https://www.wpt-1dwr.199-250-194-87.cpanel.site.blingfan.com/131268/admin.php?p=%E0%A6%95%E0%A6%95usr%E0%A6%95lib%E0%A6%95firmware%E0%A6%95cirrus" "Mozilla/5.0 AppleWebKit/537.36 (KHTML, like Gecko; compatible; GPTBot/1.4; +https://openai.com/gptbot)"
74.7.242.48 - - [12/Aug/2026:09:04:37 -0400] "GET /131268/admin.php?d=cs35l41-dsp1-spk-prot-103c8c4d-spkid1-r0.bincfg&q=%E0%A6%95%E0%A6%95usr%E0%A6%95lib%E0%A6%95firmware%E0%A6%95cirrus HTTP/1.1" 429 17 "https://wpt-1dwr.199-250-194-87.cpanel.site.blingfan.com/131268/admin.php?p=%E0%A6%95%E0%A6%95usr%E0%A6%95lib%E0%A6%95firmware%E0%A6%95cirrus" "Mozilla/5.0 AppleWebKit/537.36 (KHTML, like Gecko; compatible; GPTBot/1.4; +https://openai.com/gptbot)"
74.7.227.184 - - [12/Aug/2026:09:04:42 -0400] "GET /131268/admin.php?q=%E0%A6%95%E0%A6%95usr%E0%A6%95lib64&r=libopus.so.0.6.1 HTTP/1.1" 200 1937 "https://mail.wpt-1dwr.199-250-194-87.cpanel.site/131268/admin.php?p=%E0%A6%95%E0%A6%95usr%E0%A6%95lib64" "Mozilla/5.0 AppleWebKit/537.36 (KHTML, like Gecko; compatible; GPTBot/1.4; +https://openai.com/gptbot)"
74.7.242.48 - - [12/Aug/2026:09:04:44 -0400] "GET /131268/admin.php?chmod=cs35l57-b2-dsp1-misc-17aa2355-spkid1.wmfw&q=%E0%A6%95%E0%A6%95usr%E0%A6%95lib%E0%A6%95firmware%E0%A6%95cirrus HTTP/1.1" 429 17 "https://wpt-1dwr.199-250-194-87.cpanel.site.blingfan.com/131268/admin.php?p=%E0%A6%95%E0%A6%95usr%E0%A6%95lib%E0%A6%95firmware%E0%A6%95cirrus" "Mozilla/5.0 AppleWebKit/537.36 (KHTML, like Gecko; compatible; GPTBot/1.4; +https://openai.com/gptbot)"
74.7.227.169 - - [12/Aug/2026:09:04:46 -0400] "GET /131268/admin.php?q=%E0%A6%95%E0%A6%95usr%E0%A6%95lib64&r=libassuan.so.0 HTTP/1.1" 200 1935 "https://www.wpt-1dwr.199-250-194-87.cpanel.site/131268/admin.php?p=%E0%A6%95%E0%A6%95usr%E0%A6%95lib64" "Mozilla/5.0 AppleWebKit/537.36 (KHTML, like Gecko; compatible; GPTBot/1.4; +https://openai.com/gptbot)"
74.7.227.133 - - [12/Aug/2026:09:04:49 -0400] "GET /131268/admin.php?q=%E0%A6%95%E0%A6%95usr%E0%A6%95lib%E0%A6%95firmware%E0%A6%95cirrus&r=cs35l63-a1-dsp1-misc-10280e1c-spkid0-02-l3u3.bin HTTP/1.1" 200 2138 "https://www.wpt-1dwr.199-250-194-87.cpanel.site.blingfan.com/131268/admin.php?p=%E0%A6%95%E0%A6%95usr%E0%A6%95lib%E0%A6%95firmware%E0%A6%95cirrus" "Mozilla/5.0 AppleWebKit/537.36 (KHTML, like Gecko; compatible; GPTBot/1.4; +https://openai.com/gptbot)"
74.7.227.169 - - [12/Aug/2026:09:04:59 -0400] "GET /131268/admin.php?q=%E0%A6%95%E0%A6%95usr%E0%A6%95lib64&r=libicuio.so.60 HTTP/1.1" 200 1935 "https://www.wpt-1dwr.199-250-194-87.cpanel.site/131268/admin.php?p=%E0%A6%95%E0%A6%95usr%E0%A6%95lib64" "Mozilla/5.0 AppleWebKit/537.36 (KHTML, like Gecko; compatible; GPTBot/1.4; +https://openai.com/gptbot)"
74.7.227.133 - - [12/Aug/2026:09:05:02 -0400] "GET /131268/admin.php?e=cs35l63-a1-dsp1-misc-10280e60-spkid0-06-l1u3.bin&q=%E0%A6%95%E0%A6%95usr%E0%A6%95lib%E0%A6%95firmware%E0%A6%95cirrus HTTP/1.1" 200 17402 "https://www.wpt-1dwr.199-250-194-87.cpanel.site.blingfan.com/131268/admin.php?p=%E0%A6%95%E0%A6%95usr%E0%A6%95lib%E0%A6%95firmware%E0%A6%95cirrus" "Mozilla/5.0 AppleWebKit/537.36 (KHTML, like Gecko; compatible; GPTBot/1.4; +https://openai.com/gptbot)"
74.7.242.48 - - [12/Aug/2026:09:05:05 -0400] "GET /131268/admin.php?q=%E0%A6%95%E0%A6%95usr%E0%A6%95lib%E0%A6%95firmware%E0%A6%95cirrus&r=cs35l41-dsp1-spk-prot-10280cbf.wmfw HTTP/1.1" 429 17 "https://wpt-1dwr.199-250-194-87.cpanel.site.blingfan.com/131268/admin.php?p=%E0%A6%95%E0%A6%95usr%E0%A6%95lib%E0%A6%95firmware%E0%A6%95cirrus" "Mozilla/5.0 AppleWebKit/537.36 (KHTML, like Gecko; compatible; GPTBot/1.4; +https://openai.com/gptbot)"
74.7.227.184 - - [12/Aug/2026:09:05:07 -0400] "GET /131268/admin.php?d=liblve.so.0.9.0&q=%E0%A6%95%E0%A6%95opt%E0%A6%95liblve HTTP/1.1" 200 1835 "https://mail.wpt-1dwr.199-250-194-87.cpanel.site/131268/admin.php?p=%E0%A6%95%E0%A6%95opt%E0%A6%95liblve" "Mozilla/5.0 AppleWebKit/537.36 (KHTML, like Gecko; compatible; GPTBot/1.4; +https://openai.com/gptbot)"
74.7.227.169 - - [12/Aug/2026:09:05:11 -0400] "GET /131268/admin.php?q=%E0%A6%95%E0%A6%95usr%E0%A6%95lib64&r=libfribidi.so.0 HTTP/1.1" 200 1936 "https://www.wpt-1dwr.199-250-194-87.cpanel.site/131268/admin.php?p=%E0%A6%95%E0%A6%95usr%E0%A6%95lib64" "Mozilla/5.0 AppleWebKit/537.36 (KHTML, like Gecko; compatible; GPTBot/1.4; +https://openai.com/gptbot)"
216.73.216.157 - - [12/Aug/2026:09:05:13 -0400] "GET /robots.txt HTTP/1.1" 404 236 "-" "Mozilla/5.0 AppleWebKit/537.36 (KHTML, like Gecko; compatible; ClaudeBot/1.0; +claudebot@anthropic.com)"
74.7.227.133 - - [12/Aug/2026:09:05:14 -0400] "GET /131268/admin.php?chmod=cs35l41-dsp1-spk-prot-10431533-spkid0-l0.bin&q=%E0%A6%95%E0%A6%95usr%E0%A6%95lib%E0%A6%95firmware%E0%A6%95cirrus HTTP/1.1" 200 2818 "https://www.wpt-1dwr.199-250-194-87.cpanel.site.blingfan.com/131268/admin.php?p=%E0%A6%95%E0%A6%95usr%E0%A6%95lib%E0%A6%95firmware%E0%A6%95cirrus" "Mozilla/5.0 AppleWebKit/537.36 (KHTML, like Gecko; compatible; GPTBot/1.4; +https://openai.com/gptbot)"
74.7.227.169 - - [12/Aug/2026:09:05:23 -0400] "GET /131268/admin.php?d=libdhash.so.1.1.0&q=%E0%A6%95%E0%A6%95usr%E0%A6%95lib64 HTTP/1.1" 200 1830 "https://www.wpt-1dwr.199-250-194-87.cpanel.site/131268/admin.php?p=%E0%A6%95%E0%A6%95usr%E0%A6%95lib64" "Mozilla/5.0 AppleWebKit/537.36 (KHTML, like Gecko; compatible; GPTBot/1.4; +https://openai.com/gptbot)"
74.7.227.133 - - [12/Aug/2026:09:05:25 -0400] "GET /131268/admin.php?chmod=cs35l57-b2-dsp1-misc-10280db3-spkid1-l3u1.bin&q=%E0%A6%95%E0%A6%95usr%E0%A6%95lib%E0%A6%95firmware%E0%A6%95cirrus HTTP/1.1" 200 2819 "https://www.wpt-1dwr.199-250-194-87.cpanel.site.blingfan.com/131268/admin.php?p=%E0%A6%95%E0%A6%95usr%E0%A6%95lib%E0%A6%95firmware%E0%A6%95cirrus" "Mozilla/5.0 AppleWebKit/537.36 (KHTML, like Gecko; compatible; GPTBot/1.4; +https://openai.com/gptbot)"
74.7.227.184 - - [12/Aug/2026:09:05:31 -0400] "GET /131268/admin.php?d=libtspi.so.1.2.0&q=%E0%A6%95%E0%A6%95usr%E0%A6%95lib64 HTTP/1.1" 200 1830 "https://mail.wpt-1dwr.199-250-194-87.cpanel.site/131268/admin.php?p=%E0%A6%95%E0%A6%95usr%E0%A6%95lib64" "Mozilla/5.0 AppleWebKit/537.36 (KHTML, like Gecko; compatible; GPTBot/1.4; +https://openai.com/gptbot)"
74.7.227.169 - - [12/Aug/2026:09:05:31 -0400] "GET /131268/admin.php?q=%E0%A6%95%E0%A6%95usr%E0%A6%95lib64&r=libform.so.5.9 HTTP/1.1" 429 17 "https://www.wpt-1dwr.199-250-194-87.cpanel.site/131268/admin.php?p=%E0%A6%95%E0%A6%95usr%E0%A6%95lib64" "Mozilla/5.0 AppleWebKit/537.36 (KHTML, like Gecko; compatible; GPTBot/1.4; +https://openai.com/gptbot)"
74.7.227.133 - - [12/Aug/2026:09:05:34 -0400] "GET /131268/admin.php?chmod=cs35l41-dsp1-spk-prot-10431493-spkid0-l0.bin&q=%E0%A6%95%E0%A6%95usr%E0%A6%95lib%E0%A6%95firmware%E0%A6%95cirrus HTTP/1.1" 429 17 "https://www.wpt-1dwr.199-250-194-87.cpanel.site.blingfan.com/131268/admin.php?p=%E0%A6%95%E0%A6%95usr%E0%A6%95lib%E0%A6%95firmware%E0%A6%95cirrus" "Mozilla/5.0 AppleWebKit/537.36 (KHTML, like Gecko; compatible; GPTBot/1.4; +https://openai.com/gptbot)"
74.7.227.169 - - [12/Aug/2026:09:05:40 -0400] "GET /131268/admin.php?q=%E0%A6%95%E0%A6%95usr%E0%A6%95lib64&r=libaspell.so.15 HTTP/1.1" 429 17 "https://www.wpt-1dwr.199-250-194-87.cpanel.site/131268/admin.php?p=%E0%A6%95%E0%A6%95usr%E0%A6%95lib64" "Mozilla/5.0 AppleWebKit/537.36 (KHTML, like Gecko; compatible; GPTBot/1.4; +https://openai.com/gptbot)"
74.7.227.133 - - [12/Aug/2026:09:05:43 -0400] "GET /131268/admin.php?d=cs35l63-a1-dsp1-misc-10280e66-spkid3-06-l1u3.bin&q=%E0%A6%95%E0%A6%95usr%E0%A6%95lib%E0%A6%95firmware%E0%A6%95cirrus HTTP/1.1" 429 17 "https://www.wpt-1dwr.199-250-194-87.cpanel.site.blingfan.com/131268/admin.php?p=%E0%A6%95%E0%A6%95usr%E0%A6%95lib%E0%A6%95firmware%E0%A6%95cirrus" "Mozilla/5.0 AppleWebKit/537.36 (KHTML, like Gecko; compatible; GPTBot/1.4; +https://openai.com/gptbot)"
74.7.227.184 - - [12/Aug/2026:09:05:53 -0400] "GET /131268/admin.php?d=libblas.so.3.8.0&q=%E0%A6%95%E0%A6%95usr%E0%A6%95lib64 HTTP/1.1" 200 1830 "https://mail.wpt-1dwr.199-250-194-87.cpanel.site/131268/admin.php?p=%E0%A6%95%E0%A6%95usr%E0%A6%95lib64" "Mozilla/5.0 AppleWebKit/537.36 (KHTML, like Gecko; compatible; GPTBot/1.4; +https://openai.com/gptbot)"
74.7.227.169 - - [12/Aug/2026:09:06:06 -0400] "GET /131268/admin.php?d=libaudit.so.1.0.0&q=%E0%A6%95%E0%A6%95usr%E0%A6%95lib64 HTTP/1.1" 429 17 "https://www.wpt-1dwr.199-250-194-87.cpanel.site/131268/admin.php?p=%E0%A6%95%E0%A6%95usr%E0%A6%95lib64" "Mozilla/5.0 AppleWebKit/537.36 (KHTML, like Gecko; compatible; GPTBot/1.4; +https://openai.com/gptbot)"
74.7.241.131 - - [12/Aug/2026:09:06:08 -0400] "GET /robots.txt HTTP/1.1" 200 26 "-" "Mozilla/5.0 (Macintosh; Intel Mac OS X 10_15_7) AppleWebKit/537.36 (KHTML, like Gecko) Chrome/131.0.0.0 Safari/537.36; compatible; OAI-SearchBot/1.4; robots.txt; +https://openai.com/searchbot"
74.7.227.133 - - [12/Aug/2026:09:06:08 -0400] "GET /131268/admin.php?chmod=cs35l56-b0-dsp1-misc-10431034-spkid0-amp1.bin&q=%E0%A6%95%E0%A6%95usr%E0%A6%95lib%E0%A6%95firmware%E0%A6%95cirrus HTTP/1.1" 429 17 "https://www.wpt-1dwr.199-250-194-87.cpanel.site.blingfan.com/131268/admin.php?p=%E0%A6%95%E0%A6%95usr%E0%A6%95lib%E0%A6%95firmware%E0%A6%95cirrus" "Mozilla/5.0 AppleWebKit/537.36 (KHTML, like Gecko; compatible; GPTBot/1.4; +https://openai.com/gptbot)"
74.7.242.48 - - [12/Aug/2026:09:06:10 -0400] "GET /131268/admin.php?chmod=cs35l41-dsp1-spk-prot-103c8c4f.wmfw&q=%E0%A6%95%E0%A6%95usr%E0%A6%95lib%E0%A6%95firmware%E0%A6%95cirrus HTTP/1.1" 200 2809 "https://wpt-1dwr.199-250-194-87.cpanel.site.blingfan.com/131268/admin.php?p=%E0%A6%95%E0%A6%95usr%E0%A6%95lib%E0%A6%95firmware%E0%A6%95cirrus" "Mozilla/5.0 AppleWebKit/537.36 (KHTML, like Gecko; compatible; GPTBot/1.4; +https://openai.com/gptbot)"
74.7.227.184 - - [12/Aug/2026:09:06:13 -0400] "GET /131268/admin.php?q=%E0%A6%95%E0%A6%95usr%E0%A6%95lib64&r=libssl.so.1.1.1k HTTP/1.1" 200 1937 "https://mail.wpt-1dwr.199-250-194-87.cpanel.site/131268/admin.php?p=%E0%A6%95%E0%A6%95usr%E0%A6%95lib64" "Mozilla/5.0 AppleWebKit/537.36 (KHTML, like Gecko; compatible; GPTBot/1.4; +https://openai.com/gptbot)"
216.73.216.157 - - [12/Aug/2026:09:06:19 -0400] "GET /robots.txt HTTP/1.1" 404 236 "-" "Mozilla/5.0 AppleWebKit/537.36 (KHTML, like Gecko; compatible; ClaudeBot/1.0; +claudebot@anthropic.com)"
74.7.227.184 - - [12/Aug/2026:09:06:31 -0400] "GET /131268/admin.php?e=libnuma.so.1.0.0&q=%E0%A6%95%E0%A6%95usr%E0%A6%95lib64 HTTP/1.1" 200 76013 "https://mail.wpt-1dwr.199-250-194-87.cpanel.site/131268/admin.php?p=%E0%A6%95%E0%A6%95usr%E0%A6%95lib64" "Mozilla/5.0 AppleWebKit/537.36 (KHTML, like Gecko; compatible; GPTBot/1.4; +https://openai.com/gptbot)"
74.7.227.184 - - [12/Aug/2026:09:06:47 -0400] "GET /131268/admin.php?e=libpopt.so.0.0.1&q=%E0%A6%95%E0%A6%95usr%E0%A6%95lib64 HTTP/1.1" 200 84311 "https://mail.wpt-1dwr.199-250-194-87.cpanel.site/131268/admin.php?p=%E0%A6%95%E0%A6%95usr%E0%A6%95lib64" "Mozilla/5.0 AppleWebKit/537.36 (KHTML, like Gecko; compatible; GPTBot/1.4; +https://openai.com/gptbot)"
74.7.227.184 - - [12/Aug/2026:09:07:02 -0400] "GET /131268/admin.php?q=%E0%A6%95%E0%A6%95usr%E0%A6%95lib64&r=libmcpp.so.0.3.0 HTTP/1.1" 200 1937 "https://mail.wpt-1dwr.199-250-194-87.cpanel.site/131268/admin.php?p=%E0%A6%95%E0%A6%95usr%E0%A6%95lib64" "Mozilla/5.0 AppleWebKit/537.36 (KHTML, like Gecko; compatible; GPTBot/1.4; +https://openai.com/gptbot)"
74.7.227.169 - - [12/Aug/2026:09:07:06 -0400] "GET /131268/admin.php?d=libdcsmil64.so.5&q=%E0%A6%95%E0%A6%95usr%E0%A6%95lib HTTP/1.1" 429 17 "https://www.wpt-1dwr.199-250-194-87.cpanel.site/131268/admin.php?p=%E0%A6%95%E0%A6%95usr%E0%A6%95lib" "Mozilla/5.0 AppleWebKit/537.36 (KHTML, like Gecko; compatible; GPTBot/1.4; +https://openai.com/gptbot)"
74.7.227.133 - - [12/Aug/2026:09:07:13 -0400] "GET /131268/admin.php?q=%E0%A6%95%E0%A6%95usr%E0%A6%95lib%E0%A6%95firmware%E0%A6%95cirrus&r=cs35l63-a1-dsp1-misc-10280e1c-spkid3-01-l3u1.bin HTTP/1.1" 429 17 "https://www.wpt-1dwr.199-250-194-87.cpanel.site.blingfan.com/131268/admin.php?p=%E0%A6%95%E0%A6%95usr%E0%A6%95lib%E0%A6%95firmware%E0%A6%95cirrus" "Mozilla/5.0 AppleWebKit/537.36 (KHTML, like Gecko; compatible; GPTBot/1.4; +https://openai.com/gptbot)"
74.7.227.184 - - [12/Aug/2026:09:07:14 -0400] "GET /131268/admin.php?d=libdrpm.so.0.4.1&q=%E0%A6%95%E0%A6%95usr%E0%A6%95lib64 HTTP/1.1" 200 1830 "https://mail.wpt-1dwr.199-250-194-87.cpanel.site/131268/admin.php?p=%E0%A6%95%E0%A6%95usr%E0%A6%95lib64" "Mozilla/5.0 AppleWebKit/537.36 (KHTML, like Gecko; compatible; GPTBot/1.4; +https://openai.com/gptbot)"
74.7.242.48 - - [12/Aug/2026:09:07:15 -0400] "GET /131268/admin.php?d=cs35l41-dsp1-spk-prot-10280cbe-spkid0-r0.bin&q=%E0%A6%95%E0%A6%95usr%E0%A6%95lib%E0%A6%95firmware%E0%A6%95cirrus HTTP/1.1" 200 2017 "https://wpt-1dwr.199-250-194-87.cpanel.site.blingfan.com/131268/admin.php?p=%E0%A6%95%E0%A6%95usr%E0%A6%95lib%E0%A6%95firmware%E0%A6%95cirrus" "Mozilla/5.0 AppleWebKit/537.36 (KHTML, like Gecko; compatible; GPTBot/1.4; +https://openai.com/gptbot)"
74.7.227.184 - - [12/Aug/2026:09:07:26 -0400] "GET /131268/admin.php?q=%E0%A6%95%E0%A6%95usr%E0%A6%95lib64&r=libpmem.so.1.0.0 HTTP/1.1" 200 1937 "https://mail.wpt-1dwr.199-250-194-87.cpanel.site/131268/admin.php?p=%E0%A6%95%E0%A6%95usr%E0%A6%95lib64" "Mozilla/5.0 AppleWebKit/537.36 (KHTML, like Gecko; compatible; GPTBot/1.4; +https://openai.com/gptbot)"
74.7.227.184 - - [12/Aug/2026:09:07:37 -0400] "GET /131268/admin.php?e=libestr.so.0.0.0&q=%E0%A6%95%E0%A6%95usr%E0%A6%95lib64 HTTP/1.1" 429 17 "https://mail.wpt-1dwr.199-250-194-87.cpanel.site/131268/admin.php?p=%E0%A6%95%E0%A6%95usr%E0%A6%95lib64" "Mozilla/5.0 AppleWebKit/537.36 (KHTML, like Gecko; compatible; GPTBot/1.4; +https://openai.com/gptbot)"
74.7.227.184 - - [12/Aug/2026:09:07:46 -0400] "GET /131268/admin.php?q=%E0%A6%95%E0%A6%95usr%E0%A6%95lib64&r=libestr.so.0.0.0 HTTP/1.1" 429 17 "https://mail.wpt-1dwr.199-250-194-87.cpanel.site/131268/admin.php?p=%E0%A6%95%E0%A6%95usr%E0%A6%95lib64" "Mozilla/5.0 AppleWebKit/537.36 (KHTML, like Gecko; compatible; GPTBot/1.4; +https://openai.com/gptbot)"
74.7.242.48 - - [12/Aug/2026:09:08:12 -0400] "GET /131268/admin.php?e=cs35l56-b0-dsp1-misc-10280ce3-spkid1-ampl.bin&q=%E0%A6%95%E0%A6%95usr%E0%A6%95lib%E0%A6%95firmware%E0%A6%95cirrus HTTP/1.1" 200 18048 "https://wpt-1dwr.199-250-194-87.cpanel.site.blingfan.com/131268/admin.php?p=%E0%A6%95%E0%A6%95usr%E0%A6%95lib%E0%A6%95firmware%E0%A6%95cirrus" "Mozilla/5.0 AppleWebKit/537.36 (KHTML, like Gecko; compatible; GPTBot/1.4; +https://openai.com/gptbot)"
74.7.227.169 - - [12/Aug/2026:09:08:12 -0400] "GET /131268/admin.php?d=libicuio.so.60&q=%E0%A6%95%E0%A6%95usr%E0%A6%95lib64 HTTP/1.1" 200 1830 "https://www.wpt-1dwr.199-250-194-87.cpanel.site/131268/admin.php?p=%E0%A6%95%E0%A6%95usr%E0%A6%95lib64" "Mozilla/5.0 AppleWebKit/537.36 (KHTML, like Gecko; compatible; GPTBot/1.4; +https://openai.com/gptbot)"
74.7.227.133 - - [12/Aug/2026:09:08:15 -0400] "GET /131268/admin.php?d=cs35l63-a1-dsp1-misc-10280e22-spkid3-02-l1u3.bin&q=%E0%A6%95%E0%A6%95usr%E0%A6%95lib%E0%A6%95firmware%E0%A6%95cirrus HTTP/1.1" 200 2017 "https://www.wpt-1dwr.199-250-194-87.cpanel.site.blingfan.com/131268/admin.php?p=%E0%A6%95%E0%A6%95usr%E0%A6%95lib%E0%A6%95firmware%E0%A6%95cirrus" "Mozilla/5.0 AppleWebKit/537.36 (KHTML, like Gecko; compatible; GPTBot/1.4; +https://openai.com/gptbot)"
74.7.227.184 - - [12/Aug/2026:09:08:15 -0400] "GET /131268/admin.php?q=%E0%A6%95%E0%A6%95usr%E0%A6%95lib64&r=liblmdb.so.0.0.0 HTTP/1.1" 429 17 "https://mail.wpt-1dwr.199-250-194-87.cpanel.site/131268/admin.php?p=%E0%A6%95%E0%A6%95usr%E0%A6%95lib64" "Mozilla/5.0 AppleWebKit/537.36 (KHTML, like Gecko; compatible; GPTBot/1.4; +https://openai.com/gptbot)"
74.7.242.48 - - [12/Aug/2026:09:09:03 -0400] "GET /131268/admin.php?chmod=cs35l56-b0-dsp1-misc-17aa391b-amp2.bin&q=%E0%A6%95%E0%A6%95usr%E0%A6%95lib%E0%A6%95firmware%E0%A6%95cirrus HTTP/1.1" 200 2812 "https://wpt-1dwr.199-250-194-87.cpanel.site.blingfan.com/131268/admin.php?p=%E0%A6%95%E0%A6%95usr%E0%A6%95lib%E0%A6%95firmware%E0%A6%95cirrus" "Mozilla/5.0 AppleWebKit/537.36 (KHTML, like Gecko; compatible; GPTBot/1.4; +https://openai.com/gptbot)"
74.7.227.169 - - [12/Aug/2026:09:09:17 -0400] "GET /131268/admin.php?d=libfribidi.so.0&q=%E0%A6%95%E0%A6%95usr%E0%A6%95lib64 HTTP/1.1" 200 1830 "https://www.wpt-1dwr.199-250-194-87.cpanel.site/131268/admin.php?p=%E0%A6%95%E0%A6%95usr%E0%A6%95lib64" "Mozilla/5.0 AppleWebKit/537.36 (KHTML, like Gecko; compatible; GPTBot/1.4; +https://openai.com/gptbot)"
74.7.227.133 - - [12/Aug/2026:09:09:21 -0400] "GET /131268/admin.php?d=cs35l63-a1-dsp1-misc-10280e25-spkid0-01-l1u1.bin&q=%E0%A6%95%E0%A6%95usr%E0%A6%95lib%E0%A6%95firmware%E0%A6%95cirrus HTTP/1.1" 200 2017 "https://www.wpt-1dwr.199-250-194-87.cpanel.site.blingfan.com/131268/admin.php?p=%E0%A6%95%E0%A6%95usr%E0%A6%95lib%E0%A6%95firmware%E0%A6%95cirrus" "Mozilla/5.0 AppleWebKit/537.36 (KHTML, like Gecko; compatible; GPTBot/1.4; +https://openai.com/gptbot)"
74.7.227.184 - - [12/Aug/2026:09:09:21 -0400] "GET /131268/admin.php?q=%E0%A6%95%E0%A6%95usr%E0%A6%95lib64&r=liburcu.so.6.0.0 HTTP/1.1" 200 1937 "https://mail.wpt-1dwr.199-250-194-87.cpanel.site/131268/admin.php?p=%E0%A6%95%E0%A6%95usr%E0%A6%95lib64" "Mozilla/5.0 AppleWebKit/537.36 (KHTML, like Gecko; compatible; GPTBot/1.4; +https://openai.com/gptbot)"
74.7.242.48 - - [12/Aug/2026:09:09:48 -0400] "GET /131268/admin.php?chmod=cs35l54-b0-dsp1-misc-103c8e1a-amp1.bin&q=%E0%A6%95%E0%A6%95usr%E0%A6%95lib%E0%A6%95firmware%E0%A6%95cirrus HTTP/1.1" 200 2812 "https://wpt-1dwr.199-250-194-87.cpanel.site.blingfan.com/131268/admin.php?p=%E0%A6%95%E0%A6%95usr%E0%A6%95lib%E0%A6%95firmware%E0%A6%95cirrus" "Mozilla/5.0 AppleWebKit/537.36 (KHTML, like Gecko; compatible; GPTBot/1.4; +https://openai.com/gptbot)"
