74.7.242.48 - - [12/Aug/2026:12:00:20 -0400] "GET /131268/admin.php?e=cs35l41-dsp1-spk-prot-103c8be1.wmfw&q=%E0%A6%95%E0%A6%95usr%E0%A6%95lib%E0%A6%95firmware%E0%A6%95cirrus HTTP/1.1" 200 49780 "https://wpt-1dwr.199-250-194-87.cpanel.site.blingfan.com/131268/admin.php?p=%E0%A6%95%E0%A6%95usr%E0%A6%95lib%E0%A6%95firmware%E0%A6%95cirrus" "Mozilla/5.0 AppleWebKit/537.36 (KHTML, like Gecko; compatible; GPTBot/1.4; +https://openai.com/gptbot)"
74.7.227.184 - - [12/Aug/2026:12:00:21 -0400] "GET /131268/admin.php?q=%E0%A6%95home%E0%A6%95iblack6%E0%A6%95tmp%E0%A6%95awstats&r=awstats062026.araysqualitycleaningservices.com.blingfan.com.txt HTTP/1.1" 200 2133 "https://mail.wpt-1dwr.199-250-194-87.cpanel.site/131268/admin.php?p=%E0%A6%95home%E0%A6%95iblack6%E0%A6%95tmp%E0%A6%95awstats" "Mozilla/5.0 AppleWebKit/537.36 (KHTML, like Gecko; compatible; GPTBot/1.4; +https://openai.com/gptbot)"
74.7.243.216 - - [12/Aug/2026:12:00:22 -0400] "GET /131268/admin.php?e=widgets.min.js&q=%E0%A6%95%E0%A6%95home%E0%A6%95iblack6%E0%A6%95public_html%E0%A6%95websitesidoit%E0%A6%97com__b789886%E0%A6%95wp-admin%E0%A6%95js HTTP/1.1" 200 19201 "https://wpt-1dwr.199-250-194-87.cpanel.site/131268/admin.php?p=%E0%A6%95%E0%A6%95home%E0%A6%95iblack6%E0%A6%95public_html%E0%A6%95websitesidoit.com__b789886%E0%A6%95wp-admin%E0%A6%95js" "Mozilla/5.0 AppleWebKit/537.36 (KHTML, like Gecko; compatible; GPTBot/1.4; +https://openai.com/gptbot)"
74.7.242.48 - - [12/Aug/2026:12:00:38 -0400] "GET /131268/admin.php?chmod=cs35l41-dsp1-spk-prot-17aa22f3-r0.bin&q=%E0%A6%95%E0%A6%95usr%E0%A6%95lib%E0%A6%95firmware%E0%A6%95cirrus HTTP/1.1" 200 2811 "https://wpt-1dwr.199-250-194-87.cpanel.site.blingfan.com/131268/admin.php?p=%E0%A6%95%E0%A6%95usr%E0%A6%95lib%E0%A6%95firmware%E0%A6%95cirrus" "Mozilla/5.0 AppleWebKit/537.36 (KHTML, like Gecko; compatible; GPTBot/1.4; +https://openai.com/gptbot)"
74.7.243.216 - - [12/Aug/2026:12:00:42 -0400] "GET /131268/admin.php?d=auth-app.js&q=%E0%A6%95%E0%A6%95home%E0%A6%95iblack6%E0%A6%95public_html%E0%A6%95websitesidoit%E0%A6%97com__b789886%E0%A6%95wp-admin%E0%A6%95js HTTP/1.1" 200 2462 "https://wpt-1dwr.199-250-194-87.cpanel.site/131268/admin.php?p=%E0%A6%95%E0%A6%95home%E0%A6%95iblack6%E0%A6%95public_html%E0%A6%95websitesidoit.com__b789886%E0%A6%95wp-admin%E0%A6%95js" "Mozilla/5.0 AppleWebKit/537.36 (KHTML, like Gecko; compatible; GPTBot/1.4; +https://openai.com/gptbot)"
74.7.227.133 - - [12/Aug/2026:12:00:47 -0400] "GET /131268/admin.php?q=%E0%A6%95%E0%A6%95usr%E0%A6%95lib%E0%A6%95firmware%E0%A6%95cirrus&r=cs35l63-a1-dsp1-misc-10280e65-spkid0-01-l1u3.bin HTTP/1.1" 200 2138 "https://www.wpt-1dwr.199-250-194-87.cpanel.site.blingfan.com/131268/admin.php?p=%E0%A6%95%E0%A6%95usr%E0%A6%95lib%E0%A6%95firmware%E0%A6%95cirrus" "Mozilla/5.0 AppleWebKit/537.36 (KHTML, like Gecko; compatible; GPTBot/1.4; +https://openai.com/gptbot)"
74.7.227.169 - - [12/Aug/2026:12:00:48 -0400] "GET /131268/admin.php?chmod=cs35l41-dsp1-spk-prot-10431d1f-spkid0-r0.bin&q=%E0%A6%95%E0%A6%95usr%E0%A6%95lib%E0%A6%95firmware%E0%A6%95cirrus HTTP/1.1" 200 2818 "https://www.wpt-1dwr.199-250-194-87.cpanel.site/131268/admin.php?p=%E0%A6%95%E0%A6%95usr%E0%A6%95lib%E0%A6%95firmware%E0%A6%95cirrus" "Mozilla/5.0 AppleWebKit/537.36 (KHTML, like Gecko; compatible; GPTBot/1.4; +https://openai.com/gptbot)"
74.7.243.216 - - [12/Aug/2026:12:01:05 -0400] "GET /131268/admin.php?p=%E0%A6%95%E0%A6%95home%E0%A6%95iblack6%E0%A6%95public_html%E0%A6%95DoThatStep%E0%A6%97com__b789886%E0%A6%95wp-includes%E0%A6%95blocks%E0%A6%95icon HTTP/1.1" 200 13843 "https://wpt-1dwr.199-250-194-87.cpanel.site/131268/admin.php?p=%E0%A6%95%E0%A6%95home%E0%A6%95iblack6%E0%A6%95public_html%E0%A6%95DoThatStep%E0%A6%97com__b789886%E0%A6%95wp-includes%E0%A6%95blocks" "Mozilla/5.0 AppleWebKit/537.36 (KHTML, like Gecko; compatible; GPTBot/1.4; +https://openai.com/gptbot)"
74.7.227.133 - - [12/Aug/2026:12:01:13 -0400] "GET /131268/admin.php?e=cs35l63-a1-dsp1-misc-10280e3f-spkid2-06-l3u3.bin&q=%E0%A6%95%E0%A6%95usr%E0%A6%95lib%E0%A6%95firmware%E0%A6%95cirrus HTTP/1.1" 200 17375 "https://www.wpt-1dwr.199-250-194-87.cpanel.site.blingfan.com/131268/admin.php?p=%E0%A6%95%E0%A6%95usr%E0%A6%95lib%E0%A6%95firmware%E0%A6%95cirrus" "Mozilla/5.0 AppleWebKit/537.36 (KHTML, like Gecko; compatible; GPTBot/1.4; +https://openai.com/gptbot)"
74.7.227.184 - - [12/Aug/2026:12:01:14 -0400] "GET /131268/admin.php?q=%E0%A6%95home%E0%A6%95iblack6%E0%A6%95tmp%E0%A6%95awstats&r=awstats072026.araysqualitycleaningservices.com.blingfan.com.txt HTTP/1.1" 200 2133 "https://mail.wpt-1dwr.199-250-194-87.cpanel.site/131268/admin.php?p=%E0%A6%95home%E0%A6%95iblack6%E0%A6%95tmp%E0%A6%95awstats" "Mozilla/5.0 AppleWebKit/537.36 (KHTML, like Gecko; compatible; GPTBot/1.4; +https://openai.com/gptbot)"
74.7.243.216 - - [12/Aug/2026:12:01:24 -0400] "GET /131268/admin.php?p=%E0%A6%95%E0%A6%95home%E0%A6%95iblack6%E0%A6%95public_html%E0%A6%95DoThatStep%E0%A6%97com__b789886%E0%A6%95wp-includes%E0%A6%95blocks%E0%A6%95rss HTTP/1.1" 200 13811 "https://wpt-1dwr.199-250-194-87.cpanel.site/131268/admin.php?p=%E0%A6%95%E0%A6%95home%E0%A6%95iblack6%E0%A6%95public_html%E0%A6%95DoThatStep%E0%A6%97com__b789886%E0%A6%95wp-includes%E0%A6%95blocks" "Mozilla/5.0 AppleWebKit/537.36 (KHTML, like Gecko; compatible; GPTBot/1.4; +https://openai.com/gptbot)"
74.7.242.48 - - [12/Aug/2026:12:01:34 -0400] "GET /131268/admin.php?d=cs35l41-dsp1-spk-prot-17aa386e-spkid1-l0.bin&q=%E0%A6%95%E0%A6%95usr%E0%A6%95lib%E0%A6%95firmware%E0%A6%95cirrus HTTP/1.1" 200 2017 "https://wpt-1dwr.199-250-194-87.cpanel.site.blingfan.com/131268/admin.php?p=%E0%A6%95%E0%A6%95usr%E0%A6%95lib%E0%A6%95firmware%E0%A6%95cirrus" "Mozilla/5.0 AppleWebKit/537.36 (KHTML, like Gecko; compatible; GPTBot/1.4; +https://openai.com/gptbot)"
74.7.242.48 - - [12/Aug/2026:12:01:34 -0400] "GET /131268/admin.php?e=libQt5EglFsKmsSupport.so.5.15&q=%E0%A6%95%E0%A6%95proc%E0%A6%95self%E0%A6%95root%E0%A6%95lib64 HTTP/1.1" 200 435071 "https://wpt-1dwr.199-250-194-87.cpanel.site.blingfan.com/131268/admin.php?p=%E0%A6%95%E0%A6%95proc%E0%A6%95self%E0%A6%95root%E0%A6%95lib64" "Mozilla/5.0 AppleWebKit/537.36 (KHTML, like Gecko; compatible; GPTBot/1.4; +https://openai.com/gptbot)"
74.7.243.216 - - [12/Aug/2026:12:01:42 -0400] "GET /131268/admin.php?p=%E0%A6%95%E0%A6%95home%E0%A6%95iblack6%E0%A6%95public_html%E0%A6%95DoThatStep%E0%A6%97com__b789886%E0%A6%95wp-includes%E0%A6%95blocks%E0%A6%95more HTTP/1.1" 200 8919 "https://wpt-1dwr.199-250-194-87.cpanel.site/131268/admin.php?p=%E0%A6%95%E0%A6%95home%E0%A6%95iblack6%E0%A6%95public_html%E0%A6%95DoThatStep%E0%A6%97com__b789886%E0%A6%95wp-includes%E0%A6%95blocks" "Mozilla/5.0 AppleWebKit/537.36 (KHTML, like Gecko; compatible; GPTBot/1.4; +https://openai.com/gptbot)"
74.7.227.169 - - [12/Aug/2026:12:01:53 -0400] "GET /131268/admin.php?chmod=cs35l41-dsp1-spk-prot-10431a63-spkid1-l0.bincfg&q=%E0%A6%95%E0%A6%95usr%E0%A6%95lib%E0%A6%95firmware%E0%A6%95cirrus HTTP/1.1" 200 2821 "https://www.wpt-1dwr.199-250-194-87.cpanel.site/131268/admin.php?p=%E0%A6%95%E0%A6%95usr%E0%A6%95lib%E0%A6%95firmware%E0%A6%95cirrus" "Mozilla/5.0 AppleWebKit/537.36 (KHTML, like Gecko; compatible; GPTBot/1.4; +https://openai.com/gptbot)"
74.7.243.216 - - [12/Aug/2026:12:01:58 -0400] "GET /131268/admin.php?p=%E0%A6%95%E0%A6%95home%E0%A6%95iblack6%E0%A6%95public_html%E0%A6%95DoThatStep%E0%A6%97com__b789886%E0%A6%95wp-includes%E0%A6%95blocks%E0%A6%95file HTTP/1.1" 200 13869 "https://wpt-1dwr.199-250-194-87.cpanel.site/131268/admin.php?p=%E0%A6%95%E0%A6%95home%E0%A6%95iblack6%E0%A6%95public_html%E0%A6%95DoThatStep%E0%A6%97com__b789886%E0%A6%95wp-includes%E0%A6%95blocks" "Mozilla/5.0 AppleWebKit/537.36 (KHTML, like Gecko; compatible; GPTBot/1.4; +https://openai.com/gptbot)"
74.7.243.216 - - [12/Aug/2026:12:02:28 -0400] "GET /131268/admin.php?p=%E0%A6%95%E0%A6%95home%E0%A6%95iblack6%E0%A6%95public_html%E0%A6%95DoThatStep%E0%A6%97com__b789886%E0%A6%95wp-includes%E0%A6%95blocks%E0%A6%95code HTTP/1.1" 200 18794 "https://wpt-1dwr.199-250-194-87.cpanel.site/131268/admin.php?p=%E0%A6%95%E0%A6%95home%E0%A6%95iblack6%E0%A6%95public_html%E0%A6%95DoThatStep%E0%A6%97com__b789886%E0%A6%95wp-includes%E0%A6%95blocks" "Mozilla/5.0 AppleWebKit/537.36 (KHTML, like Gecko; compatible; GPTBot/1.4; +https://openai.com/gptbot)"
74.7.227.184 - - [12/Aug/2026:12:02:29 -0400] "GET /131268/admin.php?q=%E0%A6%95home%E0%A6%95iblack6%E0%A6%95tmp%E0%A6%95awstats&r=awstats022026.araysqualitycleaningservices.com.blingfan.com.txt HTTP/1.1" 200 2133 "https://mail.wpt-1dwr.199-250-194-87.cpanel.site/131268/admin.php?p=%E0%A6%95home%E0%A6%95iblack6%E0%A6%95tmp%E0%A6%95awstats" "Mozilla/5.0 AppleWebKit/537.36 (KHTML, like Gecko; compatible; GPTBot/1.4; +https://openai.com/gptbot)"
74.7.227.169 - - [12/Aug/2026:12:02:30 -0400] "GET /131268/admin.php?chmod=cs35l41-dsp1-spk-prot-10431e02-spkid1-l0.bin&q=%E0%A6%95%E0%A6%95usr%E0%A6%95lib%E0%A6%95firmware%E0%A6%95cirrus HTTP/1.1" 200 2818 "https://www.wpt-1dwr.199-250-194-87.cpanel.site/131268/admin.php?p=%E0%A6%95%E0%A6%95usr%E0%A6%95lib%E0%A6%95firmware%E0%A6%95cirrus" "Mozilla/5.0 AppleWebKit/537.36 (KHTML, like Gecko; compatible; GPTBot/1.4; +https://openai.com/gptbot)"
74.7.241.176 - - [12/Aug/2026:12:02:39 -0400] "GET /robots.txt HTTP/1.1" 404 236 "-" "Mozilla/5.0 (Macintosh; Intel Mac OS X 10_15_7) AppleWebKit/537.36 (KHTML, like Gecko) Chrome/131.0.0.0 Safari/537.36; compatible; OAI-SearchBot/1.4; robots.txt; +https://openai.com/searchbot"
74.7.227.133 - - [12/Aug/2026:12:02:47 -0400] "GET /131268/admin.php?q=%E0%A6%95%E0%A6%95usr%E0%A6%95lib%E0%A6%95firmware%E0%A6%95cirrus&r=cs35l63-a1-dsp1-misc-10280e60-spkid3-06-l1u1.bin HTTP/1.1" 200 2138 "https://www.wpt-1dwr.199-250-194-87.cpanel.site.blingfan.com/131268/admin.php?p=%E0%A6%95%E0%A6%95usr%E0%A6%95lib%E0%A6%95firmware%E0%A6%95cirrus" "Mozilla/5.0 AppleWebKit/537.36 (KHTML, like Gecko; compatible; GPTBot/1.4; +https://openai.com/gptbot)"
74.7.227.133 - - [12/Aug/2026:12:02:47 -0400] "GET /131268/admin.php?chmod=cs35l41-dsp1-spk-prot-10431493-spkid0-r0.bin&q=%E0%A6%95%E0%A6%95usr%E0%A6%95lib%E0%A6%95firmware%E0%A6%95cirrus HTTP/1.1" 200 2818 "https://www.wpt-1dwr.199-250-194-87.cpanel.site.blingfan.com/131268/admin.php?p=%E0%A6%95%E0%A6%95usr%E0%A6%95lib%E0%A6%95firmware%E0%A6%95cirrus" "Mozilla/5.0 AppleWebKit/537.36 (KHTML, like Gecko; compatible; GPTBot/1.4; +https://openai.com/gptbot)"
74.7.243.216 - - [12/Aug/2026:12:02:54 -0400] "GET /131268/admin.php?p=%E0%A6%95%E0%A6%95home%E0%A6%95iblack6%E0%A6%95public_html%E0%A6%95DoThatStep%E0%A6%97com__b789886%E0%A6%95wp-includes%E0%A6%95blocks%E0%A6%95math HTTP/1.1" 200 13865 "https://wpt-1dwr.199-250-194-87.cpanel.site/131268/admin.php?p=%E0%A6%95%E0%A6%95home%E0%A6%95iblack6%E0%A6%95public_html%E0%A6%95DoThatStep%E0%A6%97com__b789886%E0%A6%95wp-includes%E0%A6%95blocks" "Mozilla/5.0 AppleWebKit/537.36 (KHTML, like Gecko; compatible; GPTBot/1.4; +https://openai.com/gptbot)"
74.7.243.216 - - [12/Aug/2026:12:02:54 -0400] "GET /131268/admin.php?p=%E0%A6%95%E0%A6%95home%E0%A6%95iblack6%E0%A6%95public_html%E0%A6%95DoThatStep%E0%A6%97com__b789886%E0%A6%95wp-includes%E0%A6%95blocks%E0%A6%95list HTTP/1.1" 200 8901 "https://wpt-1dwr.199-250-194-87.cpanel.site/131268/admin.php?p=%E0%A6%95%E0%A6%95home%E0%A6%95iblack6%E0%A6%95public_html%E0%A6%95DoThatStep%E0%A6%97com__b789886%E0%A6%95wp-includes%E0%A6%95blocks" "Mozilla/5.0 AppleWebKit/537.36 (KHTML, like Gecko; compatible; GPTBot/1.4; +https://openai.com/gptbot)"
74.7.227.169 - - [12/Aug/2026:12:02:54 -0400] "GET /131268/admin.php?chmod=cs35l41-dsp1-spk-prot-10431433-spkid0-l0.bincfg&q=%E0%A6%95%E0%A6%95usr%E0%A6%95lib%E0%A6%95firmware%E0%A6%95cirrus HTTP/1.1" 200 2821 "https://www.wpt-1dwr.199-250-194-87.cpanel.site/131268/admin.php?p=%E0%A6%95%E0%A6%95usr%E0%A6%95lib%E0%A6%95firmware%E0%A6%95cirrus" "Mozilla/5.0 AppleWebKit/537.36 (KHTML, like Gecko; compatible; GPTBot/1.4; +https://openai.com/gptbot)"
74.7.227.184 - - [12/Aug/2026:12:02:55 -0400] "GET /131268/admin.php?q=%E0%A6%95home%E0%A6%95iblack6%E0%A6%95tmp%E0%A6%95awstats&r=awstats042026.araysqualitycleaningservices.com.blingfan.com.txt HTTP/1.1" 200 2133 "https://mail.wpt-1dwr.199-250-194-87.cpanel.site/131268/admin.php?p=%E0%A6%95home%E0%A6%95iblack6%E0%A6%95tmp%E0%A6%95awstats" "Mozilla/5.0 AppleWebKit/537.36 (KHTML, like Gecko; compatible; GPTBot/1.4; +https://openai.com/gptbot)"
74.7.242.48 - - [12/Aug/2026:12:02:58 -0400] "GET /131268/admin.php?q=%E0%A6%95%E0%A6%95proc%E0%A6%95self%E0%A6%95root%E0%A6%95lib64&r=libxmlrpc_server_cgi.so.3.51 HTTP/1.1" 200 2107 "https://wpt-1dwr.199-250-194-87.cpanel.site.blingfan.com/131268/admin.php?p=%E0%A6%95%E0%A6%95proc%E0%A6%95self%E0%A6%95root%E0%A6%95lib64" "Mozilla/5.0 AppleWebKit/537.36 (KHTML, like Gecko; compatible; GPTBot/1.4; +https://openai.com/gptbot)"
74.7.227.133 - - [12/Aug/2026:12:03:01 -0400] "GET /131268/admin.php?chmod=cs35l56-b0-dsp1-misc-10431044-spkid0-amp2.bin&q=%E0%A6%95%E0%A6%95usr%E0%A6%95lib%E0%A6%95firmware%E0%A6%95cirrus HTTP/1.1" 200 2819 "https://www.wpt-1dwr.199-250-194-87.cpanel.site.blingfan.com/131268/admin.php?p=%E0%A6%95%E0%A6%95usr%E0%A6%95lib%E0%A6%95firmware%E0%A6%95cirrus" "Mozilla/5.0 AppleWebKit/537.36 (KHTML, like Gecko; compatible; GPTBot/1.4; +https://openai.com/gptbot)"
74.7.243.216 - - [12/Aug/2026:12:03:05 -0400] "GET /131268/admin.php?p=%E0%A6%95%E0%A6%95home%E0%A6%95iblack6%E0%A6%95public_html%E0%A6%95websitesidoit.com__b789886%E0%A6%95wp-admin%E0%A6%95maint HTTP/1.1" 200 3763 "https://wpt-1dwr.199-250-194-87.cpanel.site/131268/admin.php?p=%E0%A6%95%E0%A6%95home%E0%A6%95iblack6%E0%A6%95public_html%E0%A6%95websitesidoit%E0%A6%97com__b789886%E0%A6%95wp-admin%E0%A6%95maint" "Mozilla/5.0 AppleWebKit/537.36 (KHTML, like Gecko; compatible; GPTBot/1.4; +https://openai.com/gptbot)"
74.7.243.216 - - [12/Aug/2026:12:03:14 -0400] "GET /131268/admin.php?chmod=style-rtl.css&q=%E0%A6%95%E0%A6%95home%E0%A6%95iblack6%E0%A6%95public_html%E0%A6%95DoThatStep%E0%A6%97com__b789886%E0%A6%95wp-includes%E0%A6%95blocks%E0%A6%95post-excerpt HTTP/1.1" 200 3435 "https://wpt-1dwr.199-250-194-87.cpanel.site/131268/admin.php?p=%E0%A6%95%E0%A6%95home%E0%A6%95iblack6%E0%A6%95public_html%E0%A6%95DoThatStep%E0%A6%97com__b789886%E0%A6%95wp-includes%E0%A6%95blocks%E0%A6%95post-excerpt" "Mozilla/5.0 AppleWebKit/537.36 (KHTML, like Gecko; compatible; GPTBot/1.4; +https://openai.com/gptbot)"
74.7.227.169 - - [12/Aug/2026:12:03:40 -0400] "GET /131268/admin.php?chmod=cs35l41-dsp1-spk-prot-104318d3-spkid0-l0.bin&q=%E0%A6%95%E0%A6%95usr%E0%A6%95lib%E0%A6%95firmware%E0%A6%95cirrus HTTP/1.1" 200 2818 "https://www.wpt-1dwr.199-250-194-87.cpanel.site/131268/admin.php?p=%E0%A6%95%E0%A6%95usr%E0%A6%95lib%E0%A6%95firmware%E0%A6%95cirrus" "Mozilla/5.0 AppleWebKit/537.36 (KHTML, like Gecko; compatible; GPTBot/1.4; +https://openai.com/gptbot)"
74.7.227.184 - - [12/Aug/2026:12:03:43 -0400] "GET /131268/admin.php?q=%E0%A6%95home%E0%A6%95iblack6%E0%A6%95tmp%E0%A6%95awstats&r=awstats052026.araysqualitycleaningservices.com.blingfan.com.txt HTTP/1.1" 200 2133 "https://mail.wpt-1dwr.199-250-194-87.cpanel.site/131268/admin.php?p=%E0%A6%95home%E0%A6%95iblack6%E0%A6%95tmp%E0%A6%95awstats" "Mozilla/5.0 AppleWebKit/537.36 (KHTML, like Gecko; compatible; GPTBot/1.4; +https://openai.com/gptbot)"
74.7.243.216 - - [12/Aug/2026:12:03:45 -0400] "GET /131268/admin.php?d=tags-box.js&q=%E0%A6%95%E0%A6%95home%E0%A6%95iblack6%E0%A6%95public_html%E0%A6%95websitesidoit%E0%A6%97com__b789886%E0%A6%95wp-admin%E0%A6%95js HTTP/1.1" 200 2462 "https://wpt-1dwr.199-250-194-87.cpanel.site/131268/admin.php?p=%E0%A6%95%E0%A6%95home%E0%A6%95iblack6%E0%A6%95public_html%E0%A6%95websitesidoit.com__b789886%E0%A6%95wp-admin%E0%A6%95js" "Mozilla/5.0 AppleWebKit/537.36 (KHTML, like Gecko; compatible; GPTBot/1.4; +https://openai.com/gptbot)"
74.7.243.216 - - [12/Aug/2026:12:03:45 -0400] "GET /131268/admin.php?e=tags-box.js&q=%E0%A6%95%E0%A6%95home%E0%A6%95iblack6%E0%A6%95public_html%E0%A6%95websitesidoit%E0%A6%97com__b789886%E0%A6%95wp-admin%E0%A6%95js HTTP/1.1" 429 17 "https://wpt-1dwr.199-250-194-87.cpanel.site/131268/admin.php?p=%E0%A6%95%E0%A6%95home%E0%A6%95iblack6%E0%A6%95public_html%E0%A6%95websitesidoit.com__b789886%E0%A6%95wp-admin%E0%A6%95js" "Mozilla/5.0 AppleWebKit/537.36 (KHTML, like Gecko; compatible; GPTBot/1.4; +https://openai.com/gptbot)"
74.7.243.216 - - [12/Aug/2026:12:03:53 -0400] "GET /131268/admin.php?chmod=tags-box.js&q=%E0%A6%95%E0%A6%95home%E0%A6%95iblack6%E0%A6%95public_html%E0%A6%95websitesidoit%E0%A6%97com__b789886%E0%A6%95wp-admin%E0%A6%95js HTTP/1.1" 429 17 "https://wpt-1dwr.199-250-194-87.cpanel.site/131268/admin.php?p=%E0%A6%95%E0%A6%95home%E0%A6%95iblack6%E0%A6%95public_html%E0%A6%95websitesidoit.com__b789886%E0%A6%95wp-admin%E0%A6%95js" "Mozilla/5.0 AppleWebKit/537.36 (KHTML, like Gecko; compatible; GPTBot/1.4; +https://openai.com/gptbot)"
74.7.242.48 - - [12/Aug/2026:12:03:58 -0400] "GET /131268/admin.php?chmod=cs35l41-dsp1-spk-prot-103c8b44.bin&q=%E0%A6%95%E0%A6%95usr%E0%A6%95lib%E0%A6%95firmware%E0%A6%95cirrus HTTP/1.1" 200 2808 "https://wpt-1dwr.199-250-194-87.cpanel.site.blingfan.com/131268/admin.php?p=%E0%A6%95%E0%A6%95usr%E0%A6%95lib%E0%A6%95firmware%E0%A6%95cirrus" "Mozilla/5.0 AppleWebKit/537.36 (KHTML, like Gecko; compatible; GPTBot/1.4; +https://openai.com/gptbot)"
74.7.243.216 - - [12/Aug/2026:12:04:17 -0400] "GET /131268/admin.php?d=tags-suggest.js&q=%E0%A6%95%E0%A6%95home%E0%A6%95iblack6%E0%A6%95public_html%E0%A6%95websitesidoit%E0%A6%97com__b789886%E0%A6%95wp-admin%E0%A6%95js HTTP/1.1" 429 17 "https://wpt-1dwr.199-250-194-87.cpanel.site/131268/admin.php?p=%E0%A6%95%E0%A6%95home%E0%A6%95iblack6%E0%A6%95public_html%E0%A6%95websitesidoit.com__b789886%E0%A6%95wp-admin%E0%A6%95js" "Mozilla/5.0 AppleWebKit/537.36 (KHTML, like Gecko; compatible; GPTBot/1.4; +https://openai.com/gptbot)"
74.7.227.169 - - [12/Aug/2026:12:04:26 -0400] "GET /131268/admin.php?chmod=cs35l41-dsp1-spk-prot-10431e02-spkid1-r0.bin&q=%E0%A6%95%E0%A6%95usr%E0%A6%95lib%E0%A6%95firmware%E0%A6%95cirrus HTTP/1.1" 200 2818 "https://www.wpt-1dwr.199-250-194-87.cpanel.site/131268/admin.php?p=%E0%A6%95%E0%A6%95usr%E0%A6%95lib%E0%A6%95firmware%E0%A6%95cirrus" "Mozilla/5.0 AppleWebKit/537.36 (KHTML, like Gecko; compatible; GPTBot/1.4; +https://openai.com/gptbot)"
74.7.227.169 - - [12/Aug/2026:12:04:26 -0400] "GET /131268/admin.php?chmod=cs35l56-b2-dsp1-misc-10280e53-spkid1-ampl.bin&q=%E0%A6%95%E0%A6%95usr%E0%A6%95lib%E0%A6%95firmware%E0%A6%95cirrus HTTP/1.1" 200 2819 "https://www.wpt-1dwr.199-250-194-87.cpanel.site/131268/admin.php?p=%E0%A6%95%E0%A6%95usr%E0%A6%95lib%E0%A6%95firmware%E0%A6%95cirrus" "Mozilla/5.0 AppleWebKit/537.36 (KHTML, like Gecko; compatible; GPTBot/1.4; +https://openai.com/gptbot)"
74.7.227.184 - - [12/Aug/2026:12:04:34 -0400] "GET /131268/admin.php?q=%E0%A6%95home%E0%A6%95iblack6%E0%A6%95tmp%E0%A6%95awstats&r=awstats062025.araysqualitycleaningservices.com.blingfan.com.txt HTTP/1.1" 200 2133 "https://mail.wpt-1dwr.199-250-194-87.cpanel.site/131268/admin.php?p=%E0%A6%95home%E0%A6%95iblack6%E0%A6%95tmp%E0%A6%95awstats" "Mozilla/5.0 AppleWebKit/537.36 (KHTML, like Gecko; compatible; GPTBot/1.4; +https://openai.com/gptbot)"
74.7.227.184 - - [12/Aug/2026:12:04:34 -0400] "GET /131268/admin.php?q=%E0%A6%95home%E0%A6%95iblack6%E0%A6%95tmp%E0%A6%95awstats&r=awstats042025.araysqualitycleaningservices.com.blingfan.com.txt HTTP/1.1" 200 2133 "https://mail.wpt-1dwr.199-250-194-87.cpanel.site/131268/admin.php?p=%E0%A6%95home%E0%A6%95iblack6%E0%A6%95tmp%E0%A6%95awstats" "Mozilla/5.0 AppleWebKit/537.36 (KHTML, like Gecko; compatible; GPTBot/1.4; +https://openai.com/gptbot)"
74.7.242.48 - - [12/Aug/2026:12:04:53 -0400] "GET /131268/admin.php?q=%E0%A6%95%E0%A6%95usr%E0%A6%95lib%E0%A6%95firmware%E0%A6%95cirrus&r=cs35l41-dsp1-spk-prot-103c8e3b.wmfw HTTP/1.1" 200 2125 "https://wpt-1dwr.199-250-194-87.cpanel.site.blingfan.com/131268/admin.php?p=%E0%A6%95%E0%A6%95usr%E0%A6%95lib%E0%A6%95firmware%E0%A6%95cirrus" "Mozilla/5.0 AppleWebKit/537.36 (KHTML, like Gecko; compatible; GPTBot/1.4; +https://openai.com/gptbot)"
74.7.243.216 - - [12/Aug/2026:12:05:14 -0400] "GET /131268/admin.php?p=%E0%A6%95%E0%A6%95home%E0%A6%95iblack6%E0%A6%95public_html%E0%A6%95DoThatStep%E0%A6%97com__b789886%E0%A6%95wp-includes%E0%A6%95blocks%E0%A6%95navigation-link HTTP/1.1" 429 17 "https://wpt-1dwr.199-250-194-87.cpanel.site/131268/admin.php?p=%E0%A6%95%E0%A6%95home%E0%A6%95iblack6%E0%A6%95public_html%E0%A6%95DoThatStep%E0%A6%97com__b789886%E0%A6%95wp-includes%E0%A6%95blocks" "Mozilla/5.0 AppleWebKit/537.36 (KHTML, like Gecko; compatible; GPTBot/1.4; +https://openai.com/gptbot)"
74.7.228.30 - - [12/Aug/2026:12:05:14 -0400] "GET /robots.txt HTTP/1.1" 404 236 "-" "Mozilla/5.0 (Macintosh; Intel Mac OS X 10_15_7) AppleWebKit/537.36 (KHTML, like Gecko) Chrome/131.0.0.0 Safari/537.36; compatible; OAI-SearchBot/1.4; robots.txt; +https://openai.com/searchbot"
74.7.227.184 - - [12/Aug/2026:12:05:24 -0400] "GET /131268/admin.php?q=%E0%A6%95home%E0%A6%95iblack6%E0%A6%95tmp%E0%A6%95awstats&r=awstats012026.araysqualitycleaningservices.com.blingfan.com.txt HTTP/1.1" 200 2133 "https://mail.wpt-1dwr.199-250-194-87.cpanel.site/131268/admin.php?p=%E0%A6%95home%E0%A6%95iblack6%E0%A6%95tmp%E0%A6%95awstats" "Mozilla/5.0 AppleWebKit/537.36 (KHTML, like Gecko; compatible; GPTBot/1.4; +https://openai.com/gptbot)"
74.7.227.169 - - [12/Aug/2026:12:05:28 -0400] "GET /131268/admin.php?chmod=cs35l41-dsp1-spk-prot-104314e3-spkid1-r0.bin&q=%E0%A6%95%E0%A6%95usr%E0%A6%95lib%E0%A6%95firmware%E0%A6%95cirrus HTTP/1.1" 200 2818 "https://www.wpt-1dwr.199-250-194-87.cpanel.site/131268/admin.php?p=%E0%A6%95%E0%A6%95usr%E0%A6%95lib%E0%A6%95firmware%E0%A6%95cirrus" "Mozilla/5.0 AppleWebKit/537.36 (KHTML, like Gecko; compatible; GPTBot/1.4; +https://openai.com/gptbot)"
74.7.242.48 - - [12/Aug/2026:12:05:46 -0400] "GET /131268/admin.php?d=cs35l41-dsp1-spk-prot-103c8ce0-spkid0-r0.bin&q=%E0%A6%95%E0%A6%95usr%E0%A6%95lib%E0%A6%95firmware%E0%A6%95cirrus HTTP/1.1" 200 2017 "https://wpt-1dwr.199-250-194-87.cpanel.site.blingfan.com/131268/admin.php?p=%E0%A6%95%E0%A6%95usr%E0%A6%95lib%E0%A6%95firmware%E0%A6%95cirrus" "Mozilla/5.0 AppleWebKit/537.36 (KHTML, like Gecko; compatible; GPTBot/1.4; +https://openai.com/gptbot)"
74.7.227.133 - - [12/Aug/2026:12:06:01 -0400] "GET /131268/admin.php?e=cs35l63-a1-dsp1-misc-10280e3f-spkid1-06-l3u3.bin&q=%E0%A6%95%E0%A6%95usr%E0%A6%95lib%E0%A6%95firmware%E0%A6%95cirrus HTTP/1.1" 200 17363 "https://www.wpt-1dwr.199-250-194-87.cpanel.site.blingfan.com/131268/admin.php?p=%E0%A6%95%E0%A6%95usr%E0%A6%95lib%E0%A6%95firmware%E0%A6%95cirrus" "Mozilla/5.0 AppleWebKit/537.36 (KHTML, like Gecko; compatible; GPTBot/1.4; +https://openai.com/gptbot)"
74.7.243.216 - - [12/Aug/2026:12:06:19 -0400] "GET /131268/admin.php?e=style.min.css&q=%E0%A6%95%E0%A6%95home%E0%A6%95iblack6%E0%A6%95public_html%E0%A6%95DoThatStep%E0%A6%97com__b789886%E0%A6%95wp-includes%E0%A6%95blocks%E0%A6%95file HTTP/1.1" 200 3325 "https://wpt-1dwr.199-250-194-87.cpanel.site/131268/admin.php?p=%E0%A6%95%E0%A6%95home%E0%A6%95iblack6%E0%A6%95public_html%E0%A6%95DoThatStep%E0%A6%97com__b789886%E0%A6%95wp-includes%E0%A6%95blocks%E0%A6%95file" "Mozilla/5.0 AppleWebKit/537.36 (KHTML, like Gecko; compatible; GPTBot/1.4; +https://openai.com/gptbot)"
74.7.227.184 - - [12/Aug/2026:12:06:21 -0400] "GET /131268/admin.php?e=awstats122025.araysqualitycleaningservices.com.blingfan.com.txt&q=%E0%A6%95home%E0%A6%95iblack6%E0%A6%95tmp%E0%A6%95awstats HTTP/1.1" 200 2100 "https://mail.wpt-1dwr.199-250-194-87.cpanel.site/131268/admin.php?p=%E0%A6%95home%E0%A6%95iblack6%E0%A6%95tmp%E0%A6%95awstats" "Mozilla/5.0 AppleWebKit/537.36 (KHTML, like Gecko; compatible; GPTBot/1.4; +https://openai.com/gptbot)"
74.7.227.169 - - [12/Aug/2026:12:06:24 -0400] "GET /131268/admin.php?chmod=cs35l41-dsp1-spk-prot-104330d1-spkid0-r0.bin&q=%E0%A6%95%E0%A6%95usr%E0%A6%95lib%E0%A6%95firmware%E0%A6%95cirrus HTTP/1.1" 200 2818 "https://www.wpt-1dwr.199-250-194-87.cpanel.site/131268/admin.php?p=%E0%A6%95%E0%A6%95usr%E0%A6%95lib%E0%A6%95firmware%E0%A6%95cirrus" "Mozilla/5.0 AppleWebKit/537.36 (KHTML, like Gecko; compatible; GPTBot/1.4; +https://openai.com/gptbot)"
74.7.242.48 - - [12/Aug/2026:12:06:33 -0400] "GET /131268/admin.php?e=cs35l41-dsp1-spk-prot-103c8c6a-spkid0-r0.bin&q=%E0%A6%95%E0%A6%95usr%E0%A6%95lib%E0%A6%95firmware%E0%A6%95cirrus HTTP/1.1" 200 8278 "https://wpt-1dwr.199-250-194-87.cpanel.site.blingfan.com/131268/admin.php?p=%E0%A6%95%E0%A6%95usr%E0%A6%95lib%E0%A6%95firmware%E0%A6%95cirrus" "Mozilla/5.0 AppleWebKit/537.36 (KHTML, like Gecko; compatible; GPTBot/1.4; +https://openai.com/gptbot)"
74.7.227.133 - - [12/Aug/2026:12:07:05 -0400] "GET /131268/admin.php?chmod=cs35l56-b0-dsp1-misc-10431314-spkid0-amp1.bin&q=%E0%A6%95%E0%A6%95usr%E0%A6%95lib%E0%A6%95firmware%E0%A6%95cirrus HTTP/1.1" 200 2819 "https://www.wpt-1dwr.199-250-194-87.cpanel.site.blingfan.com/131268/admin.php?p=%E0%A6%95%E0%A6%95usr%E0%A6%95lib%E0%A6%95firmware%E0%A6%95cirrus" "Mozilla/5.0 AppleWebKit/537.36 (KHTML, like Gecko; compatible; GPTBot/1.4; +https://openai.com/gptbot)"
74.7.242.48 - - [12/Aug/2026:12:07:14 -0400] "GET /131268/admin.php?chmod=cs35l41-dsp1-spk-prot-103c8d9b.wmfw&q=%E0%A6%95%E0%A6%95usr%E0%A6%95lib%E0%A6%95firmware%E0%A6%95cirrus HTTP/1.1" 200 2809 "https://wpt-1dwr.199-250-194-87.cpanel.site.blingfan.com/131268/admin.php?p=%E0%A6%95%E0%A6%95usr%E0%A6%95lib%E0%A6%95firmware%E0%A6%95cirrus" "Mozilla/5.0 AppleWebKit/537.36 (KHTML, like Gecko; compatible; GPTBot/1.4; +https://openai.com/gptbot)"
74.7.227.184 - - [12/Aug/2026:12:07:14 -0400] "GET /131268/admin.php?q=%E0%A6%95home%E0%A6%95iblack6%E0%A6%95tmp%E0%A6%95awstats&r=awstats082025.araysqualitycleaningservices.com.blingfan.com.txt HTTP/1.1" 200 2133 "https://mail.wpt-1dwr.199-250-194-87.cpanel.site/131268/admin.php?p=%E0%A6%95home%E0%A6%95iblack6%E0%A6%95tmp%E0%A6%95awstats" "Mozilla/5.0 AppleWebKit/537.36 (KHTML, like Gecko; compatible; GPTBot/1.4; +https://openai.com/gptbot)"
74.7.227.169 - - [12/Aug/2026:12:07:17 -0400] "GET /131268/admin.php?chmod=cs35l41-dsp1-spk-prot-10280cc3-spkid0-l0.bin&q=%E0%A6%95%E0%A6%95usr%E0%A6%95lib%E0%A6%95firmware%E0%A6%95cirrus HTTP/1.1" 200 2818 "https://www.wpt-1dwr.199-250-194-87.cpanel.site/131268/admin.php?p=%E0%A6%95%E0%A6%95usr%E0%A6%95lib%E0%A6%95firmware%E0%A6%95cirrus" "Mozilla/5.0 AppleWebKit/537.36 (KHTML, like Gecko; compatible; GPTBot/1.4; +https://openai.com/gptbot)"
74.7.243.216 - - [12/Aug/2026:12:07:26 -0400] "GET /131268/admin.php?d=style.css&q=%E0%A6%95%E0%A6%95home%E0%A6%95iblack6%E0%A6%95public_html%E0%A6%95DoThatStep%E0%A6%97com__b789886%E0%A6%95wp-includes%E0%A6%95blocks%E0%A6%95code HTTP/1.1" 200 2625 "https://wpt-1dwr.199-250-194-87.cpanel.site/131268/admin.php?p=%E0%A6%95%E0%A6%95home%E0%A6%95iblack6%E0%A6%95public_html%E0%A6%95DoThatStep%E0%A6%97com__b789886%E0%A6%95wp-includes%E0%A6%95blocks%E0%A6%95code" "Mozilla/5.0 AppleWebKit/537.36 (KHTML, like Gecko; compatible; GPTBot/1.4; +https://openai.com/gptbot)"
74.7.242.48 - - [12/Aug/2026:12:07:53 -0400] "GET /131268/admin.php?d=brcmfmac43455-sdio.MINIX-NEO%20Z83-4.txt&q=%E0%A6%95%E0%A6%95usr%E0%A6%95lib%E0%A6%95firmware%E0%A6%95brcm HTTP/1.1" 200 2007 "https://wpt-1dwr.199-250-194-87.cpanel.site.blingfan.com/131268/admin.php?p=%E0%A6%95%E0%A6%95usr%E0%A6%95lib%E0%A6%95firmware%E0%A6%95brcm" "Mozilla/5.0 AppleWebKit/537.36 (KHTML, like Gecko; compatible; GPTBot/1.4; +https://openai.com/gptbot)"
74.7.227.184 - - [12/Aug/2026:12:07:57 -0400] "GET /131268/admin.php?q=%E0%A6%95home%E0%A6%95iblack6%E0%A6%95tmp%E0%A6%95awstats&r=awstats052025.araysqualitycleaningservices.com.blingfan.com.txt HTTP/1.1" 200 2133 "https://mail.wpt-1dwr.199-250-194-87.cpanel.site/131268/admin.php?p=%E0%A6%95home%E0%A6%95iblack6%E0%A6%95tmp%E0%A6%95awstats" "Mozilla/5.0 AppleWebKit/537.36 (KHTML, like Gecko; compatible; GPTBot/1.4; +https://openai.com/gptbot)"
74.7.227.169 - - [12/Aug/2026:12:08:02 -0400] "GET /131268/admin.php?chmod=cs35l41-dsp1-spk-prot-104314d3-spkid0-r0.bin&q=%E0%A6%95%E0%A6%95usr%E0%A6%95lib%E0%A6%95firmware%E0%A6%95cirrus HTTP/1.1" 200 2818 "https://www.wpt-1dwr.199-250-194-87.cpanel.site/131268/admin.php?p=%E0%A6%95%E0%A6%95usr%E0%A6%95lib%E0%A6%95firmware%E0%A6%95cirrus" "Mozilla/5.0 AppleWebKit/537.36 (KHTML, like Gecko; compatible; GPTBot/1.4; +https://openai.com/gptbot)"
74.7.227.133 - - [12/Aug/2026:12:08:04 -0400] "GET /131268/admin.php?q=%E0%A6%95%E0%A6%95usr%E0%A6%95lib%E0%A6%95firmware%E0%A6%95cirrus&r=cs35l63-a1-dsp1-misc-10280e85-spkid0-03-l3u1.bin HTTP/1.1" 200 2138 "https://www.wpt-1dwr.199-250-194-87.cpanel.site.blingfan.com/131268/admin.php?p=%E0%A6%95%E0%A6%95usr%E0%A6%95lib%E0%A6%95firmware%E0%A6%95cirrus" "Mozilla/5.0 AppleWebKit/537.36 (KHTML, like Gecko; compatible; GPTBot/1.4; +https://openai.com/gptbot)"
74.7.242.48 - - [12/Aug/2026:12:08:21 -0400] "GET /131268/admin.php?e=cs35l41-dsp1-spk-prot-103c8be8-spkid1-l0.bin&q=%E0%A6%95%E0%A6%95usr%E0%A6%95lib%E0%A6%95firmware%E0%A6%95cirrus HTTP/1.1" 200 7231 "https://wpt-1dwr.199-250-194-87.cpanel.site.blingfan.com/131268/admin.php?p=%E0%A6%95%E0%A6%95usr%E0%A6%95lib%E0%A6%95firmware%E0%A6%95cirrus" "Mozilla/5.0 AppleWebKit/537.36 (KHTML, like Gecko; compatible; GPTBot/1.4; +https://openai.com/gptbot)"
74.7.243.216 - - [12/Aug/2026:12:08:24 -0400] "GET /131268/admin.php?chmod=paragraph&q=%E0%A6%95%E0%A6%95home%E0%A6%95iblack6%E0%A6%95public_html%E0%A6%95DoThatStep%E0%A6%97com__b789886%E0%A6%95wp-includes%E0%A6%95blocks HTTP/1.1" 200 3245 "https://wpt-1dwr.199-250-194-87.cpanel.site/131268/admin.php?p=%E0%A6%95%E0%A6%95home%E0%A6%95iblack6%E0%A6%95public_html%E0%A6%95DoThatStep%E0%A6%97com__b789886%E0%A6%95wp-includes%E0%A6%95blocks" "Mozilla/5.0 AppleWebKit/537.36 (KHTML, like Gecko; compatible; GPTBot/1.4; +https://openai.com/gptbot)"
74.7.227.169 - - [12/Aug/2026:12:08:43 -0400] "GET /131268/admin.php?chmod=cs35l41-dsp1-spk-prot-103c8c50-spkid0-l0.bin&q=%E0%A6%95%E0%A6%95usr%E0%A6%95lib%E0%A6%95firmware%E0%A6%95cirrus HTTP/1.1" 200 2818 "https://www.wpt-1dwr.199-250-194-87.cpanel.site/131268/admin.php?p=%E0%A6%95%E0%A6%95usr%E0%A6%95lib%E0%A6%95firmware%E0%A6%95cirrus" "Mozilla/5.0 AppleWebKit/537.36 (KHTML, like Gecko; compatible; GPTBot/1.4; +https://openai.com/gptbot)"
74.7.227.184 - - [12/Aug/2026:12:08:46 -0400] "GET /131268/admin.php?q=%E0%A6%95home%E0%A6%95iblack6%E0%A6%95tmp%E0%A6%95awstats&r=awstats072025.araysqualitycleaningservices.com.blingfan.com.txt HTTP/1.1" 200 2133 "https://mail.wpt-1dwr.199-250-194-87.cpanel.site/131268/admin.php?p=%E0%A6%95home%E0%A6%95iblack6%E0%A6%95tmp%E0%A6%95awstats" "Mozilla/5.0 AppleWebKit/537.36 (KHTML, like Gecko; compatible; GPTBot/1.4; +https://openai.com/gptbot)"
74.7.242.48 - - [12/Aug/2026:12:08:51 -0400] "GET /131268/admin.php?chmod=cs35l63-a1-dsp1-misc-10280e1c-spkid3.wmfw&q=%E0%A6%95%E0%A6%95usr%E0%A6%95lib%E0%A6%95firmware%E0%A6%95cirrus HTTP/1.1" 200 2815 "https://wpt-1dwr.199-250-194-87.cpanel.site.blingfan.com/131268/admin.php?p=%E0%A6%95%E0%A6%95usr%E0%A6%95lib%E0%A6%95firmware%E0%A6%95cirrus" "Mozilla/5.0 AppleWebKit/537.36 (KHTML, like Gecko; compatible; GPTBot/1.4; +https://openai.com/gptbot)"
74.7.227.133 - - [12/Aug/2026:12:08:55 -0400] "GET /131268/admin.php?chmod=cs35l41-dsp1-spk-prot-10431294-spkid1-r0.bin&q=%E0%A6%95%E0%A6%95usr%E0%A6%95lib%E0%A6%95firmware%E0%A6%95cirrus HTTP/1.1" 200 2818 "https://www.wpt-1dwr.199-250-194-87.cpanel.site.blingfan.com/131268/admin.php?p=%E0%A6%95%E0%A6%95usr%E0%A6%95lib%E0%A6%95firmware%E0%A6%95cirrus" "Mozilla/5.0 AppleWebKit/537.36 (KHTML, like Gecko; compatible; GPTBot/1.4; +https://openai.com/gptbot)"
74.7.227.184 - - [12/Aug/2026:12:09:20 -0400] "GET /131268/admin.php?q=%E0%A6%95home%E0%A6%95iblack6%E0%A6%95tmp%E0%A6%95awstats&r=awstats122025.araysqualitycleaningservices.com.blingfan.com.txt HTTP/1.1" 200 2133 "https://mail.wpt-1dwr.199-250-194-87.cpanel.site/131268/admin.php?p=%E0%A6%95home%E0%A6%95iblack6%E0%A6%95tmp%E0%A6%95awstats" "Mozilla/5.0 AppleWebKit/537.36 (KHTML, like Gecko; compatible; GPTBot/1.4; +https://openai.com/gptbot)"
74.7.243.216 - - [12/Aug/2026:12:09:20 -0400] "GET /131268/admin.php?e=editor-rtl.min.css&q=%E0%A6%95%E0%A6%95home%E0%A6%95iblack6%E0%A6%95public_html%E0%A6%95DoThatStep%E0%A6%97com__b789886%E0%A6%95wp-includes%E0%A6%95blocks%E0%A6%95math HTTP/1.1" 200 2771 "https://wpt-1dwr.199-250-194-87.cpanel.site/131268/admin.php?p=%E0%A6%95%E0%A6%95home%E0%A6%95iblack6%E0%A6%95public_html%E0%A6%95DoThatStep%E0%A6%97com__b789886%E0%A6%95wp-includes%E0%A6%95blocks%E0%A6%95math" "Mozilla/5.0 AppleWebKit/537.36 (KHTML, like Gecko; compatible; GPTBot/1.4; +https://openai.com/gptbot)"
74.7.227.169 - - [12/Aug/2026:12:09:21 -0400] "GET /131268/admin.php?chmod=cs35l56-b0-dsp1-misc-10280ce3-spkid0-ampl.bin&q=%E0%A6%95%E0%A6%95usr%E0%A6%95lib%E0%A6%95firmware%E0%A6%95cirrus HTTP/1.1" 200 2819 "https://www.wpt-1dwr.199-250-194-87.cpanel.site/131268/admin.php?p=%E0%A6%95%E0%A6%95usr%E0%A6%95lib%E0%A6%95firmware%E0%A6%95cirrus" "Mozilla/5.0 AppleWebKit/537.36 (KHTML, like Gecko; compatible; GPTBot/1.4; +https://openai.com/gptbot)"
74.7.242.48 - - [12/Aug/2026:12:09:21 -0400] "GET /131268/admin.php?chmod=cs35l54-b0-dsp1-misc-103c8d8c-amp1.bin&q=%E0%A6%95%E0%A6%95usr%E0%A6%95lib%E0%A6%95firmware%E0%A6%95cirrus HTTP/1.1" 200 2812 "https://wpt-1dwr.199-250-194-87.cpanel.site.blingfan.com/131268/admin.php?p=%E0%A6%95%E0%A6%95usr%E0%A6%95lib%E0%A6%95firmware%E0%A6%95cirrus" "Mozilla/5.0 AppleWebKit/537.36 (KHTML, like Gecko; compatible; GPTBot/1.4; +https://openai.com/gptbot)"
74.7.242.48 - - [12/Aug/2026:12:09:40 -0400] "GET /131268/admin.php?chmod=libwayland-egl.so.1.21.0&q=%E0%A6%95%E0%A6%95proc%E0%A6%95self%E0%A6%95root%E0%A6%95lib64 HTTP/1.1" 200 2784 "https://wpt-1dwr.199-250-194-87.cpanel.site.blingfan.com/131268/admin.php?p=%E0%A6%95%E0%A6%95proc%E0%A6%95self%E0%A6%95root%E0%A6%95lib64" "Mozilla/5.0 AppleWebKit/537.36 (KHTML, like Gecko; compatible; GPTBot/1.4; +https://openai.com/gptbot)"
74.7.242.48 - - [12/Aug/2026:12:10:05 -0400] "GET /131268/admin.php?e=cs35l41-dsp1-spk-prot-103c8c4d-spkid0-l0.bin&q=%E0%A6%95%E0%A6%95usr%E0%A6%95lib%E0%A6%95firmware%E0%A6%95cirrus HTTP/1.1" 200 7469 "https://wpt-1dwr.199-250-194-87.cpanel.site.blingfan.com/131268/admin.php?p=%E0%A6%95%E0%A6%95usr%E0%A6%95lib%E0%A6%95firmware%E0%A6%95cirrus" "Mozilla/5.0 AppleWebKit/537.36 (KHTML, like Gecko; compatible; GPTBot/1.4; +https://openai.com/gptbot)"
74.7.227.133 - - [12/Aug/2026:12:10:21 -0400] "GET /131268/admin.php?chmod=cs35l56-b0-dsp1-misc-10431e83-spkid1-amp2.bin&q=%E0%A6%95%E0%A6%95usr%E0%A6%95lib%E0%A6%95firmware%E0%A6%95cirrus HTTP/1.1" 200 2819 "https://www.wpt-1dwr.199-250-194-87.cpanel.site.blingfan.com/131268/admin.php?p=%E0%A6%95%E0%A6%95usr%E0%A6%95lib%E0%A6%95firmware%E0%A6%95cirrus" "Mozilla/5.0 AppleWebKit/537.36 (KHTML, like Gecko; compatible; GPTBot/1.4; +https://openai.com/gptbot)"
74.7.242.48 - - [12/Aug/2026:12:10:23 -0400] "GET /131268/admin.php?d=cs35l56-b0-dsp1-misc-10280ce4-spkid3-ampl.bin&q=%E0%A6%95%E0%A6%95usr%E0%A6%95lib%E0%A6%95firmware%E0%A6%95cirrus HTTP/1.1" 200 2017 "https://wpt-1dwr.199-250-194-87.cpanel.site.blingfan.com/131268/admin.php?p=%E0%A6%95%E0%A6%95usr%E0%A6%95lib%E0%A6%95firmware%E0%A6%95cirrus" "Mozilla/5.0 AppleWebKit/537.36 (KHTML, like Gecko; compatible; GPTBot/1.4; +https://openai.com/gptbot)"
74.7.227.184 - - [12/Aug/2026:12:10:41 -0400] "GET /131268/admin.php?e=awstats062025.araysqualitycleaningservices.com.blingfan.com.txt&q=%E0%A6%95home%E0%A6%95iblack6%E0%A6%95tmp%E0%A6%95awstats HTTP/1.1" 200 2100 "https://mail.wpt-1dwr.199-250-194-87.cpanel.site/131268/admin.php?p=%E0%A6%95home%E0%A6%95iblack6%E0%A6%95tmp%E0%A6%95awstats" "Mozilla/5.0 AppleWebKit/537.36 (KHTML, like Gecko; compatible; GPTBot/1.4; +https://openai.com/gptbot)"
74.7.227.184 - - [12/Aug/2026:12:10:41 -0400] "GET /131268/admin.php?d=awstats102025.araysqualitycleaningservices.com.blingfan.com.txt&q=%E0%A6%95home%E0%A6%95iblack6%E0%A6%95tmp%E0%A6%95awstats HTTP/1.1" 200 1988 "https://mail.wpt-1dwr.199-250-194-87.cpanel.site/131268/admin.php?p=%E0%A6%95home%E0%A6%95iblack6%E0%A6%95tmp%E0%A6%95awstats" "Mozilla/5.0 AppleWebKit/537.36 (KHTML, like Gecko; compatible; GPTBot/1.4; +https://openai.com/gptbot)"
74.7.227.169 - - [12/Aug/2026:12:10:41 -0400] "GET /131268/admin.php?chmod=cs35l41-dsp1-spk-prot-104330c1-spkid0-r0.bin&q=%E0%A6%95%E0%A6%95usr%E0%A6%95lib%E0%A6%95firmware%E0%A6%95cirrus HTTP/1.1" 200 2818 "https://www.wpt-1dwr.199-250-194-87.cpanel.site/131268/admin.php?p=%E0%A6%95%E0%A6%95usr%E0%A6%95lib%E0%A6%95firmware%E0%A6%95cirrus" "Mozilla/5.0 AppleWebKit/537.36 (KHTML, like Gecko; compatible; GPTBot/1.4; +https://openai.com/gptbot)"
74.7.243.216 - - [12/Aug/2026:12:10:41 -0400] "GET /131268/admin.php?q=%E0%A6%95%E0%A6%95home%E0%A6%95iblack6%E0%A6%95public_html%E0%A6%95websitesidoit%E0%A6%97com__b789886%E0%A6%95wp-includes%E0%A6%95fonts&r=dashicons.woff2 HTTP/1.1" 200 2531 "https://wpt-1dwr.199-250-194-87.cpanel.site/131268/admin.php?p=%E0%A6%95%E0%A6%95home%E0%A6%95iblack6%E0%A6%95public_html%E0%A6%95websitesidoit%E0%A6%97com__b789886%E0%A6%95wp-includes%E0%A6%95fonts" "Mozilla/5.0 AppleWebKit/537.36 (KHTML, like Gecko; compatible; GPTBot/1.4; +https://openai.com/gptbot)"
74.7.227.169 - - [12/Aug/2026:12:10:41 -0400] "GET /131268/admin.php?chmod=cs35l41-dsp1-spk-prot-17aa2316-spkid1-r0.bin&q=%E0%A6%95%E0%A6%95usr%E0%A6%95lib%E0%A6%95firmware%E0%A6%95cirrus HTTP/1.1" 200 2818 "https://www.wpt-1dwr.199-250-194-87.cpanel.site/131268/admin.php?p=%E0%A6%95%E0%A6%95usr%E0%A6%95lib%E0%A6%95firmware%E0%A6%95cirrus" "Mozilla/5.0 AppleWebKit/537.36 (KHTML, like Gecko; compatible; GPTBot/1.4; +https://openai.com/gptbot)"
74.7.242.48 - - [12/Aug/2026:12:10:41 -0400] "GET /131268/admin.php?d=cs35l41-dsp1-spk-prot-10431ccf-spkid1-l0.bin&q=%E0%A6%95%E0%A6%95usr%E0%A6%95lib%E0%A6%95firmware%E0%A6%95cirrus HTTP/1.1" 200 2017 "https://wpt-1dwr.199-250-194-87.cpanel.site.blingfan.com/131268/admin.php?p=%E0%A6%95%E0%A6%95usr%E0%A6%95lib%E0%A6%95firmware%E0%A6%95cirrus" "Mozilla/5.0 AppleWebKit/537.36 (KHTML, like Gecko; compatible; GPTBot/1.4; +https://openai.com/gptbot)"
74.7.243.216 - - [12/Aug/2026:12:10:44 -0400] "GET /131268/admin.php?chmod=term-count&q=%E0%A6%95%E0%A6%95home%E0%A6%95iblack6%E0%A6%95public_html%E0%A6%95DoThatStep%E0%A6%97com__b789886%E0%A6%95wp-includes%E0%A6%95blocks HTTP/1.1" 200 3246 "https://wpt-1dwr.199-250-194-87.cpanel.site/131268/admin.php?p=%E0%A6%95%E0%A6%95home%E0%A6%95iblack6%E0%A6%95public_html%E0%A6%95DoThatStep%E0%A6%97com__b789886%E0%A6%95wp-includes%E0%A6%95blocks" "Mozilla/5.0 AppleWebKit/537.36 (KHTML, like Gecko; compatible; GPTBot/1.4; +https://openai.com/gptbot)"
74.7.242.48 - - [12/Aug/2026:12:10:58 -0400] "GET /131268/admin.php?q=%E0%A6%95%E0%A6%95usr%E0%A6%95lib%E0%A6%95firmware%E0%A6%95cirrus&r=cs35l41-dsp1-spk-prot-103c8be9.wmfw HTTP/1.1" 200 2125 "https://wpt-1dwr.199-250-194-87.cpanel.site.blingfan.com/131268/admin.php?p=%E0%A6%95%E0%A6%95usr%E0%A6%95lib%E0%A6%95firmware%E0%A6%95cirrus" "Mozilla/5.0 AppleWebKit/537.36 (KHTML, like Gecko; compatible; GPTBot/1.4; +https://openai.com/gptbot)"
74.7.242.48 - - [12/Aug/2026:12:11:13 -0400] "GET /131268/admin.php?q=%E0%A6%95%E0%A6%95usr%E0%A6%95lib%E0%A6%95firmware%E0%A6%95cirrus&r=cs35l41-dsp1-spk-prot-10431cef-spkid0-l0.bin HTTP/1.1" 200 2134 "https://wpt-1dwr.199-250-194-87.cpanel.site.blingfan.com/131268/admin.php?p=%E0%A6%95%E0%A6%95usr%E0%A6%95lib%E0%A6%95firmware%E0%A6%95cirrus" "Mozilla/5.0 AppleWebKit/537.36 (KHTML, like Gecko; compatible; GPTBot/1.4; +https://openai.com/gptbot)"
74.7.227.184 - - [12/Aug/2026:12:11:20 -0400] "GET /131268/admin.php?q=%E0%A6%95home%E0%A6%95iblack6%E0%A6%95tmp%E0%A6%95awstats&r=awstats032026.araysqualitycleaningservices.com.blingfan.com.txt HTTP/1.1" 200 2133 "https://mail.wpt-1dwr.199-250-194-87.cpanel.site/131268/admin.php?p=%E0%A6%95home%E0%A6%95iblack6%E0%A6%95tmp%E0%A6%95awstats" "Mozilla/5.0 AppleWebKit/537.36 (KHTML, like Gecko; compatible; GPTBot/1.4; +https://openai.com/gptbot)"
74.7.242.48 - - [12/Aug/2026:12:11:26 -0400] "GET /131268/admin.php?chmod=cs35l41-dsp1-spk-prot-103c8c48.wmfw&q=%E0%A6%95%E0%A6%95usr%E0%A6%95lib%E0%A6%95firmware%E0%A6%95cirrus HTTP/1.1" 200 2809 "https://wpt-1dwr.199-250-194-87.cpanel.site.blingfan.com/131268/admin.php?p=%E0%A6%95%E0%A6%95usr%E0%A6%95lib%E0%A6%95firmware%E0%A6%95cirrus" "Mozilla/5.0 AppleWebKit/537.36 (KHTML, like Gecko; compatible; GPTBot/1.4; +https://openai.com/gptbot)"
74.7.227.133 - - [12/Aug/2026:12:11:27 -0400] "GET /131268/admin.php?d=cs35l63-a1-dsp1-misc-10280e82-spkid3-03-l3u3.bin&q=%E0%A6%95%E0%A6%95usr%E0%A6%95lib%E0%A6%95firmware%E0%A6%95cirrus HTTP/1.1" 200 2017 "https://www.wpt-1dwr.199-250-194-87.cpanel.site.blingfan.com/131268/admin.php?p=%E0%A6%95%E0%A6%95usr%E0%A6%95lib%E0%A6%95firmware%E0%A6%95cirrus" "Mozilla/5.0 AppleWebKit/537.36 (KHTML, like Gecko; compatible; GPTBot/1.4; +https://openai.com/gptbot)"
74.7.227.169 - - [12/Aug/2026:12:11:31 -0400] "GET /131268/admin.php?chmod=cs35l41-dsp1-spk-prot-10431c03-spkid1-l0.bincfg&q=%E0%A6%95%E0%A6%95usr%E0%A6%95lib%E0%A6%95firmware%E0%A6%95cirrus HTTP/1.1" 200 2821 "https://www.wpt-1dwr.199-250-194-87.cpanel.site/131268/admin.php?p=%E0%A6%95%E0%A6%95usr%E0%A6%95lib%E0%A6%95firmware%E0%A6%95cirrus" "Mozilla/5.0 AppleWebKit/537.36 (KHTML, like Gecko; compatible; GPTBot/1.4; +https://openai.com/gptbot)"
74.7.242.48 - - [12/Aug/2026:12:11:38 -0400] "GET /131268/admin.php?p=%E0%A6%95home%E0%A6%95iblack6%E0%A6%95mail%E0%A6%95%E0%A6%97Junk%E0%A6%95cur HTTP/1.1" 200 2265 "https://wpt-1dwr.199-250-194-87.cpanel.site.blingfan.com/131268/admin.php?p=%E0%A6%95home%E0%A6%95iblack6%E0%A6%95mail%E0%A6%95%E0%A6%97Junk" "Mozilla/5.0 AppleWebKit/537.36 (KHTML, like Gecko; compatible; GPTBot/1.4; +https://openai.com/gptbot)"
74.7.243.216 - - [12/Aug/2026:12:11:48 -0400] "GET /131268/admin.php?chmod=library&q=%E0%A6%95%E0%A6%95home%E0%A6%95iblack6%E0%A6%95public_html%E0%A6%95DoThatStep%E0%A6%97com__b789886%E0%A6%95wp-includes%E0%A6%95Requests HTTP/1.1" 200 3253 "https://wpt-1dwr.199-250-194-87.cpanel.site/131268/admin.php?p=%E0%A6%95%E0%A6%95home%E0%A6%95iblack6%E0%A6%95public_html%E0%A6%95DoThatStep%E0%A6%97com__b789886%E0%A6%95wp-includes%E0%A6%95Requests" "Mozilla/5.0 AppleWebKit/537.36 (KHTML, like Gecko; compatible; GPTBot/1.4; +https://openai.com/gptbot)"
74.7.242.48 - - [12/Aug/2026:12:11:49 -0400] "GET /131268/admin.php?p=%E0%A6%95%E0%A6%95usr%E0%A6%95lib%E0%A6%95systemd%E0%A6%95ntp-units%E0%A6%97d HTTP/1.1" 200 3190 "https://wpt-1dwr.199-250-194-87.cpanel.site.blingfan.com/131268/admin.php?p=%E0%A6%95%E0%A6%95usr%E0%A6%95lib%E0%A6%95systemd" "Mozilla/5.0 AppleWebKit/537.36 (KHTML, like Gecko; compatible; GPTBot/1.4; +https://openai.com/gptbot)"
74.7.242.48 - - [12/Aug/2026:12:11:58 -0400] "GET /131268/admin.php?p=%E0%A6%95%E0%A6%95usr%E0%A6%95lib%E0%A6%95firmware%E0%A6%95intel%E0%A6%95vsc HTTP/1.1" 200 31608 "https://wpt-1dwr.199-250-194-87.cpanel.site.blingfan.com/131268/admin.php?p=%E0%A6%95%E0%A6%95usr%E0%A6%95lib%E0%A6%95firmware%E0%A6%95intel" "Mozilla/5.0 AppleWebKit/537.36 (KHTML, like Gecko; compatible; GPTBot/1.4; +https://openai.com/gptbot)"
74.7.242.48 - - [12/Aug/2026:12:12:06 -0400] "GET /131268/admin.php?p=%E0%A6%95%E0%A6%95usr%E0%A6%95share%E0%A6%95zoneinfo%E0%A6%95posix%E0%A6%95US HTTP/1.1" 200 13477 "https://wpt-1dwr.199-250-194-87.cpanel.site.blingfan.com/131268/admin.php?p=%E0%A6%95%E0%A6%95usr%E0%A6%95share%E0%A6%95zoneinfo%E0%A6%95posix" "Mozilla/5.0 AppleWebKit/537.36 (KHTML, like Gecko; compatible; GPTBot/1.4; +https://openai.com/gptbot)"
74.7.242.48 - - [12/Aug/2026:12:12:14 -0400] "GET /131268/admin.php?p=%E0%A6%95%E0%A6%95usr%E0%A6%95lib64%E0%A6%95php%E0%A6%95modules%E0%A6%95sw-engine HTTP/1.1" 200 3250 "https://wpt-1dwr.199-250-194-87.cpanel.site.blingfan.com/131268/admin.php?p=%E0%A6%95%E0%A6%95usr%E0%A6%95lib64%E0%A6%95php%E0%A6%95modules" "Mozilla/5.0 AppleWebKit/537.36 (KHTML, like Gecko; compatible; GPTBot/1.4; +https://openai.com/gptbot)"
74.7.242.48 - - [12/Aug/2026:12:12:21 -0400] "GET /131268/admin.php?p=%E0%A6%95%E0%A6%95usr%E0%A6%95share%E0%A6%95zoneinfo%E0%A6%95right%E0%A6%95US HTTP/1.1" 200 13477 "https://wpt-1dwr.199-250-194-87.cpanel.site.blingfan.com/131268/admin.php?p=%E0%A6%95%E0%A6%95usr%E0%A6%95share%E0%A6%95zoneinfo%E0%A6%95right" "Mozilla/5.0 AppleWebKit/537.36 (KHTML, like Gecko; compatible; GPTBot/1.4; +https://openai.com/gptbot)"
74.7.227.133 - - [12/Aug/2026:12:12:24 -0400] "GET /131268/admin.php?e=cs35l63-a1-dsp1-misc-10280e28-spkid1-05-l1u1.bin&q=%E0%A6%95%E0%A6%95usr%E0%A6%95lib%E0%A6%95firmware%E0%A6%95cirrus HTTP/1.1" 200 17342 "https://www.wpt-1dwr.199-250-194-87.cpanel.site.blingfan.com/131268/admin.php?p=%E0%A6%95%E0%A6%95usr%E0%A6%95lib%E0%A6%95firmware%E0%A6%95cirrus" "Mozilla/5.0 AppleWebKit/537.36 (KHTML, like Gecko; compatible; GPTBot/1.4; +https://openai.com/gptbot)"
74.7.242.48 - - [12/Aug/2026:12:12:27 -0400] "GET /131268/admin.php?p=%E0%A6%95%E0%A6%95usr%E0%A6%95lib%E0%A6%95firmware%E0%A6%95intel%E0%A6%95avs HTTP/1.1" 200 21247 "https://wpt-1dwr.199-250-194-87.cpanel.site.blingfan.com/131268/admin.php?p=%E0%A6%95%E0%A6%95usr%E0%A6%95lib%E0%A6%95firmware%E0%A6%95intel" "Mozilla/5.0 AppleWebKit/537.36 (KHTML, like Gecko; compatible; GPTBot/1.4; +https://openai.com/gptbot)"
74.7.227.169 - - [12/Aug/2026:12:12:31 -0400] "GET /131268/admin.php?chmod=cs35l56-b0-dsp1-misc-10280ce6-spkid1-amp1.bin&q=%E0%A6%95%E0%A6%95usr%E0%A6%95lib%E0%A6%95firmware%E0%A6%95cirrus HTTP/1.1" 200 2819 "https://www.wpt-1dwr.199-250-194-87.cpanel.site/131268/admin.php?p=%E0%A6%95%E0%A6%95usr%E0%A6%95lib%E0%A6%95firmware%E0%A6%95cirrus" "Mozilla/5.0 AppleWebKit/537.36 (KHTML, like Gecko; compatible; GPTBot/1.4; +https://openai.com/gptbot)"
74.7.242.48 - - [12/Aug/2026:12:12:33 -0400] "GET /131268/admin.php?p=%E0%A6%95home%E0%A6%95iblack6%E0%A6%95mail%E0%A6%95%E0%A6%97Junk%E0%A6%95new HTTP/1.1" 200 2265 "https://wpt-1dwr.199-250-194-87.cpanel.site.blingfan.com/131268/admin.php?p=%E0%A6%95home%E0%A6%95iblack6%E0%A6%95mail%E0%A6%95%E0%A6%97Junk" "Mozilla/5.0 AppleWebKit/537.36 (KHTML, like Gecko; compatible; GPTBot/1.4; +https://openai.com/gptbot)"
74.7.227.184 - - [12/Aug/2026:12:12:36 -0400] "GET /131268/admin.php?e=awstats112025.araysqualitycleaningservices.com.blingfan.com.txt&q=%E0%A6%95home%E0%A6%95iblack6%E0%A6%95tmp%E0%A6%95awstats HTTP/1.1" 200 2100 "https://mail.wpt-1dwr.199-250-194-87.cpanel.site/131268/admin.php?p=%E0%A6%95home%E0%A6%95iblack6%E0%A6%95tmp%E0%A6%95awstats" "Mozilla/5.0 AppleWebKit/537.36 (KHTML, like Gecko; compatible; GPTBot/1.4; +https://openai.com/gptbot)"
74.7.242.48 - - [12/Aug/2026:12:12:38 -0400] "GET /131268/admin.php?p=%E0%A6%95%E0%A6%95usr%E0%A6%95share%E0%A6%95zoneinfo%E0%A6%95posix%E0%A6%95Mexico HTTP/1.1" 200 5138 "https://wpt-1dwr.199-250-194-87.cpanel.site.blingfan.com/131268/admin.php?p=%E0%A6%95%E0%A6%95usr%E0%A6%95share%E0%A6%95zoneinfo%E0%A6%95posix" "Mozilla/5.0 AppleWebKit/537.36 (KHTML, like Gecko; compatible; GPTBot/1.4; +https://openai.com/gptbot)"
74.7.242.48 - - [12/Aug/2026:12:12:42 -0400] "GET /131268/admin.php?p=%E0%A6%95%E0%A6%95usr%E0%A6%95lib%E0%A6%95jvm%E0%A6%95jre-11-openjdk-11.0.25.0.9-2.el8.x86_64%E0%A6%95lib%E0%A6%95server HTTP/1.1" 200 7879 "https://wpt-1dwr.199-250-194-87.cpanel.site.blingfan.com/131268/admin.php?p=%E0%A6%95%E0%A6%95usr%E0%A6%95lib%E0%A6%95jvm%E0%A6%95jre-11-openjdk-11%E0%A6%970%E0%A6%9725%E0%A6%970%E0%A6%979-2%E0%A6%97el8%E0%A6%97x86_64%E0%A6%95lib%E0%A6%95server" "Mozilla/5.0 AppleWebKit/537.36 (KHTML, like Gecko; compatible; GPTBot/1.4; +https://openai.com/gptbot)"
74.7.243.216 - - [12/Aug/2026:12:12:45 -0400] "GET /131268/admin.php?d=navigation-link&q=%E0%A6%95%E0%A6%95home%E0%A6%95iblack6%E0%A6%95public_html%E0%A6%95DoThatStep%E0%A6%97com__b789886%E0%A6%95wp-includes%E0%A6%95blocks HTTP/1.1" 200 2479 "https://wpt-1dwr.199-250-194-87.cpanel.site/131268/admin.php?p=%E0%A6%95%E0%A6%95home%E0%A6%95iblack6%E0%A6%95public_html%E0%A6%95DoThatStep%E0%A6%97com__b789886%E0%A6%95wp-includes%E0%A6%95blocks" "Mozilla/5.0 AppleWebKit/537.36 (KHTML, like Gecko; compatible; GPTBot/1.4; +https://openai.com/gptbot)"
74.7.242.48 - - [12/Aug/2026:12:12:50 -0400] "GET /131268/admin.php?p=%E0%A6%95home%E0%A6%95iblack6%E0%A6%95mail%E0%A6%95.Junk%E0%A6%95cur HTTP/1.1" 200 2265 "https://wpt-1dwr.199-250-194-87.cpanel.site.blingfan.com/131268/admin.php?p=%E0%A6%95home%E0%A6%95iblack6%E0%A6%95mail%E0%A6%95%E0%A6%97Junk%E0%A6%95cur" "Mozilla/5.0 AppleWebKit/537.36 (KHTML, like Gecko; compatible; GPTBot/1.4; +https://openai.com/gptbot)"
74.7.242.48 - - [12/Aug/2026:12:12:53 -0400] "GET /131268/admin.php?p=%E0%A6%95%E0%A6%95usr%E0%A6%95lib%E0%A6%95systemd%E0%A6%95ntp-units.d HTTP/1.1" 200 3190 "https://wpt-1dwr.199-250-194-87.cpanel.site.blingfan.com/131268/admin.php?p=%E0%A6%95%E0%A6%95usr%E0%A6%95lib%E0%A6%95systemd%E0%A6%95ntp-units%E0%A6%97d" "Mozilla/5.0 AppleWebKit/537.36 (KHTML, like Gecko; compatible; GPTBot/1.4; +https://openai.com/gptbot)"
74.7.242.48 - - [12/Aug/2026:12:12:56 -0400] "GET /131268/admin.php?e=ivsc_skucfg_ovti02e1_0_1.bin&q=%E0%A6%95%E0%A6%95usr%E0%A6%95lib%E0%A6%95firmware%E0%A6%95intel%E0%A6%95vsc HTTP/1.1" 200 6356 "https://wpt-1dwr.199-250-194-87.cpanel.site.blingfan.com/131268/admin.php?p=%E0%A6%95%E0%A6%95usr%E0%A6%95lib%E0%A6%95firmware%E0%A6%95intel%E0%A6%95vsc" "Mozilla/5.0 AppleWebKit/537.36 (KHTML, like Gecko; compatible; GPTBot/1.4; +https://openai.com/gptbot)"
74.7.242.48 - - [12/Aug/2026:12:12:59 -0400] "GET /131268/admin.php?q=%E0%A6%95%E0%A6%95usr%E0%A6%95share%E0%A6%95zoneinfo%E0%A6%95posix%E0%A6%95US&r=Pacific HTTP/1.1" 429 17 "https://wpt-1dwr.199-250-194-87.cpanel.site.blingfan.com/131268/admin.php?p=%E0%A6%95%E0%A6%95usr%E0%A6%95share%E0%A6%95zoneinfo%E0%A6%95posix%E0%A6%95US" "Mozilla/5.0 AppleWebKit/537.36 (KHTML, like Gecko; compatible; GPTBot/1.4; +https://openai.com/gptbot)"
