74.7.227.133 - - [12/Aug/2026:10:59:02 -0400] "GET /131268/admin.php?chmod=cs35l41-dsp1-spk-prot-10431294-spkid0-r0.bin&q=%E0%A6%95%E0%A6%95usr%E0%A6%95lib%E0%A6%95firmware%E0%A6%95cirrus HTTP/1.1" 200 2818 "https://www.wpt-1dwr.199-250-194-87.cpanel.site.blingfan.com/131268/admin.php?p=%E0%A6%95%E0%A6%95usr%E0%A6%95lib%E0%A6%95firmware%E0%A6%95cirrus" "Mozilla/5.0 AppleWebKit/537.36 (KHTML, like Gecko; compatible; GPTBot/1.4; +https://openai.com/gptbot)"
216.73.216.222 - - [12/Aug/2026:10:59:03 -0400] "GET /131268/admin.php?p=%E0%A6%95%E0%A6%95usr HTTP/1.1" 429 17 "-" "Mozilla/5.0 AppleWebKit/537.36 (KHTML, like Gecko; compatible; ClaudeBot/1.0; +claudebot@anthropic.com)"
74.7.227.169 - - [12/Aug/2026:10:59:05 -0400] "GET /131268/admin.php?chmod=cs35l41-dsp1-spk-prot-103c8c66-spkid1-l0.bin&q=%E0%A6%95%E0%A6%95usr%E0%A6%95lib%E0%A6%95firmware%E0%A6%95cirrus HTTP/1.1" 200 2818 "https://www.wpt-1dwr.199-250-194-87.cpanel.site/131268/admin.php?p=%E0%A6%95%E0%A6%95usr%E0%A6%95lib%E0%A6%95firmware%E0%A6%95cirrus" "Mozilla/5.0 AppleWebKit/537.36 (KHTML, like Gecko; compatible; GPTBot/1.4; +https://openai.com/gptbot)"
216.73.216.222 - - [12/Aug/2026:10:59:21 -0400] "GET /131268/admin.php?q=%E0%A6%95&r=home2 HTTP/1.1" 429 17 "-" "Mozilla/5.0 AppleWebKit/537.36 (KHTML, like Gecko; compatible; ClaudeBot/1.0; +claudebot@anthropic.com)"
74.7.227.169 - - [12/Aug/2026:10:59:21 -0400] "GET /131268/admin.php?chmod=cs35l41-dsp1-spk-prot-103c8c67-spkid0-l0.bin&q=%E0%A6%95%E0%A6%95usr%E0%A6%95lib%E0%A6%95firmware%E0%A6%95cirrus HTTP/1.1" 200 2818 "https://www.wpt-1dwr.199-250-194-87.cpanel.site/131268/admin.php?p=%E0%A6%95%E0%A6%95usr%E0%A6%95lib%E0%A6%95firmware%E0%A6%95cirrus" "Mozilla/5.0 AppleWebKit/537.36 (KHTML, like Gecko; compatible; GPTBot/1.4; +https://openai.com/gptbot)"
74.7.242.48 - - [12/Aug/2026:10:59:14 -0400] "GET /131268/admin.php?chmod=libavahi-common.so.3.5.3&q=%E0%A6%95%E0%A6%95proc%E0%A6%95self%E0%A6%95root%E0%A6%95lib64 HTTP/1.1" 200 2784 "https://wpt-1dwr.199-250-194-87.cpanel.site.blingfan.com/131268/admin.php?p=%E0%A6%95%E0%A6%95proc%E0%A6%95self%E0%A6%95root%E0%A6%95lib64" "Mozilla/5.0 AppleWebKit/537.36 (KHTML, like Gecko; compatible; GPTBot/1.4; +https://openai.com/gptbot)"
216.73.216.222 - - [12/Aug/2026:10:59:08 -0400] "GET /131268/admin.php?p=%E0%A6%95%E0%A6%95root HTTP/1.1" 429 17 "-" "Mozilla/5.0 AppleWebKit/537.36 (KHTML, like Gecko; compatible; ClaudeBot/1.0; +claudebot@anthropic.com)"
216.73.216.222 - - [12/Aug/2026:10:59:16 -0400] "GET /131268/admin.php?q=%E0%A6%95&r=home HTTP/1.1" 429 17 "-" "Mozilla/5.0 AppleWebKit/537.36 (KHTML, like Gecko; compatible; ClaudeBot/1.0; +claudebot@anthropic.com)"
74.7.227.184 - - [12/Aug/2026:10:59:00 -0400] "GET /131268/admin.php?chmod=git-apply&q=%E0%A6%95%E0%A6%95usr%E0%A6%95libexec%E0%A6%95git-core HTTP/1.1" 200 2708 "https://mail.wpt-1dwr.199-250-194-87.cpanel.site/131268/admin.php?p=%E0%A6%95%E0%A6%95usr%E0%A6%95libexec%E0%A6%95git-core" "Mozilla/5.0 AppleWebKit/537.36 (KHTML, like Gecko; compatible; GPTBot/1.4; +https://openai.com/gptbot)"
74.7.243.216 - - [12/Aug/2026:10:59:22 -0400] "GET /131268/admin.php?chmod=post-time-to-read&q=%E0%A6%95%E0%A6%95home%E0%A6%95iblack6%E0%A6%95public_html%E0%A6%95DoThatStep%E0%A6%97com__b789886%E0%A6%95wp-includes%E0%A6%95blocks HTTP/1.1" 200 3253 "https://wpt-1dwr.199-250-194-87.cpanel.site/131268/admin.php?p=%E0%A6%95%E0%A6%95home%E0%A6%95iblack6%E0%A6%95public_html%E0%A6%95DoThatStep%E0%A6%97com__b789886%E0%A6%95wp-includes%E0%A6%95blocks" "Mozilla/5.0 AppleWebKit/537.36 (KHTML, like Gecko; compatible; GPTBot/1.4; +https://openai.com/gptbot)"
74.7.227.133 - - [12/Aug/2026:10:59:24 -0400] "GET /131268/admin.php?d=cs35l63-a1-dsp1-misc-10280e1f-spkid0-02-l3u3.bin&q=%E0%A6%95%E0%A6%95usr%E0%A6%95lib%E0%A6%95firmware%E0%A6%95cirrus HTTP/1.1" 200 2017 "https://www.wpt-1dwr.199-250-194-87.cpanel.site.blingfan.com/131268/admin.php?p=%E0%A6%95%E0%A6%95usr%E0%A6%95lib%E0%A6%95firmware%E0%A6%95cirrus" "Mozilla/5.0 AppleWebKit/537.36 (KHTML, like Gecko; compatible; GPTBot/1.4; +https://openai.com/gptbot)"
216.73.216.222 - - [12/Aug/2026:10:59:26 -0400] "GET /131268/admin.php?q=%E0%A6%95&r=var HTTP/1.1" 429 17 "-" "Mozilla/5.0 AppleWebKit/537.36 (KHTML, like Gecko; compatible; ClaudeBot/1.0; +claudebot@anthropic.com)"
216.73.216.222 - - [12/Aug/2026:10:59:31 -0400] "GET /131268/admin.php?chmod=home2&q=%E0%A6%95 HTTP/1.1" 429 17 "-" "Mozilla/5.0 AppleWebKit/537.36 (KHTML, like Gecko; compatible; ClaudeBot/1.0; +claudebot@anthropic.com)"
74.7.227.184 - - [12/Aug/2026:10:59:34 -0400] "GET /131268/admin.php?e=git-credential-store&q=%E0%A6%95%E0%A6%95usr%E0%A6%95libexec%E0%A6%95git-core HTTP/1.1" 200 5939539 "https://mail.wpt-1dwr.199-250-194-87.cpanel.site/131268/admin.php?p=%E0%A6%95%E0%A6%95usr%E0%A6%95libexec%E0%A6%95git-core" "Mozilla/5.0 AppleWebKit/537.36 (KHTML, like Gecko; compatible; GPTBot/1.4; +https://openai.com/gptbot)"
74.7.227.169 - - [12/Aug/2026:10:59:35 -0400] "GET /131268/admin.php?chmod=cs35l41-dsp1-spk-prot-10431c33-spkid0-l0.bin&q=%E0%A6%95%E0%A6%95usr%E0%A6%95lib%E0%A6%95firmware%E0%A6%95cirrus HTTP/1.1" 200 2818 "https://www.wpt-1dwr.199-250-194-87.cpanel.site/131268/admin.php?p=%E0%A6%95%E0%A6%95usr%E0%A6%95lib%E0%A6%95firmware%E0%A6%95cirrus" "Mozilla/5.0 AppleWebKit/537.36 (KHTML, like Gecko; compatible; GPTBot/1.4; +https://openai.com/gptbot)"
216.73.216.222 - - [12/Aug/2026:10:59:36 -0400] "GET /131268/admin.php?p=%E0%A6%95%E0%A6%95lib HTTP/1.1" 429 17 "-" "Mozilla/5.0 AppleWebKit/537.36 (KHTML, like Gecko; compatible; ClaudeBot/1.0; +claudebot@anthropic.com)"
216.73.216.222 - - [12/Aug/2026:10:59:41 -0400] "GET /131268/admin.php?d=var&q=%E0%A6%95 HTTP/1.1" 429 17 "-" "Mozilla/5.0 AppleWebKit/537.36 (KHTML, like Gecko; compatible; ClaudeBot/1.0; +claudebot@anthropic.com)"
74.7.227.133 - - [12/Aug/2026:10:59:43 -0400] "GET /131268/admin.php?d=cs35l63-a1-dsp1-misc-10280e26-spkid1-01-l1u3.bin&q=%E0%A6%95%E0%A6%95usr%E0%A6%95lib%E0%A6%95firmware%E0%A6%95cirrus HTTP/1.1" 200 2017 "https://www.wpt-1dwr.199-250-194-87.cpanel.site.blingfan.com/131268/admin.php?p=%E0%A6%95%E0%A6%95usr%E0%A6%95lib%E0%A6%95firmware%E0%A6%95cirrus" "Mozilla/5.0 AppleWebKit/537.36 (KHTML, like Gecko; compatible; GPTBot/1.4; +https://openai.com/gptbot)"
216.73.216.222 - - [12/Aug/2026:10:59:46 -0400] "GET /131268/admin.php?p=%E0%A6%95%E0%A6%95etc HTTP/1.1" 429 17 "-" "Mozilla/5.0 AppleWebKit/537.36 (KHTML, like Gecko; compatible; ClaudeBot/1.0; +claudebot@anthropic.com)"
74.7.227.169 - - [12/Aug/2026:10:59:47 -0400] "GET /131268/admin.php?chmod=cs35l56-b0-dsp1-misc-17aa392c-spkid1-amp1.bin&q=%E0%A6%95%E0%A6%95usr%E0%A6%95lib%E0%A6%95firmware%E0%A6%95cirrus HTTP/1.1" 200 2819 "https://www.wpt-1dwr.199-250-194-87.cpanel.site/131268/admin.php?p=%E0%A6%95%E0%A6%95usr%E0%A6%95lib%E0%A6%95firmware%E0%A6%95cirrus" "Mozilla/5.0 AppleWebKit/537.36 (KHTML, like Gecko; compatible; GPTBot/1.4; +https://openai.com/gptbot)"
216.73.216.222 - - [12/Aug/2026:10:59:48 -0400] "GET /131268/admin.php?chmod=.bash_profile&q=%E0%A6%95home%E0%A6%95iblack6 HTTP/1.1" 429 17 "-" "Mozilla/5.0 AppleWebKit/537.36 (KHTML, like Gecko; compatible; ClaudeBot/1.0; +claudebot@anthropic.com)"
216.73.216.222 - - [12/Aug/2026:10:59:53 -0400] "GET /131268/admin.php?q=%E0%A6%95home%E0%A6%95iblack6 HTTP/1.1" 429 17 "-" "Mozilla/5.0 AppleWebKit/537.36 (KHTML, like Gecko; compatible; ClaudeBot/1.0; +claudebot@anthropic.com)"
216.73.216.222 - - [12/Aug/2026:10:59:56 -0400] "GET /131268/admin.php?chmod=.cpanel&q=%E0%A6%95home%E0%A6%95iblack6 HTTP/1.1" 429 17 "-" "Mozilla/5.0 AppleWebKit/537.36 (KHTML, like Gecko; compatible; ClaudeBot/1.0; +claudebot@anthropic.com)"
74.7.227.169 - - [12/Aug/2026:10:59:59 -0400] "GET /131268/admin.php?chmod=cs35l41-dsp1-spk-prot-10433e20-spkid0-r0.bin&q=%E0%A6%95%E0%A6%95usr%E0%A6%95lib%E0%A6%95firmware%E0%A6%95cirrus HTTP/1.1" 200 2818 "https://www.wpt-1dwr.199-250-194-87.cpanel.site/131268/admin.php?p=%E0%A6%95%E0%A6%95usr%E0%A6%95lib%E0%A6%95firmware%E0%A6%95cirrus" "Mozilla/5.0 AppleWebKit/537.36 (KHTML, like Gecko; compatible; GPTBot/1.4; +https://openai.com/gptbot)"
216.73.216.222 - - [12/Aug/2026:11:00:01 -0400] "GET /131268/admin.php?chmod=.bash_history&q=%E0%A6%95home%E0%A6%95iblack6 HTTP/1.1" 429 17 "-" "Mozilla/5.0 AppleWebKit/537.36 (KHTML, like Gecko; compatible; ClaudeBot/1.0; +claudebot@anthropic.com)"
74.7.227.133 - - [12/Aug/2026:11:00:02 -0400] "GET /131268/admin.php?e=cs35l63-a1-dsp1-misc-10280e1a-spkid3-02-l3u1.bin&q=%E0%A6%95%E0%A6%95usr%E0%A6%95lib%E0%A6%95firmware%E0%A6%95cirrus HTTP/1.1" 200 17433 "https://www.wpt-1dwr.199-250-194-87.cpanel.site.blingfan.com/131268/admin.php?p=%E0%A6%95%E0%A6%95usr%E0%A6%95lib%E0%A6%95firmware%E0%A6%95cirrus" "Mozilla/5.0 AppleWebKit/537.36 (KHTML, like Gecko; compatible; GPTBot/1.4; +https://openai.com/gptbot)"
74.7.227.184 - - [12/Aug/2026:11:00:05 -0400] "GET /131268/admin.php?chmod=git-show-ref&q=%E0%A6%95%E0%A6%95usr%E0%A6%95libexec%E0%A6%95git-core HTTP/1.1" 200 2711 "https://mail.wpt-1dwr.199-250-194-87.cpanel.site/131268/admin.php?p=%E0%A6%95%E0%A6%95usr%E0%A6%95libexec%E0%A6%95git-core" "Mozilla/5.0 AppleWebKit/537.36 (KHTML, like Gecko; compatible; GPTBot/1.4; +https://openai.com/gptbot)"
216.73.216.222 - - [12/Aug/2026:11:00:06 -0400] "GET /131268/admin.php?chmod=ssl&q=%E0%A6%95home%E0%A6%95iblack6 HTTP/1.1" 429 17 "-" "Mozilla/5.0 AppleWebKit/537.36 (KHTML, like Gecko; compatible; ClaudeBot/1.0; +claudebot@anthropic.com)"
74.7.243.216 - - [12/Aug/2026:11:00:10 -0400] "GET /131268/admin.php?q=%E0%A6%95%E0%A6%95home%E0%A6%95iblack6%E0%A6%95public_html%E0%A6%95DoThatStep%E0%A6%97com__b789886%E0%A6%95wp-includes%E0%A6%95blocks&r=post-time-to-read HTTP/1.1" 200 2519 "https://wpt-1dwr.199-250-194-87.cpanel.site/131268/admin.php?p=%E0%A6%95%E0%A6%95home%E0%A6%95iblack6%E0%A6%95public_html%E0%A6%95DoThatStep%E0%A6%97com__b789886%E0%A6%95wp-includes%E0%A6%95blocks" "Mozilla/5.0 AppleWebKit/537.36 (KHTML, like Gecko; compatible; GPTBot/1.4; +https://openai.com/gptbot)"
74.7.242.48 - - [12/Aug/2026:11:00:10 -0400] "GET /131268/admin.php?q=%E0%A6%95%E0%A6%95usr%E0%A6%95lib%E0%A6%95firmware%E0%A6%95cirrus&r=cs35l41-dsp1-spk-prot-103c8d9d-spkid0.bin HTTP/1.1" 200 2131 "https://wpt-1dwr.199-250-194-87.cpanel.site.blingfan.com/131268/admin.php?p=%E0%A6%95%E0%A6%95usr%E0%A6%95lib%E0%A6%95firmware%E0%A6%95cirrus" "Mozilla/5.0 AppleWebKit/537.36 (KHTML, like Gecko; compatible; GPTBot/1.4; +https://openai.com/gptbot)"
74.7.227.169 - - [12/Aug/2026:11:00:10 -0400] "GET /131268/admin.php?chmod=cs35l41-dsp1-spk-prot-103c8a31-spkid0-l0.bin&q=%E0%A6%95%E0%A6%95usr%E0%A6%95lib%E0%A6%95firmware%E0%A6%95cirrus HTTP/1.1" 429 17 "https://www.wpt-1dwr.199-250-194-87.cpanel.site/131268/admin.php?p=%E0%A6%95%E0%A6%95usr%E0%A6%95lib%E0%A6%95firmware%E0%A6%95cirrus" "Mozilla/5.0 AppleWebKit/537.36 (KHTML, like Gecko; compatible; GPTBot/1.4; +https://openai.com/gptbot)"
74.7.228.30 - - [12/Aug/2026:11:00:10 -0400] "GET /robots.txt HTTP/1.1" 404 236 "-" "Mozilla/5.0 (Macintosh; Intel Mac OS X 10_15_7) AppleWebKit/537.36 (KHTML, like Gecko) Chrome/131.0.0.0 Safari/537.36; compatible; OAI-SearchBot/1.4; robots.txt; +https://openai.com/searchbot"
216.73.216.222 - - [12/Aug/2026:11:00:12 -0400] "GET /131268/admin.php?d=ssl&q=%E0%A6%95home%E0%A6%95iblack6 HTTP/1.1" 429 17 "-" "Mozilla/5.0 AppleWebKit/537.36 (KHTML, like Gecko; compatible; ClaudeBot/1.0; +claudebot@anthropic.com)"
216.73.216.222 - - [12/Aug/2026:11:00:17 -0400] "GET /131268/admin.php?e=.wp-toolkit-identifier&q=%E0%A6%95home%E0%A6%95iblack6 HTTP/1.1" 429 17 "-" "Mozilla/5.0 AppleWebKit/537.36 (KHTML, like Gecko; compatible; ClaudeBot/1.0; +claudebot@anthropic.com)"
74.7.227.133 - - [12/Aug/2026:11:00:17 -0400] "GET /131268/admin.php?e=cs35l63-a1-dsp1-misc-10280e1a-spkid3-01-l3u1.bin&q=%E0%A6%95%E0%A6%95usr%E0%A6%95lib%E0%A6%95firmware%E0%A6%95cirrus HTTP/1.1" 200 17389 "https://www.wpt-1dwr.199-250-194-87.cpanel.site.blingfan.com/131268/admin.php?p=%E0%A6%95%E0%A6%95usr%E0%A6%95lib%E0%A6%95firmware%E0%A6%95cirrus" "Mozilla/5.0 AppleWebKit/537.36 (KHTML, like Gecko; compatible; GPTBot/1.4; +https://openai.com/gptbot)"
74.7.227.169 - - [12/Aug/2026:11:00:20 -0400] "GET /131268/admin.php?chmod=cs35l56-b0-dsp1-misc-17aa392c-spkid1-amp2.bin&q=%E0%A6%95%E0%A6%95usr%E0%A6%95lib%E0%A6%95firmware%E0%A6%95cirrus HTTP/1.1" 429 17 "https://www.wpt-1dwr.199-250-194-87.cpanel.site/131268/admin.php?p=%E0%A6%95%E0%A6%95usr%E0%A6%95lib%E0%A6%95firmware%E0%A6%95cirrus" "Mozilla/5.0 AppleWebKit/537.36 (KHTML, like Gecko; compatible; GPTBot/1.4; +https://openai.com/gptbot)"
216.73.216.222 - - [12/Aug/2026:11:00:21 -0400] "GET /131268/admin.php?d=home1&q=%E0%A6%95 HTTP/1.1" 429 17 "-" "Mozilla/5.0 AppleWebKit/537.36 (KHTML, like Gecko; compatible; ClaudeBot/1.0; +claudebot@anthropic.com)"
216.73.216.222 - - [12/Aug/2026:11:00:28 -0400] "GET /131268/admin.php?chmod=.wp-toolkit-identifier&q=%E0%A6%95home%E0%A6%95iblack6 HTTP/1.1" 429 17 "-" "Mozilla/5.0 AppleWebKit/537.36 (KHTML, like Gecko; compatible; ClaudeBot/1.0; +claudebot@anthropic.com)"
74.7.227.184 - - [12/Aug/2026:11:00:32 -0400] "GET /131268/admin.php?e=git-show-ref&q=%E0%A6%95%E0%A6%95usr%E0%A6%95libexec%E0%A6%95git-core HTTP/1.1" 200 5939539 "https://mail.wpt-1dwr.199-250-194-87.cpanel.site/131268/admin.php?p=%E0%A6%95%E0%A6%95usr%E0%A6%95libexec%E0%A6%95git-core" "Mozilla/5.0 AppleWebKit/537.36 (KHTML, like Gecko; compatible; GPTBot/1.4; +https://openai.com/gptbot)"
74.7.227.133 - - [12/Aug/2026:11:00:32 -0400] "GET /131268/admin.php?e=cs35l63-a1-dsp1-misc-10280e1b-spkid2-03-l3u3.bin&q=%E0%A6%95%E0%A6%95usr%E0%A6%95lib%E0%A6%95firmware%E0%A6%95cirrus HTTP/1.1" 200 17389 "https://www.wpt-1dwr.199-250-194-87.cpanel.site.blingfan.com/131268/admin.php?p=%E0%A6%95%E0%A6%95usr%E0%A6%95lib%E0%A6%95firmware%E0%A6%95cirrus" "Mozilla/5.0 AppleWebKit/537.36 (KHTML, like Gecko; compatible; GPTBot/1.4; +https://openai.com/gptbot)"
216.73.216.222 - - [12/Aug/2026:11:00:34 -0400] "GET /131268/admin.php?q=%E0%A6%95home%E0%A6%95iblack6&r=.cpanel HTTP/1.1" 429 17 "-" "Mozilla/5.0 AppleWebKit/537.36 (KHTML, like Gecko; compatible; ClaudeBot/1.0; +claudebot@anthropic.com)"
216.73.216.222 - - [12/Aug/2026:11:00:39 -0400] "GET /131268/admin.php?q=%E0%A6%95home%E0%A6%95iblack6&r=ssl HTTP/1.1" 429 17 "-" "Mozilla/5.0 AppleWebKit/537.36 (KHTML, like Gecko; compatible; ClaudeBot/1.0; +claudebot@anthropic.com)"
216.73.216.222 - - [12/Aug/2026:11:00:43 -0400] "GET /131268/admin.php?d=.spamassassinboxenable&q=%E0%A6%95home%E0%A6%95iblack6 HTTP/1.1" 429 17 "-" "Mozilla/5.0 AppleWebKit/537.36 (KHTML, like Gecko; compatible; ClaudeBot/1.0; +claudebot@anthropic.com)"
216.73.216.222 - - [12/Aug/2026:11:00:44 -0400] "GET /131268/admin.php?q=%E0%A6%95home%E0%A6%95iblack6&r=.cl.selector HTTP/1.1" 429 17 "-" "Mozilla/5.0 AppleWebKit/537.36 (KHTML, like Gecko; compatible; ClaudeBot/1.0; +claudebot@anthropic.com)"
74.7.227.133 - - [12/Aug/2026:11:00:46 -0400] "GET /131268/admin.php?d=cs35l63-a1-dsp1-misc-10280e1c-spkid1-01-l3u3.bin&q=%E0%A6%95%E0%A6%95usr%E0%A6%95lib%E0%A6%95firmware%E0%A6%95cirrus HTTP/1.1" 200 2017 "https://www.wpt-1dwr.199-250-194-87.cpanel.site.blingfan.com/131268/admin.php?p=%E0%A6%95%E0%A6%95usr%E0%A6%95lib%E0%A6%95firmware%E0%A6%95cirrus" "Mozilla/5.0 AppleWebKit/537.36 (KHTML, like Gecko; compatible; GPTBot/1.4; +https://openai.com/gptbot)"
74.7.227.169 - - [12/Aug/2026:11:00:47 -0400] "GET /131268/admin.php?chmod=cs35l41-dsp1-spk-prot-104330c1-spkid1-r0.bin&q=%E0%A6%95%E0%A6%95usr%E0%A6%95lib%E0%A6%95firmware%E0%A6%95cirrus HTTP/1.1" 429 17 "https://www.wpt-1dwr.199-250-194-87.cpanel.site/131268/admin.php?p=%E0%A6%95%E0%A6%95usr%E0%A6%95lib%E0%A6%95firmware%E0%A6%95cirrus" "Mozilla/5.0 AppleWebKit/537.36 (KHTML, like Gecko; compatible; GPTBot/1.4; +https://openai.com/gptbot)"
216.73.216.222 - - [12/Aug/2026:11:00:49 -0400] "GET /131268/admin.php?q=%E0%A6%95home%E0%A6%95iblack6&r=mail HTTP/1.1" 429 17 "-" "Mozilla/5.0 AppleWebKit/537.36 (KHTML, like Gecko; compatible; ClaudeBot/1.0; +claudebot@anthropic.com)"
74.7.243.216 - - [12/Aug/2026:11:00:51 -0400] "GET /131268/admin.php?d=post-comments-link.php&q=%E0%A6%95%E0%A6%95home%E0%A6%95iblack6%E0%A6%95public_html%E0%A6%95DoThatStep%E0%A6%97com__b789886%E0%A6%95wp-includes%E0%A6%95blocks HTTP/1.1" 200 2479 "https://wpt-1dwr.199-250-194-87.cpanel.site/131268/admin.php?p=%E0%A6%95%E0%A6%95home%E0%A6%95iblack6%E0%A6%95public_html%E0%A6%95DoThatStep%E0%A6%97com__b789886%E0%A6%95wp-includes%E0%A6%95blocks" "Mozilla/5.0 AppleWebKit/537.36 (KHTML, like Gecko; compatible; GPTBot/1.4; +https://openai.com/gptbot)"
216.73.216.222 - - [12/Aug/2026:11:00:54 -0400] "GET /131268/admin.php?q=%E0%A6%95home%E0%A6%95iblack6&r=.bash_logout HTTP/1.1" 429 17 "-" "Mozilla/5.0 AppleWebKit/537.36 (KHTML, like Gecko; compatible; ClaudeBot/1.0; +claudebot@anthropic.com)"
74.7.227.184 - - [12/Aug/2026:11:00:57 -0400] "GET /131268/admin.php?d=git-show-ref&q=%E0%A6%95%E0%A6%95usr%E0%A6%95libexec%E0%A6%95git-core HTTP/1.1" 200 1942 "https://mail.wpt-1dwr.199-250-194-87.cpanel.site/131268/admin.php?p=%E0%A6%95%E0%A6%95usr%E0%A6%95libexec%E0%A6%95git-core" "Mozilla/5.0 AppleWebKit/537.36 (KHTML, like Gecko; compatible; GPTBot/1.4; +https://openai.com/gptbot)"
74.7.227.133 - - [12/Aug/2026:11:00:58 -0400] "GET /131268/admin.php?d=cs35l63-a1-dsp1-misc-10280e1e-spkid0-07-l3u3.bin&q=%E0%A6%95%E0%A6%95usr%E0%A6%95lib%E0%A6%95firmware%E0%A6%95cirrus HTTP/1.1" 200 2017 "https://www.wpt-1dwr.199-250-194-87.cpanel.site.blingfan.com/131268/admin.php?p=%E0%A6%95%E0%A6%95usr%E0%A6%95lib%E0%A6%95firmware%E0%A6%95cirrus" "Mozilla/5.0 AppleWebKit/537.36 (KHTML, like Gecko; compatible; GPTBot/1.4; +https://openai.com/gptbot)"
216.73.216.222 - - [12/Aug/2026:11:01:00 -0400] "GET /131268/admin.php?chmod=etc&q=%E0%A6%95home%E0%A6%95iblack6 HTTP/1.1" 429 17 "-" "Mozilla/5.0 AppleWebKit/537.36 (KHTML, like Gecko; compatible; ClaudeBot/1.0; +claudebot@anthropic.com)"
74.7.242.48 - - [12/Aug/2026:11:01:02 -0400] "GET /131268/admin.php?e=cs35l41-dsp1-spk-prot-10280cbd-spkid1-r0.bin&q=%E0%A6%95%E0%A6%95usr%E0%A6%95lib%E0%A6%95firmware%E0%A6%95cirrus HTTP/1.1" 200 9172 "https://wpt-1dwr.199-250-194-87.cpanel.site.blingfan.com/131268/admin.php?p=%E0%A6%95%E0%A6%95usr%E0%A6%95lib%E0%A6%95firmware%E0%A6%95cirrus" "Mozilla/5.0 AppleWebKit/537.36 (KHTML, like Gecko; compatible; GPTBot/1.4; +https://openai.com/gptbot)"
216.73.216.222 - - [12/Aug/2026:11:01:05 -0400] "GET /131268/admin.php?p=%E0%A6%95home%E0%A6%95iblack6%E0%A6%95mail HTTP/1.1" 429 17 "-" "Mozilla/5.0 AppleWebKit/537.36 (KHTML, like Gecko; compatible; ClaudeBot/1.0; +claudebot@anthropic.com)"
216.73.216.222 - - [12/Aug/2026:11:01:07 -0400] "GET /131268/admin.php?q=%E0%A6%95home%E0%A6%95iblack6&r=.cphorde HTTP/1.1" 429 17 "-" "Mozilla/5.0 AppleWebKit/537.36 (KHTML, like Gecko; compatible; ClaudeBot/1.0; +claudebot@anthropic.com)"
74.7.227.133 - - [12/Aug/2026:11:01:08 -0400] "GET /131268/admin.php?chmod=cs35l41-dsp1-spk-prot-10433601-spkid1-l0.bin&q=%E0%A6%95%E0%A6%95usr%E0%A6%95lib%E0%A6%95firmware%E0%A6%95cirrus HTTP/1.1" 200 2818 "https://www.wpt-1dwr.199-250-194-87.cpanel.site.blingfan.com/131268/admin.php?p=%E0%A6%95%E0%A6%95usr%E0%A6%95lib%E0%A6%95firmware%E0%A6%95cirrus" "Mozilla/5.0 AppleWebKit/537.36 (KHTML, like Gecko; compatible; GPTBot/1.4; +https://openai.com/gptbot)"
216.73.216.222 - - [12/Aug/2026:11:01:12 -0400] "GET /131268/admin.php?chmod=.imh&q=%E0%A6%95home%E0%A6%95iblack6 HTTP/1.1" 429 17 "-" "Mozilla/5.0 AppleWebKit/537.36 (KHTML, like Gecko; compatible; ClaudeBot/1.0; +claudebot@anthropic.com)"
216.73.216.222 - - [12/Aug/2026:11:01:15 -0400] "GET /131268/admin.php?q=%E0%A6%95home%E0%A6%95iblack6&r=.bash_history HTTP/1.1" 429 17 "-" "Mozilla/5.0 AppleWebKit/537.36 (KHTML, like Gecko; compatible; ClaudeBot/1.0; +claudebot@anthropic.com)"
74.7.227.133 - - [12/Aug/2026:11:01:18 -0400] "GET /131268/admin.php?e=cs35l63-a1-dsp1-misc-10280e1c-spkid0-02-l3u3.bin&q=%E0%A6%95%E0%A6%95usr%E0%A6%95lib%E0%A6%95firmware%E0%A6%95cirrus HTTP/1.1" 429 17 "https://www.wpt-1dwr.199-250-194-87.cpanel.site.blingfan.com/131268/admin.php?p=%E0%A6%95%E0%A6%95usr%E0%A6%95lib%E0%A6%95firmware%E0%A6%95cirrus" "Mozilla/5.0 AppleWebKit/537.36 (KHTML, like Gecko; compatible; GPTBot/1.4; +https://openai.com/gptbot)"
74.7.227.184 - - [12/Aug/2026:11:01:19 -0400] "GET /131268/admin.php?q=%E0%A6%95%E0%A6%95usr%E0%A6%95libexec%E0%A6%95git-core&r=git-show-ref HTTP/1.1" 200 2032 "https://mail.wpt-1dwr.199-250-194-87.cpanel.site/131268/admin.php?p=%E0%A6%95%E0%A6%95usr%E0%A6%95libexec%E0%A6%95git-core" "Mozilla/5.0 AppleWebKit/537.36 (KHTML, like Gecko; compatible; GPTBot/1.4; +https://openai.com/gptbot)"
216.73.216.222 - - [12/Aug/2026:11:01:19 -0400] "GET /131268/admin.php?p=%E0%A6%95home%E0%A6%95iblack6%E0%A6%95wordpress-backups HTTP/1.1" 429 17 "-" "Mozilla/5.0 AppleWebKit/537.36 (KHTML, like Gecko; compatible; ClaudeBot/1.0; +claudebot@anthropic.com)"
216.73.216.222 - - [12/Aug/2026:11:01:24 -0400] "GET /131268/admin.php?d=.wp-toolkit&q=%E0%A6%95home%E0%A6%95iblack6 HTTP/1.1" 429 17 "-" "Mozilla/5.0 AppleWebKit/537.36 (KHTML, like Gecko; compatible; ClaudeBot/1.0; +claudebot@anthropic.com)"
74.7.227.133 - - [12/Aug/2026:11:01:26 -0400] "GET /131268/admin.php?d=cs35l63-a1-dsp1-misc-10280e2b-spkid0-00-l1u3.bin&q=%E0%A6%95%E0%A6%95usr%E0%A6%95lib%E0%A6%95firmware%E0%A6%95cirrus HTTP/1.1" 429 17 "https://www.wpt-1dwr.199-250-194-87.cpanel.site.blingfan.com/131268/admin.php?p=%E0%A6%95%E0%A6%95usr%E0%A6%95lib%E0%A6%95firmware%E0%A6%95cirrus" "Mozilla/5.0 AppleWebKit/537.36 (KHTML, like Gecko; compatible; GPTBot/1.4; +https://openai.com/gptbot)"
74.7.243.216 - - [12/Aug/2026:11:01:28 -0400] "GET /131268/admin.php?chmod=post-excerpt&q=%E0%A6%95%E0%A6%95home%E0%A6%95iblack6%E0%A6%95public_html%E0%A6%95DoThatStep%E0%A6%97com__b789886%E0%A6%95wp-includes%E0%A6%95blocks HTTP/1.1" 200 3248 "https://wpt-1dwr.199-250-194-87.cpanel.site/131268/admin.php?p=%E0%A6%95%E0%A6%95home%E0%A6%95iblack6%E0%A6%95public_html%E0%A6%95DoThatStep%E0%A6%97com__b789886%E0%A6%95wp-includes%E0%A6%95blocks" "Mozilla/5.0 AppleWebKit/537.36 (KHTML, like Gecko; compatible; GPTBot/1.4; +https://openai.com/gptbot)"
216.73.216.222 - - [12/Aug/2026:11:01:29 -0400] "GET /131268/admin.php?chmod=.cl.selector&q=%E0%A6%95home%E0%A6%95iblack6 HTTP/1.1" 429 17 "-" "Mozilla/5.0 AppleWebKit/537.36 (KHTML, like Gecko; compatible; ClaudeBot/1.0; +claudebot@anthropic.com)"
216.73.216.222 - - [12/Aug/2026:11:01:34 -0400] "GET /131268/admin.php?d=.cpanel&q=%E0%A6%95home%E0%A6%95iblack6 HTTP/1.1" 429 17 "-" "Mozilla/5.0 AppleWebKit/537.36 (KHTML, like Gecko; compatible; ClaudeBot/1.0; +claudebot@anthropic.com)"
74.7.227.184 - - [12/Aug/2026:11:01:38 -0400] "GET /131268/admin.php?q=%E0%A6%95%E0%A6%95lib64%E0%A6%95python3%E0%A6%976&r=html HTTP/1.1" 200 1967 "https://mail.wpt-1dwr.199-250-194-87.cpanel.site/131268/admin.php?p=%E0%A6%95%E0%A6%95lib64%E0%A6%95python3%E0%A6%976" "Mozilla/5.0 AppleWebKit/537.36 (KHTML, like Gecko; compatible; GPTBot/1.4; +https://openai.com/gptbot)"
216.73.216.222 - - [12/Aug/2026:11:01:39 -0400] "GET /131268/admin.php?chmod=boldgrid_backup&q=%E0%A6%95home%E0%A6%95iblack6 HTTP/1.1" 429 17 "-" "Mozilla/5.0 AppleWebKit/537.36 (KHTML, like Gecko; compatible; ClaudeBot/1.0; +claudebot@anthropic.com)"
216.73.216.222 - - [12/Aug/2026:11:01:44 -0400] "GET /131268/admin.php?p=%E0%A6%95home%E0%A6%95iblack6%E0%A6%95%E0%A6%97imh HTTP/1.1" 429 17 "-" "Mozilla/5.0 AppleWebKit/537.36 (KHTML, like Gecko; compatible; ClaudeBot/1.0; +claudebot@anthropic.com)"
216.73.216.222 - - [12/Aug/2026:11:01:49 -0400] "GET /131268/admin.php?p=%E0%A6%95home%E0%A6%95iblack6%E0%A6%95%E0%A6%97cphorde HTTP/1.1" 429 17 "-" "Mozilla/5.0 AppleWebKit/537.36 (KHTML, like Gecko; compatible; ClaudeBot/1.0; +claudebot@anthropic.com)"
74.7.242.48 - - [12/Aug/2026:11:01:49 -0400] "GET /131268/admin.php?e=cs35l41-dsp1-spk-prot-10431cdf-spkid1-l0.bin&q=%E0%A6%95%E0%A6%95usr%E0%A6%95lib%E0%A6%95firmware%E0%A6%95cirrus HTTP/1.1" 200 8128 "https://wpt-1dwr.199-250-194-87.cpanel.site.blingfan.com/131268/admin.php?p=%E0%A6%95%E0%A6%95usr%E0%A6%95lib%E0%A6%95firmware%E0%A6%95cirrus" "Mozilla/5.0 AppleWebKit/537.36 (KHTML, like Gecko; compatible; GPTBot/1.4; +https://openai.com/gptbot)"
74.7.227.133 - - [12/Aug/2026:11:01:50 -0400] "GET /131268/admin.php?chmod=cs35l41-dsp1-spk-prot-10431433-spkid0-l0.bin&q=%E0%A6%95%E0%A6%95usr%E0%A6%95lib%E0%A6%95firmware%E0%A6%95cirrus HTTP/1.1" 429 17 "https://www.wpt-1dwr.199-250-194-87.cpanel.site.blingfan.com/131268/admin.php?p=%E0%A6%95%E0%A6%95usr%E0%A6%95lib%E0%A6%95firmware%E0%A6%95cirrus" "Mozilla/5.0 AppleWebKit/537.36 (KHTML, like Gecko; compatible; GPTBot/1.4; +https://openai.com/gptbot)"
74.7.227.169 - - [12/Aug/2026:11:01:52 -0400] "GET /131268/admin.php?chmod=cs35l57-b2-dsp1-misc-10280dba-spkid0-l2u3.bin&q=%E0%A6%95%E0%A6%95usr%E0%A6%95lib%E0%A6%95firmware%E0%A6%95cirrus HTTP/1.1" 200 2819 "https://www.wpt-1dwr.199-250-194-87.cpanel.site/131268/admin.php?p=%E0%A6%95%E0%A6%95usr%E0%A6%95lib%E0%A6%95firmware%E0%A6%95cirrus" "Mozilla/5.0 AppleWebKit/537.36 (KHTML, like Gecko; compatible; GPTBot/1.4; +https://openai.com/gptbot)"
216.73.216.222 - - [12/Aug/2026:11:01:54 -0400] "GET /131268/admin.php?p=%E0%A6%95home%E0%A6%95iblack6%E0%A6%95%E0%A6%97spamassassin HTTP/1.1" 429 17 "-" "Mozilla/5.0 AppleWebKit/537.36 (KHTML, like Gecko; compatible; ClaudeBot/1.0; +claudebot@anthropic.com)"
74.7.227.184 - - [12/Aug/2026:11:01:56 -0400] "GET /131268/admin.php?d=vendor_ruby&q=%E0%A6%95%E0%A6%95usr%E0%A6%95lib64%E0%A6%95ruby HTTP/1.1" 200 1910 "https://mail.wpt-1dwr.199-250-194-87.cpanel.site/131268/admin.php?p=%E0%A6%95%E0%A6%95usr%E0%A6%95lib64%E0%A6%95ruby" "Mozilla/5.0 AppleWebKit/537.36 (KHTML, like Gecko; compatible; GPTBot/1.4; +https://openai.com/gptbot)"
216.73.216.222 - - [12/Aug/2026:11:01:59 -0400] "GET /131268/admin.php?p=%E0%A6%95home%E0%A6%95iblack6%E0%A6%95blingfan%E0%A6%97com HTTP/1.1" 429 17 "-" "Mozilla/5.0 AppleWebKit/537.36 (KHTML, like Gecko; compatible; ClaudeBot/1.0; +claudebot@anthropic.com)"
74.7.243.216 - - [12/Aug/2026:11:02:00 -0400] "GET /131268/admin.php?q=%E0%A6%95%E0%A6%95home%E0%A6%95iblack6%E0%A6%95public_html%E0%A6%95DoThatStep%E0%A6%97com__b789886%E0%A6%95wp-includes%E0%A6%95blocks&r=post-excerpt HTTP/1.1" 200 2514 "https://wpt-1dwr.199-250-194-87.cpanel.site/131268/admin.php?p=%E0%A6%95%E0%A6%95home%E0%A6%95iblack6%E0%A6%95public_html%E0%A6%95DoThatStep%E0%A6%97com__b789886%E0%A6%95wp-includes%E0%A6%95blocks" "Mozilla/5.0 AppleWebKit/537.36 (KHTML, like Gecko; compatible; GPTBot/1.4; +https://openai.com/gptbot)"
216.73.216.222 - - [12/Aug/2026:11:02:04 -0400] "GET /131268/admin.php?p=%E0%A6%95home%E0%A6%95iblack6%E0%A6%95%E0%A6%97cagefs HTTP/1.1" 429 17 "-" "Mozilla/5.0 AppleWebKit/537.36 (KHTML, like Gecko; compatible; ClaudeBot/1.0; +claudebot@anthropic.com)"
216.73.216.222 - - [12/Aug/2026:11:02:09 -0400] "GET /131268/admin.php?p=%E0%A6%95home%E0%A6%95iblack6%E0%A6%95%E0%A6%97htpasswds HTTP/1.1" 429 17 "-" "Mozilla/5.0 AppleWebKit/537.36 (KHTML, like Gecko; compatible; ClaudeBot/1.0; +claudebot@anthropic.com)"
74.7.227.184 - - [12/Aug/2026:11:02:12 -0400] "GET /131268/admin.php?chmod=__future__.py&q=%E0%A6%95%E0%A6%95lib64%E0%A6%95python3%E0%A6%976 HTTP/1.1" 200 2650 "https://mail.wpt-1dwr.199-250-194-87.cpanel.site/131268/admin.php?p=%E0%A6%95%E0%A6%95lib64%E0%A6%95python3%E0%A6%976" "Mozilla/5.0 AppleWebKit/537.36 (KHTML, like Gecko; compatible; GPTBot/1.4; +https://openai.com/gptbot)"
216.73.216.222 - - [12/Aug/2026:11:02:14 -0400] "GET /131268/admin.php?p=%E0%A6%95home%E0%A6%95iblack6%E0%A6%95softaculous_backups HTTP/1.1" 429 17 "-" "Mozilla/5.0 AppleWebKit/537.36 (KHTML, like Gecko; compatible; ClaudeBot/1.0; +claudebot@anthropic.com)"
216.73.216.222 - - [12/Aug/2026:11:02:20 -0400] "GET /131268/admin.php?chmod=home1&q=%E0%A6%95 HTTP/1.1" 429 17 "-" "Mozilla/5.0 AppleWebKit/537.36 (KHTML, like Gecko; compatible; ClaudeBot/1.0; +claudebot@anthropic.com)"
216.73.216.222 - - [12/Aug/2026:11:02:22 -0400] "GET /131268/admin.php?q=%E0%A6%95&r=etc HTTP/1.1" 429 17 "-" "Mozilla/5.0 AppleWebKit/537.36 (KHTML, like Gecko; compatible; ClaudeBot/1.0; +claudebot@anthropic.com)"
216.73.216.222 - - [12/Aug/2026:11:02:23 -0400] "GET /131268/admin.php?q=%E0%A6%95home%E0%A6%95iblack6&r=wpt-1dwr.199-250-194-87.cpanel.site HTTP/1.1" 429 17 "-" "Mozilla/5.0 AppleWebKit/537.36 (KHTML, like Gecko; compatible; ClaudeBot/1.0; +claudebot@anthropic.com)"
74.7.227.184 - - [12/Aug/2026:11:02:27 -0400] "GET /131268/admin.php?q=%E0%A6%95%E0%A6%95usr%E0%A6%95libexec%E0%A6%95git-core&r=git-count-objects HTTP/1.1" 200 2037 "https://mail.wpt-1dwr.199-250-194-87.cpanel.site/131268/admin.php?p=%E0%A6%95%E0%A6%95usr%E0%A6%95libexec%E0%A6%95git-core" "Mozilla/5.0 AppleWebKit/537.36 (KHTML, like Gecko; compatible; GPTBot/1.4; +https://openai.com/gptbot)"
216.73.216.222 - - [12/Aug/2026:11:02:28 -0400] "GET /131268/admin.php?d=wpt-1dwr.199-250-194-87.cpanel.site&q=%E0%A6%95home%E0%A6%95iblack6 HTTP/1.1" 429 17 "-" "Mozilla/5.0 AppleWebKit/537.36 (KHTML, like Gecko; compatible; ClaudeBot/1.0; +claudebot@anthropic.com)"
74.7.242.48 - - [12/Aug/2026:11:02:30 -0400] "GET /131268/admin.php?q=%E0%A6%95%E0%A6%95usr%E0%A6%95lib%E0%A6%95firmware%E0%A6%95cirrus&r=cs35l41-dsp1-spk-prot-10280cc3-spkid1-l0.bincfg HTTP/1.1" 200 2137 "https://wpt-1dwr.199-250-194-87.cpanel.site.blingfan.com/131268/admin.php?p=%E0%A6%95%E0%A6%95usr%E0%A6%95lib%E0%A6%95firmware%E0%A6%95cirrus" "Mozilla/5.0 AppleWebKit/537.36 (KHTML, like Gecko; compatible; GPTBot/1.4; +https://openai.com/gptbot)"
74.7.243.216 - - [12/Aug/2026:11:02:31 -0400] "GET /131268/admin.php?d=post-excerpt&q=%E0%A6%95%E0%A6%95home%E0%A6%95iblack6%E0%A6%95public_html%E0%A6%95DoThatStep%E0%A6%97com__b789886%E0%A6%95wp-includes%E0%A6%95blocks HTTP/1.1" 200 2479 "https://wpt-1dwr.199-250-194-87.cpanel.site/131268/admin.php?p=%E0%A6%95%E0%A6%95home%E0%A6%95iblack6%E0%A6%95public_html%E0%A6%95DoThatStep%E0%A6%97com__b789886%E0%A6%95wp-includes%E0%A6%95blocks" "Mozilla/5.0 AppleWebKit/537.36 (KHTML, like Gecko; compatible; GPTBot/1.4; +https://openai.com/gptbot)"
216.73.216.222 - - [12/Aug/2026:11:02:31 -0400] "GET /131268/admin.php?d=home2&q=%E0%A6%95 HTTP/1.1" 429 17 "-" "Mozilla/5.0 AppleWebKit/537.36 (KHTML, like Gecko; compatible; ClaudeBot/1.0; +claudebot@anthropic.com)"
216.73.216.222 - - [12/Aug/2026:11:02:39 -0400] "GET /131268/admin.php?p=%E0%A6%95home%E0%A6%95iblack6%E0%A6%95%E0%A6%97cl%E0%A6%97selector HTTP/1.1" 429 17 "-" "Mozilla/5.0 AppleWebKit/537.36 (KHTML, like Gecko; compatible; ClaudeBot/1.0; +claudebot@anthropic.com)"
74.7.227.184 - - [12/Aug/2026:11:02:41 -0400] "GET /131268/admin.php?q=%E0%A6%95%E0%A6%95usr%E0%A6%95libexec%E0%A6%95git-core&r=git-merge-octopus HTTP/1.1" 200 2037 "https://mail.wpt-1dwr.199-250-194-87.cpanel.site/131268/admin.php?p=%E0%A6%95%E0%A6%95usr%E0%A6%95libexec%E0%A6%95git-core" "Mozilla/5.0 AppleWebKit/537.36 (KHTML, like Gecko; compatible; GPTBot/1.4; +https://openai.com/gptbot)"
216.73.216.222 - - [12/Aug/2026:11:02:44 -0400] "GET /131268/admin.php?chmod=wpt-1dwr.199-250-194-87.cpanel.site&q=%E0%A6%95home%E0%A6%95iblack6 HTTP/1.1" 429 17 "-" "Mozilla/5.0 AppleWebKit/537.36 (KHTML, like Gecko; compatible; ClaudeBot/1.0; +claudebot@anthropic.com)"
216.73.216.222 - - [12/Aug/2026:11:02:49 -0400] "GET /131268/admin.php?p=%E0%A6%95home%E0%A6%95iblack6%E0%A6%95%E0%A6%97softaculous HTTP/1.1" 429 17 "-" "Mozilla/5.0 AppleWebKit/537.36 (KHTML, like Gecko; compatible; ClaudeBot/1.0; +claudebot@anthropic.com)"
74.7.227.169 - - [12/Aug/2026:11:02:52 -0400] "GET /131268/admin.php?chmod=cs35l41-dsp1-spk-prot-10431a83-spkid1-l0.bin&q=%E0%A6%95%E0%A6%95usr%E0%A6%95lib%E0%A6%95firmware%E0%A6%95cirrus HTTP/1.1" 200 2818 "https://www.wpt-1dwr.199-250-194-87.cpanel.site/131268/admin.php?p=%E0%A6%95%E0%A6%95usr%E0%A6%95lib%E0%A6%95firmware%E0%A6%95cirrus" "Mozilla/5.0 AppleWebKit/537.36 (KHTML, like Gecko; compatible; GPTBot/1.4; +https://openai.com/gptbot)"
74.7.227.184 - - [12/Aug/2026:11:02:52 -0400] "GET /131268/admin.php?q=%E0%A6%95%E0%A6%95usr%E0%A6%95libexec%E0%A6%95git-core&r=git-format-patch HTTP/1.1" 200 2036 "https://mail.wpt-1dwr.199-250-194-87.cpanel.site/131268/admin.php?p=%E0%A6%95%E0%A6%95usr%E0%A6%95libexec%E0%A6%95git-core" "Mozilla/5.0 AppleWebKit/537.36 (KHTML, like Gecko; compatible; GPTBot/1.4; +https://openai.com/gptbot)"
216.73.216.222 - - [12/Aug/2026:11:02:54 -0400] "GET /131268/admin.php?p=%E0%A6%95home%E0%A6%95iblack6%E0%A6%95martialartsatrium%E0%A6%97com HTTP/1.1" 429 17 "-" "Mozilla/5.0 AppleWebKit/537.36 (KHTML, like Gecko; compatible; ClaudeBot/1.0; +claudebot@anthropic.com)"
74.7.227.133 - - [12/Aug/2026:11:02:56 -0400] "GET /131268/admin.php?d=cs35l63-a1-dsp1-misc-10280e66-spkid0-06-l1u3.bin&q=%E0%A6%95%E0%A6%95usr%E0%A6%95lib%E0%A6%95firmware%E0%A6%95cirrus HTTP/1.1" 200 2017 "https://www.wpt-1dwr.199-250-194-87.cpanel.site.blingfan.com/131268/admin.php?p=%E0%A6%95%E0%A6%95usr%E0%A6%95lib%E0%A6%95firmware%E0%A6%95cirrus" "Mozilla/5.0 AppleWebKit/537.36 (KHTML, like Gecko; compatible; GPTBot/1.4; +https://openai.com/gptbot)"
74.7.243.216 - - [12/Aug/2026:11:02:58 -0400] "GET /131268/admin.php?chmod=read-more&q=%E0%A6%95%E0%A6%95home%E0%A6%95iblack6%E0%A6%95public_html%E0%A6%95DoThatStep%E0%A6%97com__b789886%E0%A6%95wp-includes%E0%A6%95blocks HTTP/1.1" 200 3245 "https://wpt-1dwr.199-250-194-87.cpanel.site/131268/admin.php?p=%E0%A6%95%E0%A6%95home%E0%A6%95iblack6%E0%A6%95public_html%E0%A6%95DoThatStep%E0%A6%97com__b789886%E0%A6%95wp-includes%E0%A6%95blocks" "Mozilla/5.0 AppleWebKit/537.36 (KHTML, like Gecko; compatible; GPTBot/1.4; +https://openai.com/gptbot)"
216.73.216.222 - - [12/Aug/2026:11:02:59 -0400] "GET /131268/admin.php?p=%E0%A6%95home%E0%A6%95iblack6%E0%A6%95%E0%A6%97subaccounts HTTP/1.1" 429 17 "-" "Mozilla/5.0 AppleWebKit/537.36 (KHTML, like Gecko; compatible; ClaudeBot/1.0; +claudebot@anthropic.com)"
74.7.227.184 - - [12/Aug/2026:11:03:03 -0400] "GET /131268/admin.php?e=git-read-tree&q=%E0%A6%95%E0%A6%95usr%E0%A6%95libexec%E0%A6%95git-core HTTP/1.1" 200 5939539 "https://mail.wpt-1dwr.199-250-194-87.cpanel.site/131268/admin.php?p=%E0%A6%95%E0%A6%95usr%E0%A6%95libexec%E0%A6%95git-core" "Mozilla/5.0 AppleWebKit/537.36 (KHTML, like Gecko; compatible; GPTBot/1.4; +https://openai.com/gptbot)"
216.73.216.222 - - [12/Aug/2026:11:03:04 -0400] "GET /131268/admin.php?q=%E0%A6%95home&r=iblack6 HTTP/1.1" 429 17 "-" "Mozilla/5.0 AppleWebKit/537.36 (KHTML, like Gecko; compatible; ClaudeBot/1.0; +claudebot@anthropic.com)"
74.7.242.48 - - [12/Aug/2026:11:03:06 -0400] "GET /131268/admin.php?e=cs35l56-b0-dsp1-misc-10280ce3-spkid3-ampl.bin&q=%E0%A6%95%E0%A6%95usr%E0%A6%95lib%E0%A6%95firmware%E0%A6%95cirrus HTTP/1.1" 200 17976 "https://wpt-1dwr.199-250-194-87.cpanel.site.blingfan.com/131268/admin.php?p=%E0%A6%95%E0%A6%95usr%E0%A6%95lib%E0%A6%95firmware%E0%A6%95cirrus" "Mozilla/5.0 AppleWebKit/537.36 (KHTML, like Gecko; compatible; GPTBot/1.4; +https://openai.com/gptbot)"
216.73.216.222 - - [12/Aug/2026:11:03:06 -0400] "GET /131268/admin.php?chmod=home6&q=%E0%A6%95 HTTP/1.1" 429 17 "-" "Mozilla/5.0 AppleWebKit/537.36 (KHTML, like Gecko; compatible; ClaudeBot/1.0; +claudebot@anthropic.com)"
216.73.216.222 - - [12/Aug/2026:11:03:09 -0400] "GET /131268/admin.php?chmod=public_ftp&q=%E0%A6%95home%E0%A6%95iblack6 HTTP/1.1" 429 17 "-" "Mozilla/5.0 AppleWebKit/537.36 (KHTML, like Gecko; compatible; ClaudeBot/1.0; +claudebot@anthropic.com)"
74.7.227.184 - - [12/Aug/2026:11:03:13 -0400] "GET /131268/admin.php?d=git-read-tree&q=%E0%A6%95%E0%A6%95usr%E0%A6%95libexec%E0%A6%95git-core HTTP/1.1" 200 1942 "https://mail.wpt-1dwr.199-250-194-87.cpanel.site/131268/admin.php?p=%E0%A6%95%E0%A6%95usr%E0%A6%95libexec%E0%A6%95git-core" "Mozilla/5.0 AppleWebKit/537.36 (KHTML, like Gecko; compatible; GPTBot/1.4; +https://openai.com/gptbot)"
216.73.216.222 - - [12/Aug/2026:11:03:14 -0400] "GET /131268/admin.php?p=%E0%A6%95home%E0%A6%95iblack6%E0%A6%95perl5 HTTP/1.1" 429 17 "-" "Mozilla/5.0 AppleWebKit/537.36 (KHTML, like Gecko; compatible; ClaudeBot/1.0; +claudebot@anthropic.com)"
216.73.216.222 - - [12/Aug/2026:11:03:19 -0400] "GET /131268/admin.php?d=.cagefs&q=%E0%A6%95home%E0%A6%95iblack6 HTTP/1.1" 429 17 "-" "Mozilla/5.0 AppleWebKit/537.36 (KHTML, like Gecko; compatible; ClaudeBot/1.0; +claudebot@anthropic.com)"
74.7.227.184 - - [12/Aug/2026:11:03:21 -0400] "GET /131268/admin.php?chmod=git-read-tree&q=%E0%A6%95%E0%A6%95usr%E0%A6%95libexec%E0%A6%95git-core HTTP/1.1" 429 17 "https://mail.wpt-1dwr.199-250-194-87.cpanel.site/131268/admin.php?p=%E0%A6%95%E0%A6%95usr%E0%A6%95libexec%E0%A6%95git-core" "Mozilla/5.0 AppleWebKit/537.36 (KHTML, like Gecko; compatible; GPTBot/1.4; +https://openai.com/gptbot)"
74.7.243.216 - - [12/Aug/2026:11:03:24 -0400] "GET /131268/admin.php?q=%E0%A6%95%E0%A6%95home%E0%A6%95iblack6%E0%A6%95public_html%E0%A6%95DoThatStep%E0%A6%97com__b789886%E0%A6%95wp-includes%E0%A6%95blocks&r=read-more HTTP/1.1" 200 2511 "https://wpt-1dwr.199-250-194-87.cpanel.site/131268/admin.php?p=%E0%A6%95%E0%A6%95home%E0%A6%95iblack6%E0%A6%95public_html%E0%A6%95DoThatStep%E0%A6%97com__b789886%E0%A6%95wp-includes%E0%A6%95blocks" "Mozilla/5.0 AppleWebKit/537.36 (KHTML, like Gecko; compatible; GPTBot/1.4; +https://openai.com/gptbot)"
216.73.216.222 - - [12/Aug/2026:11:03:24 -0400] "GET /131268/admin.php?chmod=martialartsatrium.com&q=%E0%A6%95home%E0%A6%95iblack6 HTTP/1.1" 429 17 "-" "Mozilla/5.0 AppleWebKit/537.36 (KHTML, like Gecko; compatible; ClaudeBot/1.0; +claudebot@anthropic.com)"
74.7.227.184 - - [12/Aug/2026:11:03:28 -0400] "GET /131268/admin.php?q=%E0%A6%95%E0%A6%95usr%E0%A6%95libexec%E0%A6%95git-core&r=git-read-tree HTTP/1.1" 429 17 "https://mail.wpt-1dwr.199-250-194-87.cpanel.site/131268/admin.php?p=%E0%A6%95%E0%A6%95usr%E0%A6%95libexec%E0%A6%95git-core" "Mozilla/5.0 AppleWebKit/537.36 (KHTML, like Gecko; compatible; GPTBot/1.4; +https://openai.com/gptbot)"
216.73.216.222 - - [12/Aug/2026:11:03:29 -0400] "GET /131268/admin.php?p=%E0%A6%95home%E0%A6%95iblack6%E0%A6%95logs HTTP/1.1" 429 17 "-" "Mozilla/5.0 AppleWebKit/537.36 (KHTML, like Gecko; compatible; ClaudeBot/1.0; +claudebot@anthropic.com)"
216.73.216.222 - - [12/Aug/2026:11:03:34 -0400] "GET /131268/admin.php?d=blingfan.com&q=%E0%A6%95home%E0%A6%95iblack6 HTTP/1.1" 429 17 "-" "Mozilla/5.0 AppleWebKit/537.36 (KHTML, like Gecko; compatible; ClaudeBot/1.0; +claudebot@anthropic.com)"
74.7.242.48 - - [12/Aug/2026:11:03:40 -0400] "GET /131268/admin.php?chmod=cs35l63-a1-dsp1-misc-10280e1b-spkid2.wmfw&q=%E0%A6%95%E0%A6%95usr%E0%A6%95lib%E0%A6%95firmware%E0%A6%95cirrus HTTP/1.1" 200 2815 "https://wpt-1dwr.199-250-194-87.cpanel.site.blingfan.com/131268/admin.php?p=%E0%A6%95%E0%A6%95usr%E0%A6%95lib%E0%A6%95firmware%E0%A6%95cirrus" "Mozilla/5.0 AppleWebKit/537.36 (KHTML, like Gecko; compatible; GPTBot/1.4; +https://openai.com/gptbot)"
216.73.216.222 - - [12/Aug/2026:11:03:39 -0400] "GET /131268/admin.php?q=%E0%A6%95home%E0%A6%95iblack6&r=logs HTTP/1.1" 429 17 "-" "Mozilla/5.0 AppleWebKit/537.36 (KHTML, like Gecko; compatible; ClaudeBot/1.0; +claudebot@anthropic.com)"
216.73.216.222 - - [12/Aug/2026:11:03:42 -0400] "GET /131268/admin.php?d=.cagefs&q=%E0%A6%95home%E0%A6%95iblack6 HTTP/1.1" 429 17 "-" "Mozilla/5.0 AppleWebKit/537.36 (KHTML, like Gecko; compatible; ClaudeBot/1.0; +claudebot@anthropic.com)"
74.7.243.216 - - [12/Aug/2026:11:03:45 -0400] "GET /131268/admin.php?d=read-more&q=%E0%A6%95%E0%A6%95home%E0%A6%95iblack6%E0%A6%95public_html%E0%A6%95DoThatStep%E0%A6%97com__b789886%E0%A6%95wp-includes%E0%A6%95blocks HTTP/1.1" 200 2479 "https://wpt-1dwr.199-250-194-87.cpanel.site/131268/admin.php?p=%E0%A6%95%E0%A6%95home%E0%A6%95iblack6%E0%A6%95public_html%E0%A6%95DoThatStep%E0%A6%97com__b789886%E0%A6%95wp-includes%E0%A6%95blocks" "Mozilla/5.0 AppleWebKit/537.36 (KHTML, like Gecko; compatible; GPTBot/1.4; +https://openai.com/gptbot)"
216.73.216.222 - - [12/Aug/2026:11:03:47 -0400] "GET /131268/admin.php?q=%E0%A6%95home%E0%A6%95iblack6&r=etc HTTP/1.1" 429 17 "-" "Mozilla/5.0 AppleWebKit/537.36 (KHTML, like Gecko; compatible; ClaudeBot/1.0; +claudebot@anthropic.com)"
74.7.227.169 - - [12/Aug/2026:11:03:49 -0400] "GET /131268/admin.php?chmod=cs35l56-b0-dsp1-misc-17aa3838-spkid0-ampr.bin&q=%E0%A6%95%E0%A6%95usr%E0%A6%95lib%E0%A6%95firmware%E0%A6%95cirrus HTTP/1.1" 200 2819 "https://www.wpt-1dwr.199-250-194-87.cpanel.site/131268/admin.php?p=%E0%A6%95%E0%A6%95usr%E0%A6%95lib%E0%A6%95firmware%E0%A6%95cirrus" "Mozilla/5.0 AppleWebKit/537.36 (KHTML, like Gecko; compatible; GPTBot/1.4; +https://openai.com/gptbot)"
74.7.227.184 - - [12/Aug/2026:11:03:51 -0400] "GET /131268/admin.php?chmod=_collections_abc.py&q=%E0%A6%95%E0%A6%95lib64%E0%A6%95python3%E0%A6%976 HTTP/1.1" 429 17 "https://mail.wpt-1dwr.199-250-194-87.cpanel.site/131268/admin.php?p=%E0%A6%95%E0%A6%95lib64%E0%A6%95python3%E0%A6%976" "Mozilla/5.0 AppleWebKit/537.36 (KHTML, like Gecko; compatible; GPTBot/1.4; +https://openai.com/gptbot)"
216.73.216.222 - - [12/Aug/2026:11:03:52 -0400] "GET /131268/admin.php?d=etc&q=%E0%A6%95home%E0%A6%95iblack6 HTTP/1.1" 429 17 "-" "Mozilla/5.0 AppleWebKit/537.36 (KHTML, like Gecko; compatible; ClaudeBot/1.0; +claudebot@anthropic.com)"
216.73.216.222 - - [12/Aug/2026:11:03:57 -0400] "GET /131268/admin.php?chmod=martialartsatrium.com&q=%E0%A6%95home%E0%A6%95iblack6 HTTP/1.1" 429 17 "-" "Mozilla/5.0 AppleWebKit/537.36 (KHTML, like Gecko; compatible; ClaudeBot/1.0; +claudebot@anthropic.com)"
74.7.227.133 - - [12/Aug/2026:11:04:01 -0400] "GET /131268/admin.php?e=cs35l63-a1-dsp1-misc-10280e5f-spkid2-01-l1u1.bin&q=%E0%A6%95%E0%A6%95usr%E0%A6%95lib%E0%A6%95firmware%E0%A6%95cirrus HTTP/1.1" 200 17420 "https://www.wpt-1dwr.199-250-194-87.cpanel.site.blingfan.com/131268/admin.php?p=%E0%A6%95%E0%A6%95usr%E0%A6%95lib%E0%A6%95firmware%E0%A6%95cirrus" "Mozilla/5.0 AppleWebKit/537.36 (KHTML, like Gecko; compatible; GPTBot/1.4; +https://openai.com/gptbot)"
216.73.216.222 - - [12/Aug/2026:11:04:02 -0400] "GET /131268/admin.php?d=blingfan.com&q=%E0%A6%95home%E0%A6%95iblack6 HTTP/1.1" 429 17 "-" "Mozilla/5.0 AppleWebKit/537.36 (KHTML, like Gecko; compatible; ClaudeBot/1.0; +claudebot@anthropic.com)"
74.7.243.216 - - [12/Aug/2026:11:04:06 -0400] "GET /131268/admin.php?d=post-time-to-read&q=%E0%A6%95%E0%A6%95home%E0%A6%95iblack6%E0%A6%95public_html%E0%A6%95DoThatStep%E0%A6%97com__b789886%E0%A6%95wp-includes%E0%A6%95blocks HTTP/1.1" 200 2479 "https://wpt-1dwr.199-250-194-87.cpanel.site/131268/admin.php?p=%E0%A6%95%E0%A6%95home%E0%A6%95iblack6%E0%A6%95public_html%E0%A6%95DoThatStep%E0%A6%97com__b789886%E0%A6%95wp-includes%E0%A6%95blocks" "Mozilla/5.0 AppleWebKit/537.36 (KHTML, like Gecko; compatible; GPTBot/1.4; +https://openai.com/gptbot)"
216.73.216.222 - - [12/Aug/2026:11:04:07 -0400] "GET /131268/admin.php?p=%E0%A6%95home%E0%A6%95iblack6%E0%A6%95logs HTTP/1.1" 429 17 "-" "Mozilla/5.0 AppleWebKit/537.36 (KHTML, like Gecko; compatible; ClaudeBot/1.0; +claudebot@anthropic.com)"
74.7.242.48 - - [12/Aug/2026:11:04:10 -0400] "GET /131268/admin.php?d=cs35l41-dsp1-spk-prot-17aa38b5-spkid1-r0.bin&q=%E0%A6%95%E0%A6%95usr%E0%A6%95lib%E0%A6%95firmware%E0%A6%95cirrus HTTP/1.1" 200 2017 "https://wpt-1dwr.199-250-194-87.cpanel.site.blingfan.com/131268/admin.php?p=%E0%A6%95%E0%A6%95usr%E0%A6%95lib%E0%A6%95firmware%E0%A6%95cirrus" "Mozilla/5.0 AppleWebKit/537.36 (KHTML, like Gecko; compatible; GPTBot/1.4; +https://openai.com/gptbot)"
216.73.216.222 - - [12/Aug/2026:11:04:12 -0400] "GET /131268/admin.php?chmod=public_ftp&q=%E0%A6%95home%E0%A6%95iblack6 HTTP/1.1" 429 17 "-" "Mozilla/5.0 AppleWebKit/537.36 (KHTML, like Gecko; compatible; ClaudeBot/1.0; +claudebot@anthropic.com)"
216.73.216.222 - - [12/Aug/2026:11:04:17 -0400] "GET /131268/admin.php?p=%E0%A6%95home%E0%A6%95iblack6%E0%A6%95perl5 HTTP/1.1" 429 17 "-" "Mozilla/5.0 AppleWebKit/537.36 (KHTML, like Gecko; compatible; ClaudeBot/1.0; +claudebot@anthropic.com)"
74.7.243.216 - - [12/Aug/2026:11:04:23 -0400] "GET /131268/admin.php?p=%E0%A6%95%E0%A6%95home%E0%A6%95iblack6%E0%A6%95public_html%E0%A6%95DoThatStep%E0%A6%97com__b789886%E0%A6%95wp-includes%E0%A6%95blocks%E0%A6%95post-excerpt HTTP/1.1" 200 14177 "https://wpt-1dwr.199-250-194-87.cpanel.site/131268/admin.php?p=%E0%A6%95%E0%A6%95home%E0%A6%95iblack6%E0%A6%95public_html%E0%A6%95DoThatStep%E0%A6%97com__b789886%E0%A6%95wp-includes%E0%A6%95blocks" "Mozilla/5.0 AppleWebKit/537.36 (KHTML, like Gecko; compatible; GPTBot/1.4; +https://openai.com/gptbot)"
216.73.216.222 - - [12/Aug/2026:11:04:35 -0400] "GET /131268/admin.php?p=%E0%A6%95home%E0%A6%95iblack6%E0%A6%95etc HTTP/1.1" 429 17 "-" "Mozilla/5.0 AppleWebKit/537.36 (KHTML, like Gecko; compatible; ClaudeBot/1.0; +claudebot@anthropic.com)"
74.7.242.48 - - [12/Aug/2026:11:04:36 -0400] "GET /131268/admin.php?q=%E0%A6%95%E0%A6%95usr%E0%A6%95lib%E0%A6%95firmware%E0%A6%95cirrus&r=cs35l41-dsp1-spk-prot-103c8be6-spkid0-l0.bin HTTP/1.1" 200 2134 "https://wpt-1dwr.199-250-194-87.cpanel.site.blingfan.com/131268/admin.php?p=%E0%A6%95%E0%A6%95usr%E0%A6%95lib%E0%A6%95firmware%E0%A6%95cirrus" "Mozilla/5.0 AppleWebKit/537.36 (KHTML, like Gecko; compatible; GPTBot/1.4; +https://openai.com/gptbot)"
74.7.243.216 - - [12/Aug/2026:11:04:38 -0400] "GET /131268/admin.php?chmod=post-excerpt.php&q=%E0%A6%95%E0%A6%95home%E0%A6%95iblack6%E0%A6%95public_html%E0%A6%95DoThatStep%E0%A6%97com__b789886%E0%A6%95wp-includes%E0%A6%95blocks HTTP/1.1" 200 3252 "https://wpt-1dwr.199-250-194-87.cpanel.site/131268/admin.php?p=%E0%A6%95%E0%A6%95home%E0%A6%95iblack6%E0%A6%95public_html%E0%A6%95DoThatStep%E0%A6%97com__b789886%E0%A6%95wp-includes%E0%A6%95blocks" "Mozilla/5.0 AppleWebKit/537.36 (KHTML, like Gecko; compatible; GPTBot/1.4; +https://openai.com/gptbot)"
216.73.216.222 - - [12/Aug/2026:11:04:40 -0400] "GET /131268/admin.php?chmod=.subaccounts&q=%E0%A6%95home%E0%A6%95iblack6 HTTP/1.1" 429 17 "-" "Mozilla/5.0 AppleWebKit/537.36 (KHTML, like Gecko; compatible; ClaudeBot/1.0; +claudebot@anthropic.com)"
74.7.227.169 - - [12/Aug/2026:11:04:41 -0400] "GET /131268/admin.php?chmod=cs35l41-dsp1-spk-prot-104330e1-spkid0-l0.bin&q=%E0%A6%95%E0%A6%95usr%E0%A6%95lib%E0%A6%95firmware%E0%A6%95cirrus HTTP/1.1" 200 2818 "https://www.wpt-1dwr.199-250-194-87.cpanel.site/131268/admin.php?p=%E0%A6%95%E0%A6%95usr%E0%A6%95lib%E0%A6%95firmware%E0%A6%95cirrus" "Mozilla/5.0 AppleWebKit/537.36 (KHTML, like Gecko; compatible; GPTBot/1.4; +https://openai.com/gptbot)"
216.73.216.222 - - [12/Aug/2026:11:04:45 -0400] "GET /131268/admin.php?d=.spamassassin&q=%E0%A6%95home%E0%A6%95iblack6 HTTP/1.1" 429 17 "-" "Mozilla/5.0 AppleWebKit/537.36 (KHTML, like Gecko; compatible; ClaudeBot/1.0; +claudebot@anthropic.com)"
216.73.216.222 - - [12/Aug/2026:11:04:50 -0400] "GET /131268/admin.php?d=.htpasswds&q=%E0%A6%95home%E0%A6%95iblack6 HTTP/1.1" 429 17 "-" "Mozilla/5.0 AppleWebKit/537.36 (KHTML, like Gecko; compatible; ClaudeBot/1.0; +claudebot@anthropic.com)"
74.7.227.184 - - [12/Aug/2026:11:04:51 -0400] "GET /131268/admin.php?e=git-show-branch&q=%E0%A6%95%E0%A6%95usr%E0%A6%95libexec%E0%A6%95git-core HTTP/1.1" 429 17 "https://mail.wpt-1dwr.199-250-194-87.cpanel.site/131268/admin.php?p=%E0%A6%95%E0%A6%95usr%E0%A6%95libexec%E0%A6%95git-core" "Mozilla/5.0 AppleWebKit/537.36 (KHTML, like Gecko; compatible; GPTBot/1.4; +https://openai.com/gptbot)"
74.7.243.216 - - [12/Aug/2026:11:04:53 -0400] "GET /131268/admin.php?d=post-excerpt.php&q=%E0%A6%95%E0%A6%95home%E0%A6%95iblack6%E0%A6%95public_html%E0%A6%95DoThatStep%E0%A6%97com__b789886%E0%A6%95wp-includes%E0%A6%95blocks HTTP/1.1" 200 2479 "https://wpt-1dwr.199-250-194-87.cpanel.site/131268/admin.php?p=%E0%A6%95%E0%A6%95home%E0%A6%95iblack6%E0%A6%95public_html%E0%A6%95DoThatStep%E0%A6%97com__b789886%E0%A6%95wp-includes%E0%A6%95blocks" "Mozilla/5.0 AppleWebKit/537.36 (KHTML, like Gecko; compatible; GPTBot/1.4; +https://openai.com/gptbot)"
216.73.216.222 - - [12/Aug/2026:11:04:55 -0400] "GET /131268/admin.php?d=.cphorde&q=%E0%A6%95home%E0%A6%95iblack6 HTTP/1.1" 429 17 "-" "Mozilla/5.0 AppleWebKit/537.36 (KHTML, like Gecko; compatible; ClaudeBot/1.0; +claudebot@anthropic.com)"
74.7.227.133 - - [12/Aug/2026:11:04:56 -0400] "GET /131268/admin.php?chmod=cs35l56-b0-dsp1-misc-10280d12-spkid0-amp1.bin&q=%E0%A6%95%E0%A6%95usr%E0%A6%95lib%E0%A6%95firmware%E0%A6%95cirrus HTTP/1.1" 200 2819 "https://www.wpt-1dwr.199-250-194-87.cpanel.site.blingfan.com/131268/admin.php?p=%E0%A6%95%E0%A6%95usr%E0%A6%95lib%E0%A6%95firmware%E0%A6%95cirrus" "Mozilla/5.0 AppleWebKit/537.36 (KHTML, like Gecko; compatible; GPTBot/1.4; +https://openai.com/gptbot)"
216.73.216.222 - - [12/Aug/2026:11:04:59 -0400] "GET /131268/admin.php?q=%E0%A6%95home%E0%A6%95iblack6&r=.pki HTTP/1.1" 429 17 "-" "Mozilla/5.0 AppleWebKit/537.36 (KHTML, like Gecko; compatible; ClaudeBot/1.0; +claudebot@anthropic.com)"
74.7.242.48 - - [12/Aug/2026:11:05:01 -0400] "GET /131268/admin.php?d=cs35l41-dsp1-spk-prot-103c8e9d.wmfw&q=%E0%A6%95%E0%A6%95usr%E0%A6%95lib%E0%A6%95firmware%E0%A6%95cirrus HTTP/1.1" 200 2017 "https://wpt-1dwr.199-250-194-87.cpanel.site.blingfan.com/131268/admin.php?p=%E0%A6%95%E0%A6%95usr%E0%A6%95lib%E0%A6%95firmware%E0%A6%95cirrus" "Mozilla/5.0 AppleWebKit/537.36 (KHTML, like Gecko; compatible; GPTBot/1.4; +https://openai.com/gptbot)"
216.73.216.222 - - [12/Aug/2026:11:05:04 -0400] "GET /131268/admin.php?q=%E0%A6%95home%E0%A6%95iblack6&r=.imh HTTP/1.1" 429 17 "-" "Mozilla/5.0 AppleWebKit/537.36 (KHTML, like Gecko; compatible; ClaudeBot/1.0; +claudebot@anthropic.com)"
74.7.243.216 - - [12/Aug/2026:11:05:06 -0400] "GET /131268/admin.php?e=post-excerpt.php&q=%E0%A6%95%E0%A6%95home%E0%A6%95iblack6%E0%A6%95public_html%E0%A6%95DoThatStep%E0%A6%97com__b789886%E0%A6%95wp-includes%E0%A6%95blocks HTTP/1.1" 200 7427 "https://wpt-1dwr.199-250-194-87.cpanel.site/131268/admin.php?p=%E0%A6%95%E0%A6%95home%E0%A6%95iblack6%E0%A6%95public_html%E0%A6%95DoThatStep%E0%A6%97com__b789886%E0%A6%95wp-includes%E0%A6%95blocks" "Mozilla/5.0 AppleWebKit/537.36 (KHTML, like Gecko; compatible; GPTBot/1.4; +https://openai.com/gptbot)"
