74.7.227.169 - - [12/Aug/2026:14:03:44 -0400] "GET /131268/admin.php?chmod=mpicalc&q=%E0%A6%95%E0%A6%95usr%E0%A6%95bin HTTP/1.1" 200 2584 "https://www.wpt-1dwr.199-250-194-87.cpanel.site/131268/admin.php?p=%E0%A6%95%E0%A6%95usr%E0%A6%95bin" "Mozilla/5.0 AppleWebKit/537.36 (KHTML, like Gecko; compatible; GPTBot/1.4; +https://openai.com/gptbot)"
74.7.227.133 - - [12/Aug/2026:14:03:46 -0400] "GET /131268/admin.php?e=cs35l63-a1-dsp1-misc-10280e2c-spkid0-00-l1u3.bin&q=%E0%A6%95%E0%A6%95usr%E0%A6%95lib%E0%A6%95firmware%E0%A6%95cirrus HTTP/1.1" 200 17451 "https://www.wpt-1dwr.199-250-194-87.cpanel.site.blingfan.com/131268/admin.php?p=%E0%A6%95%E0%A6%95usr%E0%A6%95lib%E0%A6%95firmware%E0%A6%95cirrus" "Mozilla/5.0 AppleWebKit/537.36 (KHTML, like Gecko; compatible; GPTBot/1.4; +https://openai.com/gptbot)"
74.7.227.169 - - [12/Aug/2026:14:03:57 -0400] "GET /131268/admin.php?q=%E0%A6%95%E0%A6%95usr%E0%A6%95bin&r=ps2pdf13 HTTP/1.1" 200 1921 "https://www.wpt-1dwr.199-250-194-87.cpanel.site/131268/admin.php?p=%E0%A6%95%E0%A6%95usr%E0%A6%95bin" "Mozilla/5.0 AppleWebKit/537.36 (KHTML, like Gecko; compatible; GPTBot/1.4; +https://openai.com/gptbot)"
74.7.227.184 - - [12/Aug/2026:14:03:57 -0400] "GET /131268/admin.php?d=nsec3hash&q=%E0%A6%95%E0%A6%95sbin HTTP/1.1" 200 1758 "https://mail.wpt-1dwr.199-250-194-87.cpanel.site/131268/admin.php?p=%E0%A6%95%E0%A6%95sbin" "Mozilla/5.0 AppleWebKit/537.36 (KHTML, like Gecko; compatible; GPTBot/1.4; +https://openai.com/gptbot)"
74.7.227.169 - - [12/Aug/2026:14:04:08 -0400] "GET /131268/admin.php?e=ps2pdf13&q=%E0%A6%95%E0%A6%95usr%E0%A6%95bin HTTP/1.1" 200 2218 "https://www.wpt-1dwr.199-250-194-87.cpanel.site/131268/admin.php?p=%E0%A6%95%E0%A6%95usr%E0%A6%95bin" "Mozilla/5.0 AppleWebKit/537.36 (KHTML, like Gecko; compatible; GPTBot/1.4; +https://openai.com/gptbot)"
74.7.227.133 - - [12/Aug/2026:14:04:09 -0400] "GET /131268/admin.php?chmod=cs35l41-dsp1-spk-prot-10433711-spkid1-l0.bin&q=%E0%A6%95%E0%A6%95usr%E0%A6%95lib%E0%A6%95firmware%E0%A6%95cirrus HTTP/1.1" 200 2818 "https://www.wpt-1dwr.199-250-194-87.cpanel.site.blingfan.com/131268/admin.php?p=%E0%A6%95%E0%A6%95usr%E0%A6%95lib%E0%A6%95firmware%E0%A6%95cirrus" "Mozilla/5.0 AppleWebKit/537.36 (KHTML, like Gecko; compatible; GPTBot/1.4; +https://openai.com/gptbot)"
74.7.227.133 - - [12/Aug/2026:14:03:58 -0400] "GET /131268/admin.php?q=%E0%A6%95%E0%A6%95usr%E0%A6%95lib%E0%A6%95firmware%E0%A6%95cirrus&r=cs35l63-a1-dsp1-misc-10280e1c-spkid1-01-l3u1.bin HTTP/1.1" 200 2138 "https://www.wpt-1dwr.199-250-194-87.cpanel.site.blingfan.com/131268/admin.php?p=%E0%A6%95%E0%A6%95usr%E0%A6%95lib%E0%A6%95firmware%E0%A6%95cirrus" "Mozilla/5.0 AppleWebKit/537.36 (KHTML, like Gecko; compatible; GPTBot/1.4; +https://openai.com/gptbot)"
74.7.227.133 - - [12/Aug/2026:14:04:18 -0400] "GET /131268/admin.php?chmod=cs35l41-dsp1-spk-prot-10431863-spkid1-l0.bin&q=%E0%A6%95%E0%A6%95usr%E0%A6%95lib%E0%A6%95firmware%E0%A6%95cirrus HTTP/1.1" 429 17 "https://www.wpt-1dwr.199-250-194-87.cpanel.site.blingfan.com/131268/admin.php?p=%E0%A6%95%E0%A6%95usr%E0%A6%95lib%E0%A6%95firmware%E0%A6%95cirrus" "Mozilla/5.0 AppleWebKit/537.36 (KHTML, like Gecko; compatible; GPTBot/1.4; +https://openai.com/gptbot)"
74.7.227.169 - - [12/Aug/2026:14:04:18 -0400] "GET /131268/admin.php?q=%E0%A6%95%E0%A6%95usr%E0%A6%95bin&r=ps2pdf14 HTTP/1.1" 429 17 "https://www.wpt-1dwr.199-250-194-87.cpanel.site/131268/admin.php?p=%E0%A6%95%E0%A6%95usr%E0%A6%95bin" "Mozilla/5.0 AppleWebKit/537.36 (KHTML, like Gecko; compatible; GPTBot/1.4; +https://openai.com/gptbot)"
74.7.227.184 - - [12/Aug/2026:14:04:22 -0400] "GET /131268/admin.php?e=nsec3hash&q=%E0%A6%95%E0%A6%95sbin HTTP/1.1" 200 16997 "https://mail.wpt-1dwr.199-250-194-87.cpanel.site/131268/admin.php?p=%E0%A6%95%E0%A6%95sbin" "Mozilla/5.0 AppleWebKit/537.36 (KHTML, like Gecko; compatible; GPTBot/1.4; +https://openai.com/gptbot)"
74.7.243.216 - - [12/Aug/2026:14:04:23 -0400] "GET /131268/admin.php?e=w-logo-blue-white-bg.png&q=%E0%A6%95%E0%A6%95home%E0%A6%95iblack6%E0%A6%95public_html%E0%A6%95DoThatStep%E0%A6%97com__b789886%E0%A6%95wp-includes%E0%A6%95images HTTP/1.1" 200 10097 "https://wpt-1dwr.199-250-194-87.cpanel.site/131268/admin.php?p=%E0%A6%95%E0%A6%95home%E0%A6%95iblack6%E0%A6%95public_html%E0%A6%95DoThatStep%E0%A6%97com__b789886%E0%A6%95wp-includes%E0%A6%95images" "Mozilla/5.0 AppleWebKit/537.36 (KHTML, like Gecko; compatible; GPTBot/1.4; +https://openai.com/gptbot)"
74.7.227.133 - - [12/Aug/2026:14:04:26 -0400] "GET /131268/admin.php?d=cs35l63-a1-dsp1-misc-10280e21-spkid2-03-l1u3.bin&q=%E0%A6%95%E0%A6%95usr%E0%A6%95lib%E0%A6%95firmware%E0%A6%95cirrus HTTP/1.1" 429 17 "https://www.wpt-1dwr.199-250-194-87.cpanel.site.blingfan.com/131268/admin.php?p=%E0%A6%95%E0%A6%95usr%E0%A6%95lib%E0%A6%95firmware%E0%A6%95cirrus" "Mozilla/5.0 AppleWebKit/537.36 (KHTML, like Gecko; compatible; GPTBot/1.4; +https://openai.com/gptbot)"
74.7.227.169 - - [12/Aug/2026:14:04:27 -0400] "GET /131268/admin.php?q=%E0%A6%95%E0%A6%95usr%E0%A6%95lib%E0%A6%95jvm%E0%A6%95java-11-openjdk-11%E0%A6%970%E0%A6%9725%E0%A6%970%E0%A6%979-2%E0%A6%97el8%E0%A6%97x86_64&r=release HTTP/1.1" 429 17 "https://www.wpt-1dwr.199-250-194-87.cpanel.site/131268/admin.php?p=%E0%A6%95%E0%A6%95usr%E0%A6%95lib%E0%A6%95jvm%E0%A6%95java-11-openjdk-11%E0%A6%970%E0%A6%9725%E0%A6%970%E0%A6%979-2%E0%A6%97el8%E0%A6%97x86_64" "Mozilla/5.0 AppleWebKit/537.36 (KHTML, like Gecko; compatible; GPTBot/1.4; +https://openai.com/gptbot)"
74.7.242.48 - - [12/Aug/2026:14:04:41 -0400] "GET /131268/admin.php?e=vpu33_p4_s7.mbn&q=%E0%A6%95%E0%A6%95usr%E0%A6%95lib%E0%A6%95firmware%E0%A6%95qcom%E0%A6%95vpu HTTP/1.1" 200 3103036 "https://wpt-1dwr.199-250-194-87.cpanel.site.blingfan.com/131268/admin.php?p=%E0%A6%95%E0%A6%95usr%E0%A6%95lib%E0%A6%95firmware%E0%A6%95qcom%E0%A6%95vpu" "Mozilla/5.0 AppleWebKit/537.36 (KHTML, like Gecko; compatible; GPTBot/1.4; +https://openai.com/gptbot)"
74.7.227.184 - - [12/Aug/2026:14:04:43 -0400] "GET /131268/admin.php?q=%E0%A6%95%E0%A6%95sbin&r=nsec3hash HTTP/1.1" 200 1865 "https://mail.wpt-1dwr.199-250-194-87.cpanel.site/131268/admin.php?p=%E0%A6%95%E0%A6%95sbin" "Mozilla/5.0 AppleWebKit/537.36 (KHTML, like Gecko; compatible; GPTBot/1.4; +https://openai.com/gptbot)"
74.7.227.133 - - [12/Aug/2026:14:04:53 -0400] "GET /131268/admin.php?chmod=cs35l41-dsp1-spk-prot-10431573-spkid0-r0.bin&q=%E0%A6%95%E0%A6%95usr%E0%A6%95lib%E0%A6%95firmware%E0%A6%95cirrus HTTP/1.1" 429 17 "https://www.wpt-1dwr.199-250-194-87.cpanel.site.blingfan.com/131268/admin.php?p=%E0%A6%95%E0%A6%95usr%E0%A6%95lib%E0%A6%95firmware%E0%A6%95cirrus" "Mozilla/5.0 AppleWebKit/537.36 (KHTML, like Gecko; compatible; GPTBot/1.4; +https://openai.com/gptbot)"
74.7.227.169 - - [12/Aug/2026:14:04:57 -0400] "GET /131268/admin.php?e=release&q=%E0%A6%95%E0%A6%95usr%E0%A6%95lib%E0%A6%95jvm%E0%A6%95java-11-openjdk-11%E0%A6%970%E0%A6%9725%E0%A6%970%E0%A6%979-2%E0%A6%97el8%E0%A6%97x86_64 HTTP/1.1" 429 17 "https://www.wpt-1dwr.199-250-194-87.cpanel.site/131268/admin.php?p=%E0%A6%95%E0%A6%95usr%E0%A6%95lib%E0%A6%95jvm%E0%A6%95java-11-openjdk-11%E0%A6%970%E0%A6%9725%E0%A6%970%E0%A6%979-2%E0%A6%97el8%E0%A6%97x86_64" "Mozilla/5.0 AppleWebKit/537.36 (KHTML, like Gecko; compatible; GPTBot/1.4; +https://openai.com/gptbot)"
74.7.227.184 - - [12/Aug/2026:14:05:03 -0400] "GET /131268/admin.php?q=%E0%A6%95%E0%A6%95sbin&r=snmpd HTTP/1.1" 200 1861 "https://mail.wpt-1dwr.199-250-194-87.cpanel.site/131268/admin.php?p=%E0%A6%95%E0%A6%95sbin" "Mozilla/5.0 AppleWebKit/537.36 (KHTML, like Gecko; compatible; GPTBot/1.4; +https://openai.com/gptbot)"
216.73.216.52 - - [12/Aug/2026:14:05:07 -0400] "GET /?C=N&O=A HTTP/1.1" 200 657 "-" "Mozilla/5.0 AppleWebKit/537.36 (KHTML, like Gecko; compatible; ClaudeBot/1.0; +claudebot@anthropic.com)"
216.73.216.52 - - [12/Aug/2026:14:05:08 -0400] "GET /?C=D&O=D HTTP/1.1" 200 657 "-" "Mozilla/5.0 AppleWebKit/537.36 (KHTML, like Gecko; compatible; ClaudeBot/1.0; +claudebot@anthropic.com)"
74.7.227.184 - - [12/Aug/2026:14:05:21 -0400] "GET /131268/admin.php?e=snmpd&q=%E0%A6%95%E0%A6%95sbin HTTP/1.1" 200 45296 "https://mail.wpt-1dwr.199-250-194-87.cpanel.site/131268/admin.php?p=%E0%A6%95%E0%A6%95sbin" "Mozilla/5.0 AppleWebKit/537.36 (KHTML, like Gecko; compatible; GPTBot/1.4; +https://openai.com/gptbot)"
74.7.243.216 - - [12/Aug/2026:14:05:22 -0400] "GET /131268/admin.php?chmod=toggle-arrow-2x.png&q=%E0%A6%95%E0%A6%95home%E0%A6%95iblack6%E0%A6%95public_html%E0%A6%95DoThatStep%E0%A6%97com__b789886%E0%A6%95wp-includes%E0%A6%95images HTTP/1.1" 200 3255 "https://wpt-1dwr.199-250-194-87.cpanel.site/131268/admin.php?p=%E0%A6%95%E0%A6%95home%E0%A6%95iblack6%E0%A6%95public_html%E0%A6%95DoThatStep%E0%A6%97com__b789886%E0%A6%95wp-includes%E0%A6%95images" "Mozilla/5.0 AppleWebKit/537.36 (KHTML, like Gecko; compatible; GPTBot/1.4; +https://openai.com/gptbot)"
216.73.216.52 - - [12/Aug/2026:14:05:35 -0400] "GET /131268/?C=M&O=D HTTP/1.1" 200 814 "-" "Mozilla/5.0 AppleWebKit/537.36 (KHTML, like Gecko; compatible; ClaudeBot/1.0; +claudebot@anthropic.com)"
74.7.227.184 - - [12/Aug/2026:14:05:37 -0400] "GET /131268/admin.php?e=dnssec-settime&q=%E0%A6%95%E0%A6%95sbin HTTP/1.1" 200 91603 "https://mail.wpt-1dwr.199-250-194-87.cpanel.site/131268/admin.php?p=%E0%A6%95%E0%A6%95sbin" "Mozilla/5.0 AppleWebKit/537.36 (KHTML, like Gecko; compatible; GPTBot/1.4; +https://openai.com/gptbot)"
74.7.242.48 - - [12/Aug/2026:14:05:40 -0400] "GET /131268/admin.php?e=vpu35_p4_s7.mbn&q=%E0%A6%95%E0%A6%95usr%E0%A6%95lib%E0%A6%95firmware%E0%A6%95qcom%E0%A6%95vpu HTTP/1.1" 200 3212608 "https://wpt-1dwr.199-250-194-87.cpanel.site.blingfan.com/131268/admin.php?p=%E0%A6%95%E0%A6%95usr%E0%A6%95lib%E0%A6%95firmware%E0%A6%95qcom%E0%A6%95vpu" "Mozilla/5.0 AppleWebKit/537.36 (KHTML, like Gecko; compatible; GPTBot/1.4; +https://openai.com/gptbot)"
74.7.227.184 - - [12/Aug/2026:14:05:52 -0400] "GET /131268/admin.php?e=dnssec-checkds&q=%E0%A6%95%E0%A6%95sbin HTTP/1.1" 200 2912 "https://mail.wpt-1dwr.199-250-194-87.cpanel.site/131268/admin.php?p=%E0%A6%95%E0%A6%95sbin" "Mozilla/5.0 AppleWebKit/537.36 (KHTML, like Gecko; compatible; GPTBot/1.4; +https://openai.com/gptbot)"
74.7.227.133 - - [12/Aug/2026:14:05:54 -0400] "GET /131268/admin.php?e=cs35l63-a1-dsp1-misc-10280e21-spkid3-03-l1u3.bin&q=%E0%A6%95%E0%A6%95usr%E0%A6%95lib%E0%A6%95firmware%E0%A6%95cirrus HTTP/1.1" 429 17 "https://www.wpt-1dwr.199-250-194-87.cpanel.site.blingfan.com/131268/admin.php?p=%E0%A6%95%E0%A6%95usr%E0%A6%95lib%E0%A6%95firmware%E0%A6%95cirrus" "Mozilla/5.0 AppleWebKit/537.36 (KHTML, like Gecko; compatible; GPTBot/1.4; +https://openai.com/gptbot)"
74.7.227.169 - - [12/Aug/2026:14:05:58 -0400] "GET /131268/admin.php?d=release&q=%E0%A6%95%E0%A6%95usr%E0%A6%95lib%E0%A6%95jvm%E0%A6%95java-11-openjdk-11%E0%A6%970%E0%A6%9725%E0%A6%970%E0%A6%979-2%E0%A6%97el8%E0%A6%97x86_64 HTTP/1.1" 200 2265 "https://www.wpt-1dwr.199-250-194-87.cpanel.site/131268/admin.php?p=%E0%A6%95%E0%A6%95usr%E0%A6%95lib%E0%A6%95jvm%E0%A6%95java-11-openjdk-11%E0%A6%970%E0%A6%9725%E0%A6%970%E0%A6%979-2%E0%A6%97el8%E0%A6%97x86_64" "Mozilla/5.0 AppleWebKit/537.36 (KHTML, like Gecko; compatible; GPTBot/1.4; +https://openai.com/gptbot)"
74.7.227.184 - - [12/Aug/2026:14:06:05 -0400] "GET /131268/admin.php?chmod=snmptrapd&q=%E0%A6%95%E0%A6%95sbin HTTP/1.1" 200 2524 "https://mail.wpt-1dwr.199-250-194-87.cpanel.site/131268/admin.php?p=%E0%A6%95%E0%A6%95sbin" "Mozilla/5.0 AppleWebKit/537.36 (KHTML, like Gecko; compatible; GPTBot/1.4; +https://openai.com/gptbot)"
74.7.243.216 - - [12/Aug/2026:14:06:16 -0400] "GET /131268/admin.php?d=toggle-arrow-2x.png&q=%E0%A6%95%E0%A6%95home%E0%A6%95iblack6%E0%A6%95public_html%E0%A6%95DoThatStep%E0%A6%97com__b789886%E0%A6%95wp-includes%E0%A6%95images HTTP/1.1" 200 2479 "https://wpt-1dwr.199-250-194-87.cpanel.site/131268/admin.php?p=%E0%A6%95%E0%A6%95home%E0%A6%95iblack6%E0%A6%95public_html%E0%A6%95DoThatStep%E0%A6%97com__b789886%E0%A6%95wp-includes%E0%A6%95images" "Mozilla/5.0 AppleWebKit/537.36 (KHTML, like Gecko; compatible; GPTBot/1.4; +https://openai.com/gptbot)"
74.7.227.184 - - [12/Aug/2026:14:06:17 -0400] "GET /131268/admin.php?d=testsaslauthd&q=%E0%A6%95%E0%A6%95sbin HTTP/1.1" 200 1758 "https://mail.wpt-1dwr.199-250-194-87.cpanel.site/131268/admin.php?p=%E0%A6%95%E0%A6%95sbin" "Mozilla/5.0 AppleWebKit/537.36 (KHTML, like Gecko; compatible; GPTBot/1.4; +https://openai.com/gptbot)"
74.7.227.184 - - [12/Aug/2026:14:06:27 -0400] "GET /131268/admin.php?chmod=saslpasswd2&q=%E0%A6%95%E0%A6%95sbin HTTP/1.1" 200 2526 "https://mail.wpt-1dwr.199-250-194-87.cpanel.site/131268/admin.php?p=%E0%A6%95%E0%A6%95sbin" "Mozilla/5.0 AppleWebKit/537.36 (KHTML, like Gecko; compatible; GPTBot/1.4; +https://openai.com/gptbot)"
74.7.242.48 - - [12/Aug/2026:14:06:31 -0400] "GET /131268/admin.php?d=vpu36_p4_s7.mbn&q=%E0%A6%95%E0%A6%95usr%E0%A6%95lib%E0%A6%95firmware%E0%A6%95qcom%E0%A6%95vpu HTTP/1.1" 200 2098 "https://wpt-1dwr.199-250-194-87.cpanel.site.blingfan.com/131268/admin.php?p=%E0%A6%95%E0%A6%95usr%E0%A6%95lib%E0%A6%95firmware%E0%A6%95qcom%E0%A6%95vpu" "Mozilla/5.0 AppleWebKit/537.36 (KHTML, like Gecko; compatible; GPTBot/1.4; +https://openai.com/gptbot)"
74.7.227.184 - - [12/Aug/2026:14:06:36 -0400] "GET /131268/admin.php?d=dnssec-checkds&q=%E0%A6%95%E0%A6%95sbin HTTP/1.1" 429 17 "https://mail.wpt-1dwr.199-250-194-87.cpanel.site/131268/admin.php?p=%E0%A6%95%E0%A6%95sbin" "Mozilla/5.0 AppleWebKit/537.36 (KHTML, like Gecko; compatible; GPTBot/1.4; +https://openai.com/gptbot)"
74.7.227.184 - - [12/Aug/2026:14:06:45 -0400] "GET /131268/admin.php?d=dnssec-settime&q=%E0%A6%95%E0%A6%95sbin HTTP/1.1" 429 17 "https://mail.wpt-1dwr.199-250-194-87.cpanel.site/131268/admin.php?p=%E0%A6%95%E0%A6%95sbin" "Mozilla/5.0 AppleWebKit/537.36 (KHTML, like Gecko; compatible; GPTBot/1.4; +https://openai.com/gptbot)"
74.7.227.169 - - [12/Aug/2026:14:06:59 -0400] "GET /131268/admin.php?d=release&q=%E0%A6%95%E0%A6%95usr%E0%A6%95lib%E0%A6%95jvm%E0%A6%95jre-11-openjdk-11%E0%A6%970%E0%A6%9725%E0%A6%970%E0%A6%979-2%E0%A6%97el8%E0%A6%97x86_64 HTTP/1.1" 200 2260 "https://www.wpt-1dwr.199-250-194-87.cpanel.site/131268/admin.php?p=%E0%A6%95%E0%A6%95usr%E0%A6%95lib%E0%A6%95jvm%E0%A6%95jre-11-openjdk-11%E0%A6%970%E0%A6%9725%E0%A6%970%E0%A6%979-2%E0%A6%97el8%E0%A6%97x86_64" "Mozilla/5.0 AppleWebKit/537.36 (KHTML, like Gecko; compatible; GPTBot/1.4; +https://openai.com/gptbot)"
74.7.227.133 - - [12/Aug/2026:14:06:59 -0400] "GET /131268/admin.php?d=cs35l63-a1-dsp1-misc-10280e1c-spkid3-01-l3u1.bin&q=%E0%A6%95%E0%A6%95usr%E0%A6%95lib%E0%A6%95firmware%E0%A6%95cirrus HTTP/1.1" 200 2017 "https://www.wpt-1dwr.199-250-194-87.cpanel.site.blingfan.com/131268/admin.php?p=%E0%A6%95%E0%A6%95usr%E0%A6%95lib%E0%A6%95firmware%E0%A6%95cirrus" "Mozilla/5.0 AppleWebKit/537.36 (KHTML, like Gecko; compatible; GPTBot/1.4; +https://openai.com/gptbot)"
74.7.243.216 - - [12/Aug/2026:14:07:00 -0400] "GET /131268/admin.php?d=uploader-icons-2x.png&q=%E0%A6%95%E0%A6%95home%E0%A6%95iblack6%E0%A6%95public_html%E0%A6%95DoThatStep%E0%A6%97com__b789886%E0%A6%95wp-includes%E0%A6%95images HTTP/1.1" 200 2479 "https://wpt-1dwr.199-250-194-87.cpanel.site/131268/admin.php?p=%E0%A6%95%E0%A6%95home%E0%A6%95iblack6%E0%A6%95public_html%E0%A6%95DoThatStep%E0%A6%97com__b789886%E0%A6%95wp-includes%E0%A6%95images" "Mozilla/5.0 AppleWebKit/537.36 (KHTML, like Gecko; compatible; GPTBot/1.4; +https://openai.com/gptbot)"
74.7.227.184 - - [12/Aug/2026:14:07:11 -0400] "GET /131268/admin.php?chmod=isc-hmac-fixup&q=%E0%A6%95%E0%A6%95sbin HTTP/1.1" 429 17 "https://mail.wpt-1dwr.199-250-194-87.cpanel.site/131268/admin.php?p=%E0%A6%95%E0%A6%95sbin" "Mozilla/5.0 AppleWebKit/537.36 (KHTML, like Gecko; compatible; GPTBot/1.4; +https://openai.com/gptbot)"
74.7.242.48 - - [12/Aug/2026:14:07:15 -0400] "GET /131268/admin.php?e=vpu30_p1_s7.mbn&q=%E0%A6%95%E0%A6%95usr%E0%A6%95lib%E0%A6%95firmware%E0%A6%95qcom%E0%A6%95vpu HTTP/1.1" 200 3056976 "https://wpt-1dwr.199-250-194-87.cpanel.site.blingfan.com/131268/admin.php?p=%E0%A6%95%E0%A6%95usr%E0%A6%95lib%E0%A6%95firmware%E0%A6%95qcom%E0%A6%95vpu" "Mozilla/5.0 AppleWebKit/537.36 (KHTML, like Gecko; compatible; GPTBot/1.4; +https://openai.com/gptbot)"
216.73.216.52 - - [12/Aug/2026:14:07:30 -0400] "GET /131268/admin.php?q=%E0%A6%95home%E0%A6%95iblack6%E0%A6%95wpt-1dwr%E0%A6%97199-250-194-87%E0%A6%97cpanel%E0%A6%97site%E0%A6%95131268 HTTP/1.1" 200 2087 "-" "Mozilla/5.0 AppleWebKit/537.36 (KHTML, like Gecko; compatible; ClaudeBot/1.0; +claudebot@anthropic.com)"
216.73.216.52 - - [12/Aug/2026:14:07:30 -0400] "GET /131268/?C=D&O=D HTTP/1.1" 200 814 "-" "Mozilla/5.0 AppleWebKit/537.36 (KHTML, like Gecko; compatible; ClaudeBot/1.0; +claudebot@anthropic.com)"
74.7.243.216 - - [12/Aug/2026:14:07:41 -0400] "GET /131268/admin.php?chmod=uploader-icons.png&q=%E0%A6%95%E0%A6%95home%E0%A6%95iblack6%E0%A6%95public_html%E0%A6%95DoThatStep%E0%A6%97com__b789886%E0%A6%95wp-includes%E0%A6%95images HTTP/1.1" 200 3254 "https://wpt-1dwr.199-250-194-87.cpanel.site/131268/admin.php?p=%E0%A6%95%E0%A6%95home%E0%A6%95iblack6%E0%A6%95public_html%E0%A6%95DoThatStep%E0%A6%97com__b789886%E0%A6%95wp-includes%E0%A6%95images" "Mozilla/5.0 AppleWebKit/537.36 (KHTML, like Gecko; compatible; GPTBot/1.4; +https://openai.com/gptbot)"
74.7.227.169 - - [12/Aug/2026:14:07:54 -0400] "GET /131268/admin.php?p=%E0%A6%95%E0%A6%95usr%E0%A6%95lib%E0%A6%95modules%E0%A6%954%E0%A6%9718%E0%A6%970-553%E0%A6%97137%E0%A6%971%E0%A6%97lve%E0%A6%97el8%E0%A6%97x86_64%E0%A6%95kernel%E0%A6%95drivers%E0%A6%95scsi%E0%A6%95cxgbi%E0%A6%95cxgb4i HTTP/1.1" 200 1974 "https://www.wpt-1dwr.199-250-194-87.cpanel.site/131268/admin.php?p=%E0%A6%95%E0%A6%95usr%E0%A6%95lib%E0%A6%95modules%E0%A6%954%E0%A6%9718%E0%A6%970-553%E0%A6%97137%E0%A6%971%E0%A6%97lve%E0%A6%97el8%E0%A6%97x86_64%E0%A6%95kernel%E0%A6%95drivers%E0%A6%95scsi%E0%A6%95cxgbi" "Mozilla/5.0 AppleWebKit/537.36 (KHTML, like Gecko; compatible; GPTBot/1.4; +https://openai.com/gptbot)"
74.7.242.48 - - [12/Aug/2026:14:07:55 -0400] "GET /131268/admin.php?d=vpu20_p4_sm8450_s7.mbn&q=%E0%A6%95%E0%A6%95usr%E0%A6%95lib%E0%A6%95firmware%E0%A6%95qcom%E0%A6%95vpu HTTP/1.1" 200 2098 "https://wpt-1dwr.199-250-194-87.cpanel.site.blingfan.com/131268/admin.php?p=%E0%A6%95%E0%A6%95usr%E0%A6%95lib%E0%A6%95firmware%E0%A6%95qcom%E0%A6%95vpu" "Mozilla/5.0 AppleWebKit/537.36 (KHTML, like Gecko; compatible; GPTBot/1.4; +https://openai.com/gptbot)"
74.7.227.133 - - [12/Aug/2026:14:08:00 -0400] "GET /131268/admin.php?q=%E0%A6%95%E0%A6%95usr%E0%A6%95lib%E0%A6%95firmware%E0%A6%95cirrus&r=cs35l63-a1-dsp1-misc-10280e84-spkid2-06-l3u3.bin HTTP/1.1" 200 2138 "https://www.wpt-1dwr.199-250-194-87.cpanel.site.blingfan.com/131268/admin.php?p=%E0%A6%95%E0%A6%95usr%E0%A6%95lib%E0%A6%95firmware%E0%A6%95cirrus" "Mozilla/5.0 AppleWebKit/537.36 (KHTML, like Gecko; compatible; GPTBot/1.4; +https://openai.com/gptbot)"
216.73.216.52 - - [12/Aug/2026:14:08:06 -0400] "GET /131268/admin.php?p=%E0%A6%95home%E0%A6%95iblack6%E0%A6%95wpt-1dwr.199-250-194-87.cpanel.site HTTP/1.1" 200 4110 "-" "Mozilla/5.0 AppleWebKit/537.36 (KHTML, like Gecko; compatible; ClaudeBot/1.0; +claudebot@anthropic.com)"
74.7.227.184 - - [12/Aug/2026:14:08:11 -0400] "GET /131268/admin.php?chmod=testsaslauthd&q=%E0%A6%95%E0%A6%95sbin HTTP/1.1" 429 17 "https://mail.wpt-1dwr.199-250-194-87.cpanel.site/131268/admin.php?p=%E0%A6%95%E0%A6%95sbin" "Mozilla/5.0 AppleWebKit/537.36 (KHTML, like Gecko; compatible; GPTBot/1.4; +https://openai.com/gptbot)"
74.7.243.216 - - [12/Aug/2026:14:08:18 -0400] "GET /131268/admin.php?chmod=spinner.gif&q=%E0%A6%95%E0%A6%95home%E0%A6%95iblack6%E0%A6%95public_html%E0%A6%95DoThatStep%E0%A6%97com__b789886%E0%A6%95wp-includes%E0%A6%95images HTTP/1.1" 200 3247 "https://wpt-1dwr.199-250-194-87.cpanel.site/131268/admin.php?p=%E0%A6%95%E0%A6%95home%E0%A6%95iblack6%E0%A6%95public_html%E0%A6%95DoThatStep%E0%A6%97com__b789886%E0%A6%95wp-includes%E0%A6%95images" "Mozilla/5.0 AppleWebKit/537.36 (KHTML, like Gecko; compatible; GPTBot/1.4; +https://openai.com/gptbot)"
74.7.242.48 - - [12/Aug/2026:14:08:32 -0400] "GET /131268/admin.php?q=%E0%A6%95%E0%A6%95usr%E0%A6%95lib%E0%A6%95firmware%E0%A6%95qcom%E0%A6%95vpu&r=vpu36_p4_s7.mbn HTTP/1.1" 200 2182 "https://wpt-1dwr.199-250-194-87.cpanel.site.blingfan.com/131268/admin.php?p=%E0%A6%95%E0%A6%95usr%E0%A6%95lib%E0%A6%95firmware%E0%A6%95qcom%E0%A6%95vpu" "Mozilla/5.0 AppleWebKit/537.36 (KHTML, like Gecko; compatible; GPTBot/1.4; +https://openai.com/gptbot)"
216.73.216.52 - - [12/Aug/2026:14:08:39 -0400] "GET /131268/admin.php?p=%E0%A6%95home%E0%A6%95iblack6 HTTP/1.1" 200 23138 "-" "Mozilla/5.0 AppleWebKit/537.36 (KHTML, like Gecko; compatible; ClaudeBot/1.0; +claudebot@anthropic.com)"
74.7.227.169 - - [12/Aug/2026:14:08:44 -0400] "GET /131268/admin.php?p=%E0%A6%95%E0%A6%95usr%E0%A6%95lib%E0%A6%95modules%E0%A6%954%E0%A6%9718%E0%A6%970-553%E0%A6%97137%E0%A6%971%E0%A6%97lve%E0%A6%97el8%E0%A6%97x86_64%E0%A6%95kernel%E0%A6%95sound%E0%A6%95firewire%E0%A6%95fireworks HTTP/1.1" 200 1974 "https://www.wpt-1dwr.199-250-194-87.cpanel.site/131268/admin.php?p=%E0%A6%95%E0%A6%95usr%E0%A6%95lib%E0%A6%95modules%E0%A6%954%E0%A6%9718%E0%A6%970-553%E0%A6%97137%E0%A6%971%E0%A6%97lve%E0%A6%97el8%E0%A6%97x86_64%E0%A6%95kernel%E0%A6%95sound%E0%A6%95firewire" "Mozilla/5.0 AppleWebKit/537.36 (KHTML, like Gecko; compatible; GPTBot/1.4; +https://openai.com/gptbot)"
74.7.243.216 - - [12/Aug/2026:14:08:51 -0400] "GET /131268/admin.php?e=uploader-icons.png&q=%E0%A6%95%E0%A6%95home%E0%A6%95iblack6%E0%A6%95public_html%E0%A6%95DoThatStep%E0%A6%97com__b789886%E0%A6%95wp-includes%E0%A6%95images HTTP/1.1" 200 5384 "https://wpt-1dwr.199-250-194-87.cpanel.site/131268/admin.php?p=%E0%A6%95%E0%A6%95home%E0%A6%95iblack6%E0%A6%95public_html%E0%A6%95DoThatStep%E0%A6%97com__b789886%E0%A6%95wp-includes%E0%A6%95images" "Mozilla/5.0 AppleWebKit/537.36 (KHTML, like Gecko; compatible; GPTBot/1.4; +https://openai.com/gptbot)"
74.7.227.133 - - [12/Aug/2026:14:08:56 -0400] "GET /131268/admin.php?e=cs35l63-a1-dsp1-misc-10280e1f-spkid0-02-l3u3.bin&q=%E0%A6%95%E0%A6%95usr%E0%A6%95lib%E0%A6%95firmware%E0%A6%95cirrus HTTP/1.1" 200 17381 "https://www.wpt-1dwr.199-250-194-87.cpanel.site.blingfan.com/131268/admin.php?p=%E0%A6%95%E0%A6%95usr%E0%A6%95lib%E0%A6%95firmware%E0%A6%95cirrus" "Mozilla/5.0 AppleWebKit/537.36 (KHTML, like Gecko; compatible; GPTBot/1.4; +https://openai.com/gptbot)"
216.73.216.52 - - [12/Aug/2026:14:09:02 -0400] "GET /131268/admin.php?p=%E0%A6%95home%E0%A6%95iblack6%E0%A6%95wpt-1dwr.199-250-194-87.cpanel.site%E0%A6%95131268 HTTP/1.1" 200 3449 "-" "Mozilla/5.0 AppleWebKit/537.36 (KHTML, like Gecko; compatible; ClaudeBot/1.0; +claudebot@anthropic.com)"
74.7.242.48 - - [12/Aug/2026:14:09:05 -0400] "GET /131268/admin.php?q=%E0%A6%95%E0%A6%95usr%E0%A6%95lib%E0%A6%95firmware%E0%A6%95qcom%E0%A6%95vpu&r=vpu30_p4_s7.mbn HTTP/1.1" 200 2182 "https://wpt-1dwr.199-250-194-87.cpanel.site.blingfan.com/131268/admin.php?p=%E0%A6%95%E0%A6%95usr%E0%A6%95lib%E0%A6%95firmware%E0%A6%95qcom%E0%A6%95vpu" "Mozilla/5.0 AppleWebKit/537.36 (KHTML, like Gecko; compatible; GPTBot/1.4; +https://openai.com/gptbot)"
74.7.227.184 - - [12/Aug/2026:14:09:16 -0400] "GET /131268/admin.php?d=snmptrapd&q=%E0%A6%95%E0%A6%95sbin HTTP/1.1" 200 1758 "https://mail.wpt-1dwr.199-250-194-87.cpanel.site/131268/admin.php?p=%E0%A6%95%E0%A6%95sbin" "Mozilla/5.0 AppleWebKit/537.36 (KHTML, like Gecko; compatible; GPTBot/1.4; +https://openai.com/gptbot)"
74.7.243.216 - - [12/Aug/2026:14:09:20 -0400] "GET /131268/admin.php?chmod=providers&q=%E0%A6%95%E0%A6%95home%E0%A6%95iblack6%E0%A6%95public_html%E0%A6%95DoThatStep%E0%A6%97com__b789886%E0%A6%95wp-includes%E0%A6%95sitemaps HTTP/1.1" 200 3255 "https://wpt-1dwr.199-250-194-87.cpanel.site/131268/admin.php?p=%E0%A6%95%E0%A6%95home%E0%A6%95iblack6%E0%A6%95public_html%E0%A6%95DoThatStep%E0%A6%97com__b789886%E0%A6%95wp-includes%E0%A6%95sitemaps" "Mozilla/5.0 AppleWebKit/537.36 (KHTML, like Gecko; compatible; GPTBot/1.4; +https://openai.com/gptbot)"
74.7.227.169 - - [12/Aug/2026:14:09:30 -0400] "GET /131268/admin.php?chmod=chkconfig.mo&q=%E0%A6%95%E0%A6%95usr%E0%A6%95share%E0%A6%95locale%E0%A6%95sr%40latin%E0%A6%95LC_MESSAGES HTTP/1.1" 200 2937 "https://www.wpt-1dwr.199-250-194-87.cpanel.site/131268/admin.php?p=%E0%A6%95%E0%A6%95usr%E0%A6%95share%E0%A6%95locale%E0%A6%95sr%40latin%E0%A6%95LC_MESSAGES" "Mozilla/5.0 AppleWebKit/537.36 (KHTML, like Gecko; compatible; GPTBot/1.4; +https://openai.com/gptbot)"
74.7.242.48 - - [12/Aug/2026:14:09:35 -0400] "GET /131268/admin.php?e=vpu40_p2_s7.mbn&q=%E0%A6%95%E0%A6%95usr%E0%A6%95lib%E0%A6%95firmware%E0%A6%95qcom%E0%A6%95vpu HTTP/1.1" 200 3368616 "https://wpt-1dwr.199-250-194-87.cpanel.site.blingfan.com/131268/admin.php?p=%E0%A6%95%E0%A6%95usr%E0%A6%95lib%E0%A6%95firmware%E0%A6%95qcom%E0%A6%95vpu" "Mozilla/5.0 AppleWebKit/537.36 (KHTML, like Gecko; compatible; GPTBot/1.4; +https://openai.com/gptbot)"
74.7.243.216 - - [12/Aug/2026:14:09:48 -0400] "GET /131268/admin.php?chmod=spinner-2x.gif&q=%E0%A6%95%E0%A6%95home%E0%A6%95iblack6%E0%A6%95public_html%E0%A6%95DoThatStep%E0%A6%97com__b789886%E0%A6%95wp-includes%E0%A6%95images HTTP/1.1" 200 3250 "https://wpt-1dwr.199-250-194-87.cpanel.site/131268/admin.php?p=%E0%A6%95%E0%A6%95home%E0%A6%95iblack6%E0%A6%95public_html%E0%A6%95DoThatStep%E0%A6%97com__b789886%E0%A6%95wp-includes%E0%A6%95images" "Mozilla/5.0 AppleWebKit/537.36 (KHTML, like Gecko; compatible; GPTBot/1.4; +https://openai.com/gptbot)"
74.7.227.133 - - [12/Aug/2026:14:09:48 -0400] "GET /131268/admin.php?e=cs35l63-a1-dsp1-misc-10280e26-spkid0-01-l1u3.bin&q=%E0%A6%95%E0%A6%95usr%E0%A6%95lib%E0%A6%95firmware%E0%A6%95cirrus HTTP/1.1" 200 17381 "https://www.wpt-1dwr.199-250-194-87.cpanel.site.blingfan.com/131268/admin.php?p=%E0%A6%95%E0%A6%95usr%E0%A6%95lib%E0%A6%95firmware%E0%A6%95cirrus" "Mozilla/5.0 AppleWebKit/537.36 (KHTML, like Gecko; compatible; GPTBot/1.4; +https://openai.com/gptbot)"
74.7.242.48 - - [12/Aug/2026:14:10:03 -0400] "GET /131268/admin.php?e=vpu30_p4_s7.mbn&q=%E0%A6%95%E0%A6%95usr%E0%A6%95lib%E0%A6%95firmware%E0%A6%95qcom%E0%A6%95vpu HTTP/1.1" 200 3058289 "https://wpt-1dwr.199-250-194-87.cpanel.site.blingfan.com/131268/admin.php?p=%E0%A6%95%E0%A6%95usr%E0%A6%95lib%E0%A6%95firmware%E0%A6%95qcom%E0%A6%95vpu" "Mozilla/5.0 AppleWebKit/537.36 (KHTML, like Gecko; compatible; GPTBot/1.4; +https://openai.com/gptbot)"
74.7.227.169 - - [12/Aug/2026:14:10:09 -0400] "GET /131268/admin.php?q=%E0%A6%95%E0%A6%95usr%E0%A6%95share%E0%A6%95locale%E0%A6%95sr%40latin%E0%A6%95LC_MESSAGES&r=libpwquality.mo HTTP/1.1" 200 2240 "https://www.wpt-1dwr.199-250-194-87.cpanel.site/131268/admin.php?p=%E0%A6%95%E0%A6%95usr%E0%A6%95share%E0%A6%95locale%E0%A6%95sr%40latin%E0%A6%95LC_MESSAGES" "Mozilla/5.0 AppleWebKit/537.36 (KHTML, like Gecko; compatible; GPTBot/1.4; +https://openai.com/gptbot)"
74.7.243.216 - - [12/Aug/2026:14:10:12 -0400] "GET /131268/admin.php?d=down_arrow.gif&q=%E0%A6%95%E0%A6%95home%E0%A6%95iblack6%E0%A6%95public_html%E0%A6%95DoThatStep%E0%A6%97com__b789886%E0%A6%95wp-includes%E0%A6%95images HTTP/1.1" 200 2479 "https://wpt-1dwr.199-250-194-87.cpanel.site/131268/admin.php?p=%E0%A6%95%E0%A6%95home%E0%A6%95iblack6%E0%A6%95public_html%E0%A6%95DoThatStep%E0%A6%97com__b789886%E0%A6%95wp-includes%E0%A6%95images" "Mozilla/5.0 AppleWebKit/537.36 (KHTML, like Gecko; compatible; GPTBot/1.4; +https://openai.com/gptbot)"
74.7.227.184 - - [12/Aug/2026:14:10:20 -0400] "GET /131268/admin.php?chmod=snmpd&q=%E0%A6%95%E0%A6%95sbin HTTP/1.1" 200 2520 "https://mail.wpt-1dwr.199-250-194-87.cpanel.site/131268/admin.php?p=%E0%A6%95%E0%A6%95sbin" "Mozilla/5.0 AppleWebKit/537.36 (KHTML, like Gecko; compatible; GPTBot/1.4; +https://openai.com/gptbot)"
216.73.216.52 - - [12/Aug/2026:14:10:21 -0400] "GET /131268/admin.php?p=%E0%A6%95home HTTP/1.1" 200 2514 "-" "Mozilla/5.0 AppleWebKit/537.36 (KHTML, like Gecko; compatible; ClaudeBot/1.0; +claudebot@anthropic.com)"
74.7.242.48 - - [12/Aug/2026:14:10:28 -0400] "GET /131268/admin.php?chmod=vpu30_p4_s7.mbn&q=%E0%A6%95%E0%A6%95usr%E0%A6%95lib%E0%A6%95firmware%E0%A6%95qcom%E0%A6%95vpu HTTP/1.1" 200 2870 "https://wpt-1dwr.199-250-194-87.cpanel.site.blingfan.com/131268/admin.php?p=%E0%A6%95%E0%A6%95usr%E0%A6%95lib%E0%A6%95firmware%E0%A6%95qcom%E0%A6%95vpu" "Mozilla/5.0 AppleWebKit/537.36 (KHTML, like Gecko; compatible; GPTBot/1.4; +https://openai.com/gptbot)"
74.7.243.216 - - [12/Aug/2026:14:10:35 -0400] "GET /131268/admin.php?q=%E0%A6%95%E0%A6%95home%E0%A6%95iblack6%E0%A6%95public_html%E0%A6%95DoThatStep%E0%A6%97com__b789886%E0%A6%95wp-includes%E0%A6%95images&r=toggle-arrow.png HTTP/1.1" 200 2518 "https://wpt-1dwr.199-250-194-87.cpanel.site/131268/admin.php?p=%E0%A6%95%E0%A6%95home%E0%A6%95iblack6%E0%A6%95public_html%E0%A6%95DoThatStep%E0%A6%97com__b789886%E0%A6%95wp-includes%E0%A6%95images" "Mozilla/5.0 AppleWebKit/537.36 (KHTML, like Gecko; compatible; GPTBot/1.4; +https://openai.com/gptbot)"
74.7.227.133 - - [12/Aug/2026:14:10:36 -0400] "GET /131268/admin.php?e=cs35l63-a1-dsp1-misc-10280e1c-spkid3-01-l3u1.bin&q=%E0%A6%95%E0%A6%95usr%E0%A6%95lib%E0%A6%95firmware%E0%A6%95cirrus HTTP/1.1" 200 17422 "https://www.wpt-1dwr.199-250-194-87.cpanel.site.blingfan.com/131268/admin.php?p=%E0%A6%95%E0%A6%95usr%E0%A6%95lib%E0%A6%95firmware%E0%A6%95cirrus" "Mozilla/5.0 AppleWebKit/537.36 (KHTML, like Gecko; compatible; GPTBot/1.4; +https://openai.com/gptbot)"
74.7.227.169 - - [12/Aug/2026:14:10:47 -0400] "GET /131268/admin.php?chmod=gdk-pixbuf.mo&q=%E0%A6%95%E0%A6%95usr%E0%A6%95share%E0%A6%95locale%E0%A6%95sr%40latin%E0%A6%95LC_MESSAGES HTTP/1.1" 200 2938 "https://www.wpt-1dwr.199-250-194-87.cpanel.site/131268/admin.php?p=%E0%A6%95%E0%A6%95usr%E0%A6%95share%E0%A6%95locale%E0%A6%95sr%40latin%E0%A6%95LC_MESSAGES" "Mozilla/5.0 AppleWebKit/537.36 (KHTML, like Gecko; compatible; GPTBot/1.4; +https://openai.com/gptbot)"
74.7.242.48 - - [12/Aug/2026:14:10:50 -0400] "GET /131268/admin.php?q=%E0%A6%95%E0%A6%95usr%E0%A6%95lib%E0%A6%95firmware%E0%A6%95qcom%E0%A6%95vpu&r=vpu35_p4_s7.mbn HTTP/1.1" 200 2182 "https://wpt-1dwr.199-250-194-87.cpanel.site.blingfan.com/131268/admin.php?p=%E0%A6%95%E0%A6%95usr%E0%A6%95lib%E0%A6%95firmware%E0%A6%95qcom%E0%A6%95vpu" "Mozilla/5.0 AppleWebKit/537.36 (KHTML, like Gecko; compatible; GPTBot/1.4; +https://openai.com/gptbot)"
74.7.243.216 - - [12/Aug/2026:14:10:55 -0400] "GET /131268/admin.php?d=arrow-pointer-blue-2x.png&q=%E0%A6%95%E0%A6%95home%E0%A6%95iblack6%E0%A6%95public_html%E0%A6%95DoThatStep%E0%A6%97com__b789886%E0%A6%95wp-includes%E0%A6%95images HTTP/1.1" 200 2479 "https://wpt-1dwr.199-250-194-87.cpanel.site/131268/admin.php?p=%E0%A6%95%E0%A6%95home%E0%A6%95iblack6%E0%A6%95public_html%E0%A6%95DoThatStep%E0%A6%97com__b789886%E0%A6%95wp-includes%E0%A6%95images" "Mozilla/5.0 AppleWebKit/537.36 (KHTML, like Gecko; compatible; GPTBot/1.4; +https://openai.com/gptbot)"
74.7.242.48 - - [12/Aug/2026:14:11:10 -0400] "GET /131268/admin.php?q=%E0%A6%95%E0%A6%95usr%E0%A6%95lib%E0%A6%95firmware%E0%A6%95qcom%E0%A6%95vpu&r=vpu33_p4_s7.mbn HTTP/1.1" 200 2182 "https://wpt-1dwr.199-250-194-87.cpanel.site.blingfan.com/131268/admin.php?p=%E0%A6%95%E0%A6%95usr%E0%A6%95lib%E0%A6%95firmware%E0%A6%95qcom%E0%A6%95vpu" "Mozilla/5.0 AppleWebKit/537.36 (KHTML, like Gecko; compatible; GPTBot/1.4; +https://openai.com/gptbot)"
74.7.243.216 - - [12/Aug/2026:14:11:12 -0400] "GET /131268/admin.php?d=toggle-arrow.png&q=%E0%A6%95%E0%A6%95home%E0%A6%95iblack6%E0%A6%95public_html%E0%A6%95DoThatStep%E0%A6%97com__b789886%E0%A6%95wp-includes%E0%A6%95images HTTP/1.1" 200 2479 "https://wpt-1dwr.199-250-194-87.cpanel.site/131268/admin.php?p=%E0%A6%95%E0%A6%95home%E0%A6%95iblack6%E0%A6%95public_html%E0%A6%95DoThatStep%E0%A6%97com__b789886%E0%A6%95wp-includes%E0%A6%95images" "Mozilla/5.0 AppleWebKit/537.36 (KHTML, like Gecko; compatible; GPTBot/1.4; +https://openai.com/gptbot)"
74.7.227.133 - - [12/Aug/2026:14:11:16 -0400] "GET /131268/admin.php?q=%E0%A6%95%E0%A6%95usr%E0%A6%95lib%E0%A6%95firmware%E0%A6%95cirrus&r=cs35l63-a1-dsp1-misc-10280e60-spkid3-06-l1u3.bin HTTP/1.1" 200 2138 "https://www.wpt-1dwr.199-250-194-87.cpanel.site.blingfan.com/131268/admin.php?p=%E0%A6%95%E0%A6%95usr%E0%A6%95lib%E0%A6%95firmware%E0%A6%95cirrus" "Mozilla/5.0 AppleWebKit/537.36 (KHTML, like Gecko; compatible; GPTBot/1.4; +https://openai.com/gptbot)"
74.7.227.184 - - [12/Aug/2026:14:11:17 -0400] "GET /131268/admin.php?chmod=nsec3hash&q=%E0%A6%95%E0%A6%95sbin HTTP/1.1" 200 2524 "https://mail.wpt-1dwr.199-250-194-87.cpanel.site/131268/admin.php?p=%E0%A6%95%E0%A6%95sbin" "Mozilla/5.0 AppleWebKit/537.36 (KHTML, like Gecko; compatible; GPTBot/1.4; +https://openai.com/gptbot)"
74.7.227.169 - - [12/Aug/2026:14:11:21 -0400] "GET /131268/admin.php?chmod=Linux-PAM.mo&q=%E0%A6%95%E0%A6%95usr%E0%A6%95share%E0%A6%95locale%E0%A6%95kw%40kkcor%E0%A6%95LC_MESSAGES HTTP/1.1" 200 2937 "https://www.wpt-1dwr.199-250-194-87.cpanel.site/131268/admin.php?p=%E0%A6%95%E0%A6%95usr%E0%A6%95share%E0%A6%95locale%E0%A6%95kw%40kkcor%E0%A6%95LC_MESSAGES" "Mozilla/5.0 AppleWebKit/537.36 (KHTML, like Gecko; compatible; GPTBot/1.4; +https://openai.com/gptbot)"
74.7.241.176 - - [12/Aug/2026:14:11:21 -0400] "GET /robots.txt HTTP/1.1" 404 236 "-" "Mozilla/5.0 (Macintosh; Intel Mac OS X 10_15_7) AppleWebKit/537.36 (KHTML, like Gecko) Chrome/131.0.0.0 Safari/537.36; compatible; OAI-SearchBot/1.4; robots.txt; +https://openai.com/searchbot"
216.73.216.52 - - [12/Aug/2026:14:11:24 -0400] "GET /131268/admin.php?p=%2F HTTP/1.1" 200 11207 "-" "Mozilla/5.0 AppleWebKit/537.36 (KHTML, like Gecko; compatible; ClaudeBot/1.0; +claudebot@anthropic.com)"
74.7.242.48 - - [12/Aug/2026:14:11:27 -0400] "GET /131268/admin.php?d=vpu35_p4_s7.mbn&q=%E0%A6%95%E0%A6%95usr%E0%A6%95lib%E0%A6%95firmware%E0%A6%95qcom%E0%A6%95vpu HTTP/1.1" 200 2098 "https://wpt-1dwr.199-250-194-87.cpanel.site.blingfan.com/131268/admin.php?p=%E0%A6%95%E0%A6%95usr%E0%A6%95lib%E0%A6%95firmware%E0%A6%95qcom%E0%A6%95vpu" "Mozilla/5.0 AppleWebKit/537.36 (KHTML, like Gecko; compatible; GPTBot/1.4; +https://openai.com/gptbot)"
74.7.243.216 - - [12/Aug/2026:14:11:28 -0400] "GET /131268/admin.php?chmod=w-logo-blue.png&q=%E0%A6%95%E0%A6%95home%E0%A6%95iblack6%E0%A6%95public_html%E0%A6%95DoThatStep%E0%A6%97com__b789886%E0%A6%95wp-includes%E0%A6%95images HTTP/1.1" 200 3251 "https://wpt-1dwr.199-250-194-87.cpanel.site/131268/admin.php?p=%E0%A6%95%E0%A6%95home%E0%A6%95iblack6%E0%A6%95public_html%E0%A6%95DoThatStep%E0%A6%97com__b789886%E0%A6%95wp-includes%E0%A6%95images" "Mozilla/5.0 AppleWebKit/537.36 (KHTML, like Gecko; compatible; GPTBot/1.4; +https://openai.com/gptbot)"
74.7.243.216 - - [12/Aug/2026:14:11:43 -0400] "GET /131268/admin.php?e=spinner-2x.gif&q=%E0%A6%95%E0%A6%95home%E0%A6%95iblack6%E0%A6%95public_html%E0%A6%95DoThatStep%E0%A6%97com__b789886%E0%A6%95wp-includes%E0%A6%95images HTTP/1.1" 200 15199 "https://wpt-1dwr.199-250-194-87.cpanel.site/131268/admin.php?p=%E0%A6%95%E0%A6%95home%E0%A6%95iblack6%E0%A6%95public_html%E0%A6%95DoThatStep%E0%A6%97com__b789886%E0%A6%95wp-includes%E0%A6%95images" "Mozilla/5.0 AppleWebKit/537.36 (KHTML, like Gecko; compatible; GPTBot/1.4; +https://openai.com/gptbot)"
74.7.242.48 - - [12/Aug/2026:14:11:43 -0400] "GET /131268/admin.php?e=vpu36_p4_s7.mbn&q=%E0%A6%95%E0%A6%95usr%E0%A6%95lib%E0%A6%95firmware%E0%A6%95qcom%E0%A6%95vpu HTTP/1.1" 200 3362959 "https://wpt-1dwr.199-250-194-87.cpanel.site.blingfan.com/131268/admin.php?p=%E0%A6%95%E0%A6%95usr%E0%A6%95lib%E0%A6%95firmware%E0%A6%95qcom%E0%A6%95vpu" "Mozilla/5.0 AppleWebKit/537.36 (KHTML, like Gecko; compatible; GPTBot/1.4; +https://openai.com/gptbot)"
74.7.227.169 - - [12/Aug/2026:14:11:51 -0400] "GET /131268/admin.php?q=%E0%A6%95%E0%A6%95usr%E0%A6%95share%E0%A6%95locale%E0%A6%95sr%40latin%E0%A6%95LC_MESSAGES&r=selinux-python.mo HTTP/1.1" 200 2242 "https://www.wpt-1dwr.199-250-194-87.cpanel.site/131268/admin.php?p=%E0%A6%95%E0%A6%95usr%E0%A6%95share%E0%A6%95locale%E0%A6%95sr%40latin%E0%A6%95LC_MESSAGES" "Mozilla/5.0 AppleWebKit/537.36 (KHTML, like Gecko; compatible; GPTBot/1.4; +https://openai.com/gptbot)"
74.7.227.133 - - [12/Aug/2026:14:11:55 -0400] "GET /131268/admin.php?q=%E0%A6%95%E0%A6%95usr%E0%A6%95lib%E0%A6%95firmware%E0%A6%95cirrus&r=cs35l63-a1-dsp1-misc-10280e25-spkid0-01-l1u3.bin HTTP/1.1" 200 2138 "https://www.wpt-1dwr.199-250-194-87.cpanel.site.blingfan.com/131268/admin.php?p=%E0%A6%95%E0%A6%95usr%E0%A6%95lib%E0%A6%95firmware%E0%A6%95cirrus" "Mozilla/5.0 AppleWebKit/537.36 (KHTML, like Gecko; compatible; GPTBot/1.4; +https://openai.com/gptbot)"
74.7.243.216 - - [12/Aug/2026:14:11:56 -0400] "GET /131268/admin.php?e=wpicons-2x.png&q=%E0%A6%95%E0%A6%95home%E0%A6%95iblack6%E0%A6%95public_html%E0%A6%95DoThatStep%E0%A6%97com__b789886%E0%A6%95wp-includes%E0%A6%95images HTTP/1.1" 200 30213 "https://wpt-1dwr.199-250-194-87.cpanel.site/131268/admin.php?p=%E0%A6%95%E0%A6%95home%E0%A6%95iblack6%E0%A6%95public_html%E0%A6%95DoThatStep%E0%A6%97com__b789886%E0%A6%95wp-includes%E0%A6%95images" "Mozilla/5.0 AppleWebKit/537.36 (KHTML, like Gecko; compatible; GPTBot/1.4; +https://openai.com/gptbot)"
74.7.242.48 - - [12/Aug/2026:14:11:58 -0400] "GET /131268/admin.php?d=vpu30_p1_s7.mbn&q=%E0%A6%95%E0%A6%95usr%E0%A6%95lib%E0%A6%95firmware%E0%A6%95qcom%E0%A6%95vpu HTTP/1.1" 200 2098 "https://wpt-1dwr.199-250-194-87.cpanel.site.blingfan.com/131268/admin.php?p=%E0%A6%95%E0%A6%95usr%E0%A6%95lib%E0%A6%95firmware%E0%A6%95qcom%E0%A6%95vpu" "Mozilla/5.0 AppleWebKit/537.36 (KHTML, like Gecko; compatible; GPTBot/1.4; +https://openai.com/gptbot)"
216.73.216.52 - - [12/Aug/2026:14:12:00 -0400] "GET /?C=S&O=D HTTP/1.1" 200 657 "-" "Mozilla/5.0 AppleWebKit/537.36 (KHTML, like Gecko; compatible; ClaudeBot/1.0; +claudebot@anthropic.com)"
74.7.243.216 - - [12/Aug/2026:14:12:08 -0400] "GET /131268/admin.php?q=%E0%A6%95%E0%A6%95home%E0%A6%95iblack6%E0%A6%95public_html%E0%A6%95DoThatStep%E0%A6%97com__b789886%E0%A6%95wp-includes%E0%A6%95images&r=down_arrow-2x.gif HTTP/1.1" 200 2519 "https://wpt-1dwr.199-250-194-87.cpanel.site/131268/admin.php?p=%E0%A6%95%E0%A6%95home%E0%A6%95iblack6%E0%A6%95public_html%E0%A6%95DoThatStep%E0%A6%97com__b789886%E0%A6%95wp-includes%E0%A6%95images" "Mozilla/5.0 AppleWebKit/537.36 (KHTML, like Gecko; compatible; GPTBot/1.4; +https://openai.com/gptbot)"
74.7.227.184 - - [12/Aug/2026:14:12:08 -0400] "GET /131268/admin.php?e=saslpasswd2&q=%E0%A6%95%E0%A6%95sbin HTTP/1.1" 200 22719 "https://mail.wpt-1dwr.199-250-194-87.cpanel.site/131268/admin.php?p=%E0%A6%95%E0%A6%95sbin" "Mozilla/5.0 AppleWebKit/537.36 (KHTML, like Gecko; compatible; GPTBot/1.4; +https://openai.com/gptbot)"
74.7.242.48 - - [12/Aug/2026:14:12:11 -0400] "GET /131268/admin.php?chmod=vpu36_p4_s7.mbn&q=%E0%A6%95%E0%A6%95usr%E0%A6%95lib%E0%A6%95firmware%E0%A6%95qcom%E0%A6%95vpu HTTP/1.1" 200 2870 "https://wpt-1dwr.199-250-194-87.cpanel.site.blingfan.com/131268/admin.php?p=%E0%A6%95%E0%A6%95usr%E0%A6%95lib%E0%A6%95firmware%E0%A6%95qcom%E0%A6%95vpu" "Mozilla/5.0 AppleWebKit/537.36 (KHTML, like Gecko; compatible; GPTBot/1.4; +https://openai.com/gptbot)"
74.7.227.169 - - [12/Aug/2026:14:12:17 -0400] "GET /131268/admin.php?chmod=libsecret.mo&q=%E0%A6%95%E0%A6%95usr%E0%A6%95share%E0%A6%95locale%E0%A6%95sr%40latin%E0%A6%95LC_MESSAGES HTTP/1.1" 200 2937 "https://www.wpt-1dwr.199-250-194-87.cpanel.site/131268/admin.php?p=%E0%A6%95%E0%A6%95usr%E0%A6%95share%E0%A6%95locale%E0%A6%95sr%40latin%E0%A6%95LC_MESSAGES" "Mozilla/5.0 AppleWebKit/537.36 (KHTML, like Gecko; compatible; GPTBot/1.4; +https://openai.com/gptbot)"
74.7.243.216 - - [12/Aug/2026:14:12:18 -0400] "GET /131268/admin.php?chmod=xit.gif&q=%E0%A6%95%E0%A6%95home%E0%A6%95iblack6%E0%A6%95public_html%E0%A6%95DoThatStep%E0%A6%97com__b789886%E0%A6%95wp-includes%E0%A6%95images HTTP/1.1" 200 3243 "https://wpt-1dwr.199-250-194-87.cpanel.site/131268/admin.php?p=%E0%A6%95%E0%A6%95home%E0%A6%95iblack6%E0%A6%95public_html%E0%A6%95DoThatStep%E0%A6%97com__b789886%E0%A6%95wp-includes%E0%A6%95images" "Mozilla/5.0 AppleWebKit/537.36 (KHTML, like Gecko; compatible; GPTBot/1.4; +https://openai.com/gptbot)"
74.7.242.48 - - [12/Aug/2026:14:12:23 -0400] "GET /131268/admin.php?chmod=vpu35_p4_s7.mbn&q=%E0%A6%95%E0%A6%95usr%E0%A6%95lib%E0%A6%95firmware%E0%A6%95qcom%E0%A6%95vpu HTTP/1.1" 200 2870 "https://wpt-1dwr.199-250-194-87.cpanel.site.blingfan.com/131268/admin.php?p=%E0%A6%95%E0%A6%95usr%E0%A6%95lib%E0%A6%95firmware%E0%A6%95qcom%E0%A6%95vpu" "Mozilla/5.0 AppleWebKit/537.36 (KHTML, like Gecko; compatible; GPTBot/1.4; +https://openai.com/gptbot)"
74.7.243.216 - - [12/Aug/2026:14:12:27 -0400] "GET /131268/admin.php?chmod=smilies&q=%E0%A6%95%E0%A6%95home%E0%A6%95iblack6%E0%A6%95public_html%E0%A6%95DoThatStep%E0%A6%97com__b789886%E0%A6%95wp-includes%E0%A6%95images HTTP/1.1" 429 17 "https://wpt-1dwr.199-250-194-87.cpanel.site/131268/admin.php?p=%E0%A6%95%E0%A6%95home%E0%A6%95iblack6%E0%A6%95public_html%E0%A6%95DoThatStep%E0%A6%97com__b789886%E0%A6%95wp-includes%E0%A6%95images" "Mozilla/5.0 AppleWebKit/537.36 (KHTML, like Gecko; compatible; GPTBot/1.4; +https://openai.com/gptbot)"
74.7.227.133 - - [12/Aug/2026:14:12:29 -0400] "GET /131268/admin.php?q=%E0%A6%95%E0%A6%95usr%E0%A6%95lib%E0%A6%95firmware%E0%A6%95cirrus&r=cs35l63-a1-dsp1-misc-10280e21-spkid3-03-l1u3.bin HTTP/1.1" 200 2138 "https://www.wpt-1dwr.199-250-194-87.cpanel.site.blingfan.com/131268/admin.php?p=%E0%A6%95%E0%A6%95usr%E0%A6%95lib%E0%A6%95firmware%E0%A6%95cirrus" "Mozilla/5.0 AppleWebKit/537.36 (KHTML, like Gecko; compatible; GPTBot/1.4; +https://openai.com/gptbot)"
74.7.242.48 - - [12/Aug/2026:14:12:34 -0400] "GET /131268/admin.php?chmod=vpu30_p4_s6.mbn&q=%E0%A6%95%E0%A6%95usr%E0%A6%95lib%E0%A6%95firmware%E0%A6%95qcom%E0%A6%95vpu HTTP/1.1" 200 2870 "https://wpt-1dwr.199-250-194-87.cpanel.site.blingfan.com/131268/admin.php?p=%E0%A6%95%E0%A6%95usr%E0%A6%95lib%E0%A6%95firmware%E0%A6%95qcom%E0%A6%95vpu" "Mozilla/5.0 AppleWebKit/537.36 (KHTML, like Gecko; compatible; GPTBot/1.4; +https://openai.com/gptbot)"
74.7.243.216 - - [12/Aug/2026:14:12:36 -0400] "GET /131268/admin.php?d=down_arrow-2x.gif&q=%E0%A6%95%E0%A6%95home%E0%A6%95iblack6%E0%A6%95public_html%E0%A6%95DoThatStep%E0%A6%97com__b789886%E0%A6%95wp-includes%E0%A6%95images HTTP/1.1" 429 17 "https://wpt-1dwr.199-250-194-87.cpanel.site/131268/admin.php?p=%E0%A6%95%E0%A6%95home%E0%A6%95iblack6%E0%A6%95public_html%E0%A6%95DoThatStep%E0%A6%97com__b789886%E0%A6%95wp-includes%E0%A6%95images" "Mozilla/5.0 AppleWebKit/537.36 (KHTML, like Gecko; compatible; GPTBot/1.4; +https://openai.com/gptbot)"
74.7.227.169 - - [12/Aug/2026:14:12:41 -0400] "GET /131268/admin.php?d=systemd-tmpfiles-clean.timer&q=%E0%A6%95%E0%A6%95usr%E0%A6%95lib%E0%A6%95systemd%E0%A6%95user HTTP/1.1" 200 2001 "https://www.wpt-1dwr.199-250-194-87.cpanel.site/131268/admin.php?p=%E0%A6%95%E0%A6%95usr%E0%A6%95lib%E0%A6%95systemd%E0%A6%95user" "Mozilla/5.0 AppleWebKit/537.36 (KHTML, like Gecko; compatible; GPTBot/1.4; +https://openai.com/gptbot)"
74.7.242.48 - - [12/Aug/2026:14:12:43 -0400] "GET /131268/admin.php?chmod=vpu30_p4.mbn&q=%E0%A6%95%E0%A6%95usr%E0%A6%95lib%E0%A6%95firmware%E0%A6%95qcom%E0%A6%95vpu HTTP/1.1" 429 17 "https://wpt-1dwr.199-250-194-87.cpanel.site.blingfan.com/131268/admin.php?p=%E0%A6%95%E0%A6%95usr%E0%A6%95lib%E0%A6%95firmware%E0%A6%95qcom%E0%A6%95vpu" "Mozilla/5.0 AppleWebKit/537.36 (KHTML, like Gecko; compatible; GPTBot/1.4; +https://openai.com/gptbot)"
74.7.242.48 - - [12/Aug/2026:14:12:51 -0400] "GET /131268/admin.php?chmod=vpu40_p2_s7.mbn&q=%E0%A6%95%E0%A6%95usr%E0%A6%95lib%E0%A6%95firmware%E0%A6%95qcom%E0%A6%95vpu HTTP/1.1" 429 17 "https://wpt-1dwr.199-250-194-87.cpanel.site.blingfan.com/131268/admin.php?p=%E0%A6%95%E0%A6%95usr%E0%A6%95lib%E0%A6%95firmware%E0%A6%95qcom%E0%A6%95vpu" "Mozilla/5.0 AppleWebKit/537.36 (KHTML, like Gecko; compatible; GPTBot/1.4; +https://openai.com/gptbot)"
74.7.227.184 - - [12/Aug/2026:14:12:55 -0400] "GET /131268/admin.php?q=%E0%A6%95%E0%A6%95sbin&r=saslpasswd2 HTTP/1.1" 200 1867 "https://mail.wpt-1dwr.199-250-194-87.cpanel.site/131268/admin.php?p=%E0%A6%95%E0%A6%95sbin" "Mozilla/5.0 AppleWebKit/537.36 (KHTML, like Gecko; compatible; GPTBot/1.4; +https://openai.com/gptbot)"
74.7.227.133 - - [12/Aug/2026:14:12:58 -0400] "GET /131268/admin.php?e=cs35l63-a1-dsp1-misc-10280e38-spkid0-03-l3u3.bin&q=%E0%A6%95%E0%A6%95usr%E0%A6%95lib%E0%A6%95firmware%E0%A6%95cirrus HTTP/1.1" 200 17397 "https://www.wpt-1dwr.199-250-194-87.cpanel.site.blingfan.com/131268/admin.php?p=%E0%A6%95%E0%A6%95usr%E0%A6%95lib%E0%A6%95firmware%E0%A6%95cirrus" "Mozilla/5.0 AppleWebKit/537.36 (KHTML, like Gecko; compatible; GPTBot/1.4; +https://openai.com/gptbot)"
216.73.216.52 - - [12/Aug/2026:14:13:00 -0400] "GET /131268/admin.php?q=%E0%A6%95home%E0%A6%95iblack6%E0%A6%95wpt-1dwr%E0%A6%97199-250-194-87%E0%A6%97cpanel%E0%A6%97site%E0%A6%95131268 HTTP/1.1" 200 2087 "-" "Mozilla/5.0 AppleWebKit/537.36 (KHTML, like Gecko; compatible; ClaudeBot/1.0; +claudebot@anthropic.com)"
74.7.243.216 - - [12/Aug/2026:14:13:02 -0400] "GET /131268/admin.php?q=%E0%A6%95%E0%A6%95home%E0%A6%95iblack6%E0%A6%95public_html%E0%A6%95DoThatStep%E0%A6%97com__b789886%E0%A6%95wp-includes%E0%A6%95images&r=wpicons-2x.png HTTP/1.1" 429 17 "https://wpt-1dwr.199-250-194-87.cpanel.site/131268/admin.php?p=%E0%A6%95%E0%A6%95home%E0%A6%95iblack6%E0%A6%95public_html%E0%A6%95DoThatStep%E0%A6%97com__b789886%E0%A6%95wp-includes%E0%A6%95images" "Mozilla/5.0 AppleWebKit/537.36 (KHTML, like Gecko; compatible; GPTBot/1.4; +https://openai.com/gptbot)"
74.7.227.169 - - [12/Aug/2026:14:13:03 -0400] "GET /131268/admin.php?chmod=at-spi2-core.mo&q=%E0%A6%95%E0%A6%95usr%E0%A6%95share%E0%A6%95locale%E0%A6%95sr%40latin%E0%A6%95LC_MESSAGES HTTP/1.1" 200 2940 "https://www.wpt-1dwr.199-250-194-87.cpanel.site/131268/admin.php?p=%E0%A6%95%E0%A6%95usr%E0%A6%95share%E0%A6%95locale%E0%A6%95sr%40latin%E0%A6%95LC_MESSAGES" "Mozilla/5.0 AppleWebKit/537.36 (KHTML, like Gecko; compatible; GPTBot/1.4; +https://openai.com/gptbot)"
74.7.242.48 - - [12/Aug/2026:14:13:17 -0400] "GET /131268/admin.php?e=vpu30_p4_s6_16mb.mbn&q=%E0%A6%95%E0%A6%95usr%E0%A6%95lib%E0%A6%95firmware%E0%A6%95qcom%E0%A6%95vpu HTTP/1.1" 429 17 "https://wpt-1dwr.199-250-194-87.cpanel.site.blingfan.com/131268/admin.php?p=%E0%A6%95%E0%A6%95usr%E0%A6%95lib%E0%A6%95firmware%E0%A6%95qcom%E0%A6%95vpu" "Mozilla/5.0 AppleWebKit/537.36 (KHTML, like Gecko; compatible; GPTBot/1.4; +https://openai.com/gptbot)"
74.7.227.169 - - [12/Aug/2026:14:13:22 -0400] "GET /131268/admin.php?e=selinux-python.mo&q=%E0%A6%95%E0%A6%95usr%E0%A6%95share%E0%A6%95locale%E0%A6%95sr%40latin%E0%A6%95LC_MESSAGES HTTP/1.1" 200 22274 "https://www.wpt-1dwr.199-250-194-87.cpanel.site/131268/admin.php?p=%E0%A6%95%E0%A6%95usr%E0%A6%95share%E0%A6%95locale%E0%A6%95sr%40latin%E0%A6%95LC_MESSAGES" "Mozilla/5.0 AppleWebKit/537.36 (KHTML, like Gecko; compatible; GPTBot/1.4; +https://openai.com/gptbot)"
74.7.227.133 - - [12/Aug/2026:14:13:25 -0400] "GET /131268/admin.php?d=cs35l63-a1-dsp1-misc-10280e27-spkid3-06-l1u3.bin&q=%E0%A6%95%E0%A6%95usr%E0%A6%95lib%E0%A6%95firmware%E0%A6%95cirrus HTTP/1.1" 200 2017 "https://www.wpt-1dwr.199-250-194-87.cpanel.site.blingfan.com/131268/admin.php?p=%E0%A6%95%E0%A6%95usr%E0%A6%95lib%E0%A6%95firmware%E0%A6%95cirrus" "Mozilla/5.0 AppleWebKit/537.36 (KHTML, like Gecko; compatible; GPTBot/1.4; +https://openai.com/gptbot)"
74.7.227.184 - - [12/Aug/2026:14:13:38 -0400] "GET /131268/admin.php?d=saslpasswd2&q=%E0%A6%95%E0%A6%95sbin HTTP/1.1" 200 1758 "https://mail.wpt-1dwr.199-250-194-87.cpanel.site/131268/admin.php?p=%E0%A6%95%E0%A6%95sbin" "Mozilla/5.0 AppleWebKit/537.36 (KHTML, like Gecko; compatible; GPTBot/1.4; +https://openai.com/gptbot)"
74.7.227.169 - - [12/Aug/2026:14:13:39 -0400] "GET /131268/admin.php?chmod=selinux-python.mo&q=%E0%A6%95%E0%A6%95usr%E0%A6%95share%E0%A6%95locale%E0%A6%95sr%40latin%E0%A6%95LC_MESSAGES HTTP/1.1" 200 2942 "https://www.wpt-1dwr.199-250-194-87.cpanel.site/131268/admin.php?p=%E0%A6%95%E0%A6%95usr%E0%A6%95share%E0%A6%95locale%E0%A6%95sr%40latin%E0%A6%95LC_MESSAGES" "Mozilla/5.0 AppleWebKit/537.36 (KHTML, like Gecko; compatible; GPTBot/1.4; +https://openai.com/gptbot)"
74.7.227.133 - - [12/Aug/2026:14:13:49 -0400] "GET /131268/admin.php?d=cs35l63-a1-dsp1-misc-10280e1b-spkid3-04-l3u3.bin&q=%E0%A6%95%E0%A6%95usr%E0%A6%95lib%E0%A6%95firmware%E0%A6%95cirrus HTTP/1.1" 200 2017 "https://www.wpt-1dwr.199-250-194-87.cpanel.site.blingfan.com/131268/admin.php?p=%E0%A6%95%E0%A6%95usr%E0%A6%95lib%E0%A6%95firmware%E0%A6%95cirrus" "Mozilla/5.0 AppleWebKit/537.36 (KHTML, like Gecko; compatible; GPTBot/1.4; +https://openai.com/gptbot)"
74.7.227.169 - - [12/Aug/2026:14:13:55 -0400] "GET /131268/admin.php?chmod=firewalld.mo&q=%E0%A6%95%E0%A6%95usr%E0%A6%95share%E0%A6%95locale%E0%A6%95sr%40latin%E0%A6%95LC_MESSAGES HTTP/1.1" 200 2937 "https://www.wpt-1dwr.199-250-194-87.cpanel.site/131268/admin.php?p=%E0%A6%95%E0%A6%95usr%E0%A6%95share%E0%A6%95locale%E0%A6%95sr%40latin%E0%A6%95LC_MESSAGES" "Mozilla/5.0 AppleWebKit/537.36 (KHTML, like Gecko; compatible; GPTBot/1.4; +https://openai.com/gptbot)"
216.73.216.52 - - [12/Aug/2026:14:14:04 -0400] "GET /robots.txt HTTP/1.1" 404 236 "-" "Mozilla/5.0 AppleWebKit/537.36 (KHTML, like Gecko; compatible; ClaudeBot/1.0; +claudebot@anthropic.com)"
216.73.216.52 - - [12/Aug/2026:14:14:04 -0400] "GET /131268/?C=S&O=D HTTP/1.1" 200 814 "-" "Mozilla/5.0 AppleWebKit/537.36 (KHTML, like Gecko; compatible; ClaudeBot/1.0; +claudebot@anthropic.com)"
74.7.243.216 - - [12/Aug/2026:14:14:08 -0400] "GET /131268/admin.php?e=wpicons.png&q=%E0%A6%95%E0%A6%95home%E0%A6%95iblack6%E0%A6%95public_html%E0%A6%95DoThatStep%E0%A6%97com__b789886%E0%A6%95wp-includes%E0%A6%95images HTTP/1.1" 200 15557 "https://wpt-1dwr.199-250-194-87.cpanel.site/131268/admin.php?p=%E0%A6%95%E0%A6%95home%E0%A6%95iblack6%E0%A6%95public_html%E0%A6%95DoThatStep%E0%A6%97com__b789886%E0%A6%95wp-includes%E0%A6%95images" "Mozilla/5.0 AppleWebKit/537.36 (KHTML, like Gecko; compatible; GPTBot/1.4; +https://openai.com/gptbot)"
74.7.228.30 - - [12/Aug/2026:14:14:08 -0400] "GET /robots.txt HTTP/1.1" 404 236 "-" "Mozilla/5.0 (Macintosh; Intel Mac OS X 10_15_7) AppleWebKit/537.36 (KHTML, like Gecko) Chrome/131.0.0.0 Safari/537.36; compatible; OAI-SearchBot/1.4; robots.txt; +https://openai.com/searchbot"
