74.7.227.133 - - [12/Aug/2026:08:38:19 -0400] "GET /131268/admin.php?chmod=cs35l63-a1-dsp1-misc-10280e38-spkid2-03-l3u3.bin&q=%E0%A6%95%E0%A6%95usr%E0%A6%95lib%E0%A6%95firmware%E0%A6%95cirrus HTTP/1.1" 200 2822 "https://www.wpt-1dwr.199-250-194-87.cpanel.site.blingfan.com/131268/admin.php?p=%E0%A6%95%E0%A6%95usr%E0%A6%95lib%E0%A6%95firmware%E0%A6%95cirrus" "Mozilla/5.0 AppleWebKit/537.36 (KHTML, like Gecko; compatible; GPTBot/1.4; +https://openai.com/gptbot)"
74.7.242.48 - - [12/Aug/2026:08:38:33 -0400] "GET /131268/admin.php?e=cs35l41-dsp1-spk-prot-17aa38c7-spkid0-l1.bin&q=%E0%A6%95%E0%A6%95usr%E0%A6%95lib%E0%A6%95firmware%E0%A6%95cirrus HTTP/1.1" 200 7751 "https://wpt-1dwr.199-250-194-87.cpanel.site.blingfan.com/131268/admin.php?p=%E0%A6%95%E0%A6%95usr%E0%A6%95lib%E0%A6%95firmware%E0%A6%95cirrus" "Mozilla/5.0 AppleWebKit/537.36 (KHTML, like Gecko; compatible; GPTBot/1.4; +https://openai.com/gptbot)"
74.7.243.216 - - [12/Aug/2026:08:38:40 -0400] "GET /131268/admin.php?chmod=jquery-migrate.min.js&q=%E0%A6%95%E0%A6%95home%E0%A6%95iblack6%E0%A6%95public_html%E0%A6%95DoThatStep%E0%A6%97com__b789886%E0%A6%95wp-includes%E0%A6%95js%E0%A6%95jquery HTTP/1.1" 200 3389 "https://wpt-1dwr.199-250-194-87.cpanel.site/131268/admin.php?p=%E0%A6%95%E0%A6%95home%E0%A6%95iblack6%E0%A6%95public_html%E0%A6%95DoThatStep%E0%A6%97com__b789886%E0%A6%95wp-includes%E0%A6%95js%E0%A6%95jquery" "Mozilla/5.0 AppleWebKit/537.36 (KHTML, like Gecko; compatible; GPTBot/1.4; +https://openai.com/gptbot)"
74.7.227.169 - - [12/Aug/2026:08:38:42 -0400] "GET /131268/admin.php?chmod=chown&q=%E0%A6%95%E0%A6%95usr%E0%A6%95bin HTTP/1.1" 200 2582 "https://www.wpt-1dwr.199-250-194-87.cpanel.site/131268/admin.php?p=%E0%A6%95%E0%A6%95usr%E0%A6%95bin" "Mozilla/5.0 AppleWebKit/537.36 (KHTML, like Gecko; compatible; GPTBot/1.4; +https://openai.com/gptbot)"
74.7.242.48 - - [12/Aug/2026:08:38:49 -0400] "GET /131268/admin.php?chmod=cs35l41-dsp1-spk-prot-103c8a30.wmfw&q=%E0%A6%95%E0%A6%95usr%E0%A6%95lib%E0%A6%95firmware%E0%A6%95cirrus HTTP/1.1" 200 2809 "https://wpt-1dwr.199-250-194-87.cpanel.site.blingfan.com/131268/admin.php?p=%E0%A6%95%E0%A6%95usr%E0%A6%95lib%E0%A6%95firmware%E0%A6%95cirrus" "Mozilla/5.0 AppleWebKit/537.36 (KHTML, like Gecko; compatible; GPTBot/1.4; +https://openai.com/gptbot)"
74.7.227.133 - - [12/Aug/2026:08:38:51 -0400] "GET /131268/admin.php?chmod=cs35l63-a1-dsp1-misc-10280e1c-spkid3-02-l3u1.bin&q=%E0%A6%95%E0%A6%95usr%E0%A6%95lib%E0%A6%95firmware%E0%A6%95cirrus HTTP/1.1" 200 2822 "https://www.wpt-1dwr.199-250-194-87.cpanel.site.blingfan.com/131268/admin.php?p=%E0%A6%95%E0%A6%95usr%E0%A6%95lib%E0%A6%95firmware%E0%A6%95cirrus" "Mozilla/5.0 AppleWebKit/537.36 (KHTML, like Gecko; compatible; GPTBot/1.4; +https://openai.com/gptbot)"
74.7.242.48 - - [12/Aug/2026:08:39:04 -0400] "GET /131268/admin.php?e=cs35l41-dsp1-spk-prot-17aa38b6-spkid1-r0.bin&q=%E0%A6%95%E0%A6%95usr%E0%A6%95lib%E0%A6%95firmware%E0%A6%95cirrus HTTP/1.1" 200 9295 "https://wpt-1dwr.199-250-194-87.cpanel.site.blingfan.com/131268/admin.php?p=%E0%A6%95%E0%A6%95usr%E0%A6%95lib%E0%A6%95firmware%E0%A6%95cirrus" "Mozilla/5.0 AppleWebKit/537.36 (KHTML, like Gecko; compatible; GPTBot/1.4; +https://openai.com/gptbot)"
74.7.227.184 - - [12/Aug/2026:08:39:07 -0400] "GET /131268/admin.php?chmod=cl-quota&q=%E0%A6%95%E0%A6%95usr%E0%A6%95bin HTTP/1.1" 200 2585 "https://mail.wpt-1dwr.199-250-194-87.cpanel.site/131268/admin.php?p=%E0%A6%95%E0%A6%95usr%E0%A6%95bin" "Mozilla/5.0 AppleWebKit/537.36 (KHTML, like Gecko; compatible; GPTBot/1.4; +https://openai.com/gptbot)"
74.7.243.216 - - [12/Aug/2026:08:39:13 -0400] "GET /131268/admin.php?chmod=dashicons.svg&q=%E0%A6%95%E0%A6%95home%E0%A6%95iblack6%E0%A6%95public_html%E0%A6%95DoThatStep%E0%A6%97com__b789886%E0%A6%95wp-includes%E0%A6%95fonts HTTP/1.1" 200 3244 "https://wpt-1dwr.199-250-194-87.cpanel.site/131268/admin.php?p=%E0%A6%95%E0%A6%95home%E0%A6%95iblack6%E0%A6%95public_html%E0%A6%95DoThatStep%E0%A6%97com__b789886%E0%A6%95wp-includes%E0%A6%95fonts" "Mozilla/5.0 AppleWebKit/537.36 (KHTML, like Gecko; compatible; GPTBot/1.4; +https://openai.com/gptbot)"
74.7.242.48 - - [12/Aug/2026:08:39:17 -0400] "GET /131268/admin.php?q=%E0%A6%95%E0%A6%95usr%E0%A6%95lib%E0%A6%95firmware%E0%A6%95cirrus&r=cs35l41-dsp1-spk-prot-10280cbf-spkid1-r0.bin HTTP/1.1" 200 2134 "https://wpt-1dwr.199-250-194-87.cpanel.site.blingfan.com/131268/admin.php?p=%E0%A6%95%E0%A6%95usr%E0%A6%95lib%E0%A6%95firmware%E0%A6%95cirrus" "Mozilla/5.0 AppleWebKit/537.36 (KHTML, like Gecko; compatible; GPTBot/1.4; +https://openai.com/gptbot)"
74.7.227.133 - - [12/Aug/2026:08:39:18 -0400] "GET /131268/admin.php?chmod=cs35l63-a1-dsp1-misc-10280e85-spkid2-03-l3u3.bin&q=%E0%A6%95%E0%A6%95usr%E0%A6%95lib%E0%A6%95firmware%E0%A6%95cirrus HTTP/1.1" 200 2822 "https://www.wpt-1dwr.199-250-194-87.cpanel.site.blingfan.com/131268/admin.php?p=%E0%A6%95%E0%A6%95usr%E0%A6%95lib%E0%A6%95firmware%E0%A6%95cirrus" "Mozilla/5.0 AppleWebKit/537.36 (KHTML, like Gecko; compatible; GPTBot/1.4; +https://openai.com/gptbot)"
74.7.227.169 - - [12/Aug/2026:08:39:23 -0400] "GET /131268/admin.php?q=%E0%A6%95%E0%A6%95usr%E0%A6%95bin&r=nslookup HTTP/1.1" 200 1921 "https://www.wpt-1dwr.199-250-194-87.cpanel.site/131268/admin.php?p=%E0%A6%95%E0%A6%95usr%E0%A6%95bin" "Mozilla/5.0 AppleWebKit/537.36 (KHTML, like Gecko; compatible; GPTBot/1.4; +https://openai.com/gptbot)"
74.7.242.48 - - [12/Aug/2026:08:39:28 -0400] "GET /131268/admin.php?q=%E0%A6%95%E0%A6%95usr%E0%A6%95lib%E0%A6%95firmware%E0%A6%95cirrus&r=cs35l41-dsp1-spk-prot-103c8d9b-spkid0.bin HTTP/1.1" 200 2131 "https://wpt-1dwr.199-250-194-87.cpanel.site.blingfan.com/131268/admin.php?p=%E0%A6%95%E0%A6%95usr%E0%A6%95lib%E0%A6%95firmware%E0%A6%95cirrus" "Mozilla/5.0 AppleWebKit/537.36 (KHTML, like Gecko; compatible; GPTBot/1.4; +https://openai.com/gptbot)"
74.7.242.48 - - [12/Aug/2026:08:39:39 -0400] "GET /131268/admin.php?d=cs35l41-dsp1-spk-prot-103c8a2d-spkid1-r0.bin&q=%E0%A6%95%E0%A6%95usr%E0%A6%95lib%E0%A6%95firmware%E0%A6%95cirrus HTTP/1.1" 200 2017 "https://wpt-1dwr.199-250-194-87.cpanel.site.blingfan.com/131268/admin.php?p=%E0%A6%95%E0%A6%95usr%E0%A6%95lib%E0%A6%95firmware%E0%A6%95cirrus" "Mozilla/5.0 AppleWebKit/537.36 (KHTML, like Gecko; compatible; GPTBot/1.4; +https://openai.com/gptbot)"
74.7.243.216 - - [12/Aug/2026:08:39:42 -0400] "GET /131268/admin.php?chmod=api-request.js&q=%E0%A6%95%E0%A6%95home%E0%A6%95iblack6%E0%A6%95public_html%E0%A6%95DoThatStep%E0%A6%97com__b789886%E0%A6%95wp-includes%E0%A6%95js HTTP/1.1" 200 3230 "https://wpt-1dwr.199-250-194-87.cpanel.site/131268/admin.php?p=%E0%A6%95%E0%A6%95home%E0%A6%95iblack6%E0%A6%95public_html%E0%A6%95DoThatStep%E0%A6%97com__b789886%E0%A6%95wp-includes%E0%A6%95js" "Mozilla/5.0 AppleWebKit/537.36 (KHTML, like Gecko; compatible; GPTBot/1.4; +https://openai.com/gptbot)"
74.7.227.133 - - [12/Aug/2026:08:39:43 -0400] "GET /131268/admin.php?chmod=cs35l63-a1-dsp1-misc-10280e22-spkid3-01-l1u3.bin&q=%E0%A6%95%E0%A6%95usr%E0%A6%95lib%E0%A6%95firmware%E0%A6%95cirrus HTTP/1.1" 200 2822 "https://www.wpt-1dwr.199-250-194-87.cpanel.site.blingfan.com/131268/admin.php?p=%E0%A6%95%E0%A6%95usr%E0%A6%95lib%E0%A6%95firmware%E0%A6%95cirrus" "Mozilla/5.0 AppleWebKit/537.36 (KHTML, like Gecko; compatible; GPTBot/1.4; +https://openai.com/gptbot)"
74.7.227.184 - - [12/Aug/2026:08:39:54 -0400] "GET /131268/admin.php?d=sg_timestamp&q=%E0%A6%95%E0%A6%95usr%E0%A6%95bin HTTP/1.1" 200 1820 "https://mail.wpt-1dwr.199-250-194-87.cpanel.site/131268/admin.php?p=%E0%A6%95%E0%A6%95usr%E0%A6%95bin" "Mozilla/5.0 AppleWebKit/537.36 (KHTML, like Gecko; compatible; GPTBot/1.4; +https://openai.com/gptbot)"
74.7.242.48 - - [12/Aug/2026:08:39:57 -0400] "GET /131268/admin.php?d=cs35l41-dsp1-spk-prot-10280cbd-spkid0-r0.bin&q=%E0%A6%95%E0%A6%95usr%E0%A6%95lib%E0%A6%95firmware%E0%A6%95cirrus HTTP/1.1" 429 17 "https://wpt-1dwr.199-250-194-87.cpanel.site.blingfan.com/131268/admin.php?p=%E0%A6%95%E0%A6%95usr%E0%A6%95lib%E0%A6%95firmware%E0%A6%95cirrus" "Mozilla/5.0 AppleWebKit/537.36 (KHTML, like Gecko; compatible; GPTBot/1.4; +https://openai.com/gptbot)"
74.7.227.169 - - [12/Aug/2026:08:39:58 -0400] "GET /131268/admin.php?q=%E0%A6%95%E0%A6%95usr%E0%A6%95bin&r=rpmverify HTTP/1.1" 200 1922 "https://www.wpt-1dwr.199-250-194-87.cpanel.site/131268/admin.php?p=%E0%A6%95%E0%A6%95usr%E0%A6%95bin" "Mozilla/5.0 AppleWebKit/537.36 (KHTML, like Gecko; compatible; GPTBot/1.4; +https://openai.com/gptbot)"
74.7.242.48 - - [12/Aug/2026:08:39:48 -0400] "GET /131268/admin.php?e=cs35l41-dsp1-spk-prot-10280cc2-spkid0-r0.bincfg&q=%E0%A6%95%E0%A6%95usr%E0%A6%95lib%E0%A6%95firmware%E0%A6%95cirrus HTTP/1.1" 429 17 "https://wpt-1dwr.199-250-194-87.cpanel.site.blingfan.com/131268/admin.php?p=%E0%A6%95%E0%A6%95usr%E0%A6%95lib%E0%A6%95firmware%E0%A6%95cirrus" "Mozilla/5.0 AppleWebKit/537.36 (KHTML, like Gecko; compatible; GPTBot/1.4; +https://openai.com/gptbot)"
74.7.227.133 - - [12/Aug/2026:08:40:04 -0400] "GET /131268/admin.php?chmod=cs35l63-a1-dsp1-misc-10280e1e-spkid0-06-l3u1.bin&q=%E0%A6%95%E0%A6%95usr%E0%A6%95lib%E0%A6%95firmware%E0%A6%95cirrus HTTP/1.1" 200 2822 "https://www.wpt-1dwr.199-250-194-87.cpanel.site.blingfan.com/131268/admin.php?p=%E0%A6%95%E0%A6%95usr%E0%A6%95lib%E0%A6%95firmware%E0%A6%95cirrus" "Mozilla/5.0 AppleWebKit/537.36 (KHTML, like Gecko; compatible; GPTBot/1.4; +https://openai.com/gptbot)"
74.7.243.216 - - [12/Aug/2026:08:40:09 -0400] "GET /131268/admin.php?chmod=customize-preview-nav-menus.min.js&q=%E0%A6%95%E0%A6%95home%E0%A6%95iblack6%E0%A6%95public_html%E0%A6%95DoThatStep%E0%A6%97com__b789886%E0%A6%95wp-includes%E0%A6%95js HTTP/1.1" 200 3250 "https://wpt-1dwr.199-250-194-87.cpanel.site/131268/admin.php?p=%E0%A6%95%E0%A6%95home%E0%A6%95iblack6%E0%A6%95public_html%E0%A6%95DoThatStep%E0%A6%97com__b789886%E0%A6%95wp-includes%E0%A6%95js" "Mozilla/5.0 AppleWebKit/537.36 (KHTML, like Gecko; compatible; GPTBot/1.4; +https://openai.com/gptbot)"
74.7.242.48 - - [12/Aug/2026:08:40:22 -0400] "GET /131268/admin.php?q=%E0%A6%95%E0%A6%95usr%E0%A6%95lib%E0%A6%95firmware%E0%A6%95cirrus&r=cs35l41-dsp1-spk-prot-103c8bde-spkid0-r0.bin HTTP/1.1" 429 17 "https://wpt-1dwr.199-250-194-87.cpanel.site.blingfan.com/131268/admin.php?p=%E0%A6%95%E0%A6%95usr%E0%A6%95lib%E0%A6%95firmware%E0%A6%95cirrus" "Mozilla/5.0 AppleWebKit/537.36 (KHTML, like Gecko; compatible; GPTBot/1.4; +https://openai.com/gptbot)"
74.7.227.133 - - [12/Aug/2026:08:40:24 -0400] "GET /131268/admin.php?chmod=cs35l63-a1-dsp1-misc-10280e2b-spkid1-00-l1u3.bin&q=%E0%A6%95%E0%A6%95usr%E0%A6%95lib%E0%A6%95firmware%E0%A6%95cirrus HTTP/1.1" 200 2822 "https://www.wpt-1dwr.199-250-194-87.cpanel.site.blingfan.com/131268/admin.php?p=%E0%A6%95%E0%A6%95usr%E0%A6%95lib%E0%A6%95firmware%E0%A6%95cirrus" "Mozilla/5.0 AppleWebKit/537.36 (KHTML, like Gecko; compatible; GPTBot/1.4; +https://openai.com/gptbot)"
74.7.243.216 - - [12/Aug/2026:08:40:33 -0400] "GET /131268/admin.php?chmod=jquery.hotkeys.js&q=%E0%A6%95%E0%A6%95home%E0%A6%95iblack6%E0%A6%95public_html%E0%A6%95DoThatStep%E0%A6%97com__b789886%E0%A6%95wp-includes%E0%A6%95js%E0%A6%95jquery HTTP/1.1" 200 3385 "https://wpt-1dwr.199-250-194-87.cpanel.site/131268/admin.php?p=%E0%A6%95%E0%A6%95home%E0%A6%95iblack6%E0%A6%95public_html%E0%A6%95DoThatStep%E0%A6%97com__b789886%E0%A6%95wp-includes%E0%A6%95js%E0%A6%95jquery" "Mozilla/5.0 AppleWebKit/537.36 (KHTML, like Gecko; compatible; GPTBot/1.4; +https://openai.com/gptbot)"
74.7.227.169 - - [12/Aug/2026:08:40:33 -0400] "GET /131268/admin.php?q=%E0%A6%95%E0%A6%95usr%E0%A6%95lib&r=sysimage HTTP/1.1" 200 1921 "https://www.wpt-1dwr.199-250-194-87.cpanel.site/131268/admin.php?p=%E0%A6%95%E0%A6%95usr%E0%A6%95lib" "Mozilla/5.0 AppleWebKit/537.36 (KHTML, like Gecko; compatible; GPTBot/1.4; +https://openai.com/gptbot)"
74.7.227.184 - - [12/Aug/2026:08:40:37 -0400] "GET /131268/admin.php?chmod=tcutest&q=%E0%A6%95%E0%A6%95usr%E0%A6%95bin HTTP/1.1" 200 2584 "https://mail.wpt-1dwr.199-250-194-87.cpanel.site/131268/admin.php?p=%E0%A6%95%E0%A6%95usr%E0%A6%95bin" "Mozilla/5.0 AppleWebKit/537.36 (KHTML, like Gecko; compatible; GPTBot/1.4; +https://openai.com/gptbot)"
74.7.227.133 - - [12/Aug/2026:08:40:42 -0400] "GET /131268/admin.php?chmod=cs35l63-a1-dsp1-misc-10280e21-spkid3-03-l1u3.bin&q=%E0%A6%95%E0%A6%95usr%E0%A6%95lib%E0%A6%95firmware%E0%A6%95cirrus HTTP/1.1" 200 2822 "https://www.wpt-1dwr.199-250-194-87.cpanel.site.blingfan.com/131268/admin.php?p=%E0%A6%95%E0%A6%95usr%E0%A6%95lib%E0%A6%95firmware%E0%A6%95cirrus" "Mozilla/5.0 AppleWebKit/537.36 (KHTML, like Gecko; compatible; GPTBot/1.4; +https://openai.com/gptbot)"
74.7.243.216 - - [12/Aug/2026:08:40:54 -0400] "GET /131268/admin.php?d=macFFBgHack.png&q=%E0%A6%95%E0%A6%95home%E0%A6%95iblack6%E0%A6%95public_html%E0%A6%95DoThatStep%E0%A6%97com__b789886%E0%A6%95wp-includes%E0%A6%95js%E0%A6%95thickbox HTTP/1.1" 200 2621 "https://wpt-1dwr.199-250-194-87.cpanel.site/131268/admin.php?p=%E0%A6%95%E0%A6%95home%E0%A6%95iblack6%E0%A6%95public_html%E0%A6%95DoThatStep%E0%A6%97com__b789886%E0%A6%95wp-includes%E0%A6%95js%E0%A6%95thickbox" "Mozilla/5.0 AppleWebKit/537.36 (KHTML, like Gecko; compatible; GPTBot/1.4; +https://openai.com/gptbot)"
74.7.227.133 - - [12/Aug/2026:08:40:58 -0400] "GET /131268/admin.php?chmod=cs35l63-a1-dsp1-misc-10280e25-spkid2-01-l1u1.bin&q=%E0%A6%95%E0%A6%95usr%E0%A6%95lib%E0%A6%95firmware%E0%A6%95cirrus HTTP/1.1" 200 2822 "https://www.wpt-1dwr.199-250-194-87.cpanel.site.blingfan.com/131268/admin.php?p=%E0%A6%95%E0%A6%95usr%E0%A6%95lib%E0%A6%95firmware%E0%A6%95cirrus" "Mozilla/5.0 AppleWebKit/537.36 (KHTML, like Gecko; compatible; GPTBot/1.4; +https://openai.com/gptbot)"
74.7.227.169 - - [12/Aug/2026:08:41:02 -0400] "GET /131268/admin.php?d=webp&q=%E0%A6%95%E0%A6%95usr%E0%A6%95include HTTP/1.1" 200 1840 "https://www.wpt-1dwr.199-250-194-87.cpanel.site/131268/admin.php?p=%E0%A6%95%E0%A6%95usr%E0%A6%95include" "Mozilla/5.0 AppleWebKit/537.36 (KHTML, like Gecko; compatible; GPTBot/1.4; +https://openai.com/gptbot)"
74.7.227.133 - - [12/Aug/2026:08:41:12 -0400] "GET /131268/admin.php?chmod=cs35l63-a1-dsp1-misc-10280e21-spkid3-04-l1u3.bin&q=%E0%A6%95%E0%A6%95usr%E0%A6%95lib%E0%A6%95firmware%E0%A6%95cirrus HTTP/1.1" 200 2822 "https://www.wpt-1dwr.199-250-194-87.cpanel.site.blingfan.com/131268/admin.php?p=%E0%A6%95%E0%A6%95usr%E0%A6%95lib%E0%A6%95firmware%E0%A6%95cirrus" "Mozilla/5.0 AppleWebKit/537.36 (KHTML, like Gecko; compatible; GPTBot/1.4; +https://openai.com/gptbot)"
74.7.243.216 - - [12/Aug/2026:08:41:14 -0400] "GET /131268/admin.php?chmod=zxcvbn-async.min.js&q=%E0%A6%95%E0%A6%95home%E0%A6%95iblack6%E0%A6%95public_html%E0%A6%95DoThatStep%E0%A6%97com__b789886%E0%A6%95wp-includes%E0%A6%95js HTTP/1.1" 200 3235 "https://wpt-1dwr.199-250-194-87.cpanel.site/131268/admin.php?p=%E0%A6%95%E0%A6%95home%E0%A6%95iblack6%E0%A6%95public_html%E0%A6%95DoThatStep%E0%A6%97com__b789886%E0%A6%95wp-includes%E0%A6%95js" "Mozilla/5.0 AppleWebKit/537.36 (KHTML, like Gecko; compatible; GPTBot/1.4; +https://openai.com/gptbot)"
74.7.227.184 - - [12/Aug/2026:08:41:15 -0400] "GET /131268/admin.php?chmod=setarch&q=%E0%A6%95%E0%A6%95usr%E0%A6%95bin HTTP/1.1" 200 2584 "https://mail.wpt-1dwr.199-250-194-87.cpanel.site/131268/admin.php?p=%E0%A6%95%E0%A6%95usr%E0%A6%95bin" "Mozilla/5.0 AppleWebKit/537.36 (KHTML, like Gecko; compatible; GPTBot/1.4; +https://openai.com/gptbot)"
74.7.242.48 - - [12/Aug/2026:08:41:23 -0400] "GET /131268/admin.php?chmod=cs35l41-dsp1-spk-prot-103c8a2b.wmfw&q=%E0%A6%95%E0%A6%95usr%E0%A6%95lib%E0%A6%95firmware%E0%A6%95cirrus HTTP/1.1" 429 17 "https://wpt-1dwr.199-250-194-87.cpanel.site.blingfan.com/131268/admin.php?p=%E0%A6%95%E0%A6%95usr%E0%A6%95lib%E0%A6%95firmware%E0%A6%95cirrus" "Mozilla/5.0 AppleWebKit/537.36 (KHTML, like Gecko; compatible; GPTBot/1.4; +https://openai.com/gptbot)"
74.7.227.133 - - [12/Aug/2026:08:41:25 -0400] "GET /131268/admin.php?chmod=cs35l63-a1-dsp1-misc-10280e1b-spkid2-03-l3u1.bin&q=%E0%A6%95%E0%A6%95usr%E0%A6%95lib%E0%A6%95firmware%E0%A6%95cirrus HTTP/1.1" 200 2822 "https://www.wpt-1dwr.199-250-194-87.cpanel.site.blingfan.com/131268/admin.php?p=%E0%A6%95%E0%A6%95usr%E0%A6%95lib%E0%A6%95firmware%E0%A6%95cirrus" "Mozilla/5.0 AppleWebKit/537.36 (KHTML, like Gecko; compatible; GPTBot/1.4; +https://openai.com/gptbot)"
74.7.227.169 - - [12/Aug/2026:08:41:30 -0400] "GET /131268/admin.php?d=withsctp&q=%E0%A6%95%E0%A6%95usr%E0%A6%95bin HTTP/1.1" 200 1820 "https://www.wpt-1dwr.199-250-194-87.cpanel.site/131268/admin.php?p=%E0%A6%95%E0%A6%95usr%E0%A6%95bin" "Mozilla/5.0 AppleWebKit/537.36 (KHTML, like Gecko; compatible; GPTBot/1.4; +https://openai.com/gptbot)"
74.7.243.216 - - [12/Aug/2026:08:41:33 -0400] "GET /131268/admin.php?chmod=customize-preview-widgets.js&q=%E0%A6%95%E0%A6%95home%E0%A6%95iblack6%E0%A6%95public_html%E0%A6%95DoThatStep%E0%A6%97com__b789886%E0%A6%95wp-includes%E0%A6%95js HTTP/1.1" 200 3244 "https://wpt-1dwr.199-250-194-87.cpanel.site/131268/admin.php?p=%E0%A6%95%E0%A6%95home%E0%A6%95iblack6%E0%A6%95public_html%E0%A6%95DoThatStep%E0%A6%97com__b789886%E0%A6%95wp-includes%E0%A6%95js" "Mozilla/5.0 AppleWebKit/537.36 (KHTML, like Gecko; compatible; GPTBot/1.4; +https://openai.com/gptbot)"
74.7.227.133 - - [12/Aug/2026:08:41:37 -0400] "GET /131268/admin.php?chmod=cs35l63-a1-dsp1-misc-10280e1e-spkid1-06-l3u1.bin&q=%E0%A6%95%E0%A6%95usr%E0%A6%95lib%E0%A6%95firmware%E0%A6%95cirrus HTTP/1.1" 200 2822 "https://www.wpt-1dwr.199-250-194-87.cpanel.site.blingfan.com/131268/admin.php?p=%E0%A6%95%E0%A6%95usr%E0%A6%95lib%E0%A6%95firmware%E0%A6%95cirrus" "Mozilla/5.0 AppleWebKit/537.36 (KHTML, like Gecko; compatible; GPTBot/1.4; +https://openai.com/gptbot)"
74.7.227.133 - - [12/Aug/2026:08:41:48 -0400] "GET /131268/admin.php?chmod=cs35l63-a1-dsp1-misc-10280e65-spkid3-01-l1u1.bin&q=%E0%A6%95%E0%A6%95usr%E0%A6%95lib%E0%A6%95firmware%E0%A6%95cirrus HTTP/1.1" 200 2822 "https://www.wpt-1dwr.199-250-194-87.cpanel.site.blingfan.com/131268/admin.php?p=%E0%A6%95%E0%A6%95usr%E0%A6%95lib%E0%A6%95firmware%E0%A6%95cirrus" "Mozilla/5.0 AppleWebKit/537.36 (KHTML, like Gecko; compatible; GPTBot/1.4; +https://openai.com/gptbot)"
74.7.227.184 - - [12/Aug/2026:08:41:48 -0400] "GET /131268/admin.php?d=selectorctl&q=%E0%A6%95%E0%A6%95usr%E0%A6%95bin HTTP/1.1" 200 1820 "https://mail.wpt-1dwr.199-250-194-87.cpanel.site/131268/admin.php?p=%E0%A6%95%E0%A6%95usr%E0%A6%95bin" "Mozilla/5.0 AppleWebKit/537.36 (KHTML, like Gecko; compatible; GPTBot/1.4; +https://openai.com/gptbot)"
74.7.243.216 - - [12/Aug/2026:08:41:49 -0400] "GET /131268/admin.php?q=%E0%A6%95%E0%A6%95home%E0%A6%95iblack6%E0%A6%95public_html%E0%A6%95DoThatStep%E0%A6%97com__b789886%E0%A6%95wp-includes%E0%A6%95js&r=colorpicker.min.js HTTP/1.1" 200 2504 "https://wpt-1dwr.199-250-194-87.cpanel.site/131268/admin.php?p=%E0%A6%95%E0%A6%95home%E0%A6%95iblack6%E0%A6%95public_html%E0%A6%95DoThatStep%E0%A6%97com__b789886%E0%A6%95wp-includes%E0%A6%95js" "Mozilla/5.0 AppleWebKit/537.36 (KHTML, like Gecko; compatible; GPTBot/1.4; +https://openai.com/gptbot)"
74.7.227.169 - - [12/Aug/2026:08:41:54 -0400] "GET /131268/admin.php?d=func_scl.csh&q=%E0%A6%95%E0%A6%95etc%E0%A6%95scl HTTP/1.1" 200 1820 "https://www.wpt-1dwr.199-250-194-87.cpanel.site/131268/admin.php?p=%E0%A6%95%E0%A6%95etc%E0%A6%95scl" "Mozilla/5.0 AppleWebKit/537.36 (KHTML, like Gecko; compatible; GPTBot/1.4; +https://openai.com/gptbot)"
74.7.227.133 - - [12/Aug/2026:08:41:58 -0400] "GET /131268/admin.php?chmod=cs35l63-a1-dsp1-misc-10280e1d-spkid2-05-l3u1.bin&q=%E0%A6%95%E0%A6%95usr%E0%A6%95lib%E0%A6%95firmware%E0%A6%95cirrus HTTP/1.1" 200 2822 "https://www.wpt-1dwr.199-250-194-87.cpanel.site.blingfan.com/131268/admin.php?p=%E0%A6%95%E0%A6%95usr%E0%A6%95lib%E0%A6%95firmware%E0%A6%95cirrus" "Mozilla/5.0 AppleWebKit/537.36 (KHTML, like Gecko; compatible; GPTBot/1.4; +https://openai.com/gptbot)"
74.7.243.216 - - [12/Aug/2026:08:42:04 -0400] "GET /131268/admin.php?chmod=suggest.min.js&q=%E0%A6%95%E0%A6%95home%E0%A6%95iblack6%E0%A6%95public_html%E0%A6%95DoThatStep%E0%A6%97com__b789886%E0%A6%95wp-includes%E0%A6%95js%E0%A6%95jquery HTTP/1.1" 200 3382 "https://wpt-1dwr.199-250-194-87.cpanel.site/131268/admin.php?p=%E0%A6%95%E0%A6%95home%E0%A6%95iblack6%E0%A6%95public_html%E0%A6%95DoThatStep%E0%A6%97com__b789886%E0%A6%95wp-includes%E0%A6%95js%E0%A6%95jquery" "Mozilla/5.0 AppleWebKit/537.36 (KHTML, like Gecko; compatible; GPTBot/1.4; +https://openai.com/gptbot)"
74.7.227.133 - - [12/Aug/2026:08:42:06 -0400] "GET /131268/admin.php?chmod=cs35l63-a1-dsp1-misc-10280e25-spkid1-01-l1u1.bin&q=%E0%A6%95%E0%A6%95usr%E0%A6%95lib%E0%A6%95firmware%E0%A6%95cirrus HTTP/1.1" 429 17 "https://www.wpt-1dwr.199-250-194-87.cpanel.site.blingfan.com/131268/admin.php?p=%E0%A6%95%E0%A6%95usr%E0%A6%95lib%E0%A6%95firmware%E0%A6%95cirrus" "Mozilla/5.0 AppleWebKit/537.36 (KHTML, like Gecko; compatible; GPTBot/1.4; +https://openai.com/gptbot)"
74.7.227.133 - - [12/Aug/2026:08:42:14 -0400] "GET /131268/admin.php?chmod=cs35l63-a1-dsp1-misc-10280e65-spkid2-01-l1u3.bin&q=%E0%A6%95%E0%A6%95usr%E0%A6%95lib%E0%A6%95firmware%E0%A6%95cirrus HTTP/1.1" 429 17 "https://www.wpt-1dwr.199-250-194-87.cpanel.site.blingfan.com/131268/admin.php?p=%E0%A6%95%E0%A6%95usr%E0%A6%95lib%E0%A6%95firmware%E0%A6%95cirrus" "Mozilla/5.0 AppleWebKit/537.36 (KHTML, like Gecko; compatible; GPTBot/1.4; +https://openai.com/gptbot)"
74.7.243.216 - - [12/Aug/2026:08:42:17 -0400] "GET /131268/admin.php?chmod=quicktags.min.js&q=%E0%A6%95%E0%A6%95home%E0%A6%95iblack6%E0%A6%95public_html%E0%A6%95DoThatStep%E0%A6%97com__b789886%E0%A6%95wp-includes%E0%A6%95js HTTP/1.1" 200 3232 "https://wpt-1dwr.199-250-194-87.cpanel.site/131268/admin.php?p=%E0%A6%95%E0%A6%95home%E0%A6%95iblack6%E0%A6%95public_html%E0%A6%95DoThatStep%E0%A6%97com__b789886%E0%A6%95wp-includes%E0%A6%95js" "Mozilla/5.0 AppleWebKit/537.36 (KHTML, like Gecko; compatible; GPTBot/1.4; +https://openai.com/gptbot)"
74.7.227.169 - - [12/Aug/2026:08:42:17 -0400] "GET /131268/admin.php?chmod=cpio&q=%E0%A6%95%E0%A6%95usr%E0%A6%95bin HTTP/1.1" 200 2581 "https://www.wpt-1dwr.199-250-194-87.cpanel.site/131268/admin.php?p=%E0%A6%95%E0%A6%95usr%E0%A6%95bin" "Mozilla/5.0 AppleWebKit/537.36 (KHTML, like Gecko; compatible; GPTBot/1.4; +https://openai.com/gptbot)"
74.7.227.184 - - [12/Aug/2026:08:42:18 -0400] "GET /131268/admin.php?chmod=nsenter&q=%E0%A6%95%E0%A6%95usr%E0%A6%95bin HTTP/1.1" 200 2584 "https://mail.wpt-1dwr.199-250-194-87.cpanel.site/131268/admin.php?p=%E0%A6%95%E0%A6%95usr%E0%A6%95bin" "Mozilla/5.0 AppleWebKit/537.36 (KHTML, like Gecko; compatible; GPTBot/1.4; +https://openai.com/gptbot)"
74.7.242.48 - - [12/Aug/2026:08:42:24 -0400] "GET /131268/admin.php?e=cs35l41-dsp1-spk-prot-10280cc3-spkid1-r0.bincfg&q=%E0%A6%95%E0%A6%95usr%E0%A6%95lib%E0%A6%95firmware%E0%A6%95cirrus HTTP/1.1" 200 2154 "https://wpt-1dwr.199-250-194-87.cpanel.site.blingfan.com/131268/admin.php?p=%E0%A6%95%E0%A6%95usr%E0%A6%95lib%E0%A6%95firmware%E0%A6%95cirrus" "Mozilla/5.0 AppleWebKit/537.36 (KHTML, like Gecko; compatible; GPTBot/1.4; +https://openai.com/gptbot)"
74.7.243.216 - - [12/Aug/2026:08:42:29 -0400] "GET /131268/admin.php?chmod=media-editor.min.js&q=%E0%A6%95%E0%A6%95home%E0%A6%95iblack6%E0%A6%95public_html%E0%A6%95DoThatStep%E0%A6%97com__b789886%E0%A6%95wp-includes%E0%A6%95js HTTP/1.1" 200 3235 "https://wpt-1dwr.199-250-194-87.cpanel.site/131268/admin.php?p=%E0%A6%95%E0%A6%95home%E0%A6%95iblack6%E0%A6%95public_html%E0%A6%95DoThatStep%E0%A6%97com__b789886%E0%A6%95wp-includes%E0%A6%95js" "Mozilla/5.0 AppleWebKit/537.36 (KHTML, like Gecko; compatible; GPTBot/1.4; +https://openai.com/gptbot)"
74.7.227.133 - - [12/Aug/2026:08:42:37 -0400] "GET /131268/admin.php?chmod=cs35l63-a1-dsp1-misc-10280e1f-spkid2-02-l3u1.bin&q=%E0%A6%95%E0%A6%95usr%E0%A6%95lib%E0%A6%95firmware%E0%A6%95cirrus HTTP/1.1" 429 17 "https://www.wpt-1dwr.199-250-194-87.cpanel.site.blingfan.com/131268/admin.php?p=%E0%A6%95%E0%A6%95usr%E0%A6%95lib%E0%A6%95firmware%E0%A6%95cirrus" "Mozilla/5.0 AppleWebKit/537.36 (KHTML, like Gecko; compatible; GPTBot/1.4; +https://openai.com/gptbot)"
74.7.243.216 - - [12/Aug/2026:08:42:39 -0400] "GET /131268/admin.php?chmod=autosave.min.js&q=%E0%A6%95%E0%A6%95home%E0%A6%95iblack6%E0%A6%95public_html%E0%A6%95DoThatStep%E0%A6%97com__b789886%E0%A6%95wp-includes%E0%A6%95js HTTP/1.1" 200 3231 "https://wpt-1dwr.199-250-194-87.cpanel.site/131268/admin.php?p=%E0%A6%95%E0%A6%95home%E0%A6%95iblack6%E0%A6%95public_html%E0%A6%95DoThatStep%E0%A6%97com__b789886%E0%A6%95wp-includes%E0%A6%95js" "Mozilla/5.0 AppleWebKit/537.36 (KHTML, like Gecko; compatible; GPTBot/1.4; +https://openai.com/gptbot)"
74.7.227.184 - - [12/Aug/2026:08:42:45 -0400] "GET /131268/admin.php?d=aria_dump_log&q=%E0%A6%95%E0%A6%95usr%E0%A6%95bin HTTP/1.1" 200 1820 "https://mail.wpt-1dwr.199-250-194-87.cpanel.site/131268/admin.php?p=%E0%A6%95%E0%A6%95usr%E0%A6%95bin" "Mozilla/5.0 AppleWebKit/537.36 (KHTML, like Gecko; compatible; GPTBot/1.4; +https://openai.com/gptbot)"
74.7.243.216 - - [12/Aug/2026:08:42:49 -0400] "GET /131268/admin.php?chmod=customize-models.min.js&q=%E0%A6%95%E0%A6%95home%E0%A6%95iblack6%E0%A6%95public_html%E0%A6%95DoThatStep%E0%A6%97com__b789886%E0%A6%95wp-includes%E0%A6%95js HTTP/1.1" 200 3239 "https://wpt-1dwr.199-250-194-87.cpanel.site/131268/admin.php?p=%E0%A6%95%E0%A6%95home%E0%A6%95iblack6%E0%A6%95public_html%E0%A6%95DoThatStep%E0%A6%97com__b789886%E0%A6%95wp-includes%E0%A6%95js" "Mozilla/5.0 AppleWebKit/537.36 (KHTML, like Gecko; compatible; GPTBot/1.4; +https://openai.com/gptbot)"
74.7.227.169 - - [12/Aug/2026:08:42:37 -0400] "GET /131268/admin.php?q=%E0%A6%95%E0%A6%95usr%E0%A6%95bin&r=rmcp_ping HTTP/1.1" 200 1922 "https://www.wpt-1dwr.199-250-194-87.cpanel.site/131268/admin.php?p=%E0%A6%95%E0%A6%95usr%E0%A6%95bin" "Mozilla/5.0 AppleWebKit/537.36 (KHTML, like Gecko; compatible; GPTBot/1.4; +https://openai.com/gptbot)"
74.7.227.169 - - [12/Aug/2026:08:42:56 -0400] "GET /131268/admin.php?d=scsi-rescan&q=%E0%A6%95%E0%A6%95usr%E0%A6%95bin HTTP/1.1" 200 1820 "https://www.wpt-1dwr.199-250-194-87.cpanel.site/131268/admin.php?p=%E0%A6%95%E0%A6%95usr%E0%A6%95bin" "Mozilla/5.0 AppleWebKit/537.36 (KHTML, like Gecko; compatible; GPTBot/1.4; +https://openai.com/gptbot)"
74.7.243.216 - - [12/Aug/2026:08:42:57 -0400] "GET /131268/admin.php?d=hoverIntent.min.js&q=%E0%A6%95%E0%A6%95home%E0%A6%95iblack6%E0%A6%95public_html%E0%A6%95DoThatStep%E0%A6%97com__b789886%E0%A6%95wp-includes%E0%A6%95js HTTP/1.1" 200 2452 "https://wpt-1dwr.199-250-194-87.cpanel.site/131268/admin.php?p=%E0%A6%95%E0%A6%95home%E0%A6%95iblack6%E0%A6%95public_html%E0%A6%95DoThatStep%E0%A6%97com__b789886%E0%A6%95wp-includes%E0%A6%95js" "Mozilla/5.0 AppleWebKit/537.36 (KHTML, like Gecko; compatible; GPTBot/1.4; +https://openai.com/gptbot)"
74.7.243.216 - - [12/Aug/2026:08:43:05 -0400] "GET /131268/admin.php?chmod=backbone.min.js&q=%E0%A6%95%E0%A6%95home%E0%A6%95iblack6%E0%A6%95public_html%E0%A6%95DoThatStep%E0%A6%97com__b789886%E0%A6%95wp-includes%E0%A6%95js HTTP/1.1" 200 3231 "https://wpt-1dwr.199-250-194-87.cpanel.site/131268/admin.php?p=%E0%A6%95%E0%A6%95home%E0%A6%95iblack6%E0%A6%95public_html%E0%A6%95DoThatStep%E0%A6%97com__b789886%E0%A6%95wp-includes%E0%A6%95js" "Mozilla/5.0 AppleWebKit/537.36 (KHTML, like Gecko; compatible; GPTBot/1.4; +https://openai.com/gptbot)"
74.7.227.184 - - [12/Aug/2026:08:43:09 -0400] "GET /131268/admin.php?chmod=tcbtest&q=%E0%A6%95%E0%A6%95usr%E0%A6%95bin HTTP/1.1" 200 2584 "https://mail.wpt-1dwr.199-250-194-87.cpanel.site/131268/admin.php?p=%E0%A6%95%E0%A6%95usr%E0%A6%95bin" "Mozilla/5.0 AppleWebKit/537.36 (KHTML, like Gecko; compatible; GPTBot/1.4; +https://openai.com/gptbot)"
74.7.243.216 - - [12/Aug/2026:08:43:11 -0400] "GET /131268/admin.php?chmod=customize-models.js&q=%E0%A6%95%E0%A6%95home%E0%A6%95iblack6%E0%A6%95public_html%E0%A6%95DoThatStep%E0%A6%97com__b789886%E0%A6%95wp-includes%E0%A6%95js HTTP/1.1" 200 3235 "https://wpt-1dwr.199-250-194-87.cpanel.site/131268/admin.php?p=%E0%A6%95%E0%A6%95home%E0%A6%95iblack6%E0%A6%95public_html%E0%A6%95DoThatStep%E0%A6%97com__b789886%E0%A6%95wp-includes%E0%A6%95js" "Mozilla/5.0 AppleWebKit/537.36 (KHTML, like Gecko; compatible; GPTBot/1.4; +https://openai.com/gptbot)"
74.7.227.169 - - [12/Aug/2026:08:43:12 -0400] "GET /131268/admin.php?e=snmpinform&q=%E0%A6%95%E0%A6%95usr%E0%A6%95bin HTTP/1.1" 200 23013 "https://www.wpt-1dwr.199-250-194-87.cpanel.site/131268/admin.php?p=%E0%A6%95%E0%A6%95usr%E0%A6%95bin" "Mozilla/5.0 AppleWebKit/537.36 (KHTML, like Gecko; compatible; GPTBot/1.4; +https://openai.com/gptbot)"
74.7.243.216 - - [12/Aug/2026:08:43:17 -0400] "GET /131268/admin.php?e=jquery-migrate.min.js&q=%E0%A6%95%E0%A6%95home%E0%A6%95iblack6%E0%A6%95public_html%E0%A6%95DoThatStep%E0%A6%97com__b789886%E0%A6%95wp-includes%E0%A6%95js%E0%A6%95jquery HTTP/1.1" 200 19751 "https://wpt-1dwr.199-250-194-87.cpanel.site/131268/admin.php?p=%E0%A6%95%E0%A6%95home%E0%A6%95iblack6%E0%A6%95public_html%E0%A6%95DoThatStep%E0%A6%97com__b789886%E0%A6%95wp-includes%E0%A6%95js%E0%A6%95jquery" "Mozilla/5.0 AppleWebKit/537.36 (KHTML, like Gecko; compatible; GPTBot/1.4; +https://openai.com/gptbot)"
74.7.243.216 - - [12/Aug/2026:08:43:23 -0400] "GET /131268/admin.php?d=customize-preview.js&q=%E0%A6%95%E0%A6%95home%E0%A6%95iblack6%E0%A6%95public_html%E0%A6%95DoThatStep%E0%A6%97com__b789886%E0%A6%95wp-includes%E0%A6%95js HTTP/1.1" 200 2452 "https://wpt-1dwr.199-250-194-87.cpanel.site/131268/admin.php?p=%E0%A6%95%E0%A6%95home%E0%A6%95iblack6%E0%A6%95public_html%E0%A6%95DoThatStep%E0%A6%97com__b789886%E0%A6%95wp-includes%E0%A6%95js" "Mozilla/5.0 AppleWebKit/537.36 (KHTML, like Gecko; compatible; GPTBot/1.4; +https://openai.com/gptbot)"
74.7.227.169 - - [12/Aug/2026:08:43:25 -0400] "GET /131268/admin.php?e=paperconf&q=%E0%A6%95%E0%A6%95usr%E0%A6%95bin HTTP/1.1" 200 19039 "https://www.wpt-1dwr.199-250-194-87.cpanel.site/131268/admin.php?p=%E0%A6%95%E0%A6%95usr%E0%A6%95bin" "Mozilla/5.0 AppleWebKit/537.36 (KHTML, like Gecko; compatible; GPTBot/1.4; +https://openai.com/gptbot)"
74.7.242.48 - - [12/Aug/2026:08:43:26 -0400] "GET /131268/admin.php?q=%E0%A6%95%E0%A6%95usr%E0%A6%95lib%E0%A6%95firmware%E0%A6%95cirrus&r=cs35l41-dsp1-spk-prot-103c8be9-spkid1-r0.bin HTTP/1.1" 200 2134 "https://wpt-1dwr.199-250-194-87.cpanel.site.blingfan.com/131268/admin.php?p=%E0%A6%95%E0%A6%95usr%E0%A6%95lib%E0%A6%95firmware%E0%A6%95cirrus" "Mozilla/5.0 AppleWebKit/537.36 (KHTML, like Gecko; compatible; GPTBot/1.4; +https://openai.com/gptbot)"
74.7.243.216 - - [12/Aug/2026:08:43:28 -0400] "GET /131268/admin.php?e=media-models.min.js&q=%E0%A6%95%E0%A6%95home%E0%A6%95iblack6%E0%A6%95public_html%E0%A6%95DoThatStep%E0%A6%97com__b789886%E0%A6%95wp-includes%E0%A6%95js HTTP/1.1" 200 18143 "https://wpt-1dwr.199-250-194-87.cpanel.site/131268/admin.php?p=%E0%A6%95%E0%A6%95home%E0%A6%95iblack6%E0%A6%95public_html%E0%A6%95DoThatStep%E0%A6%97com__b789886%E0%A6%95wp-includes%E0%A6%95js" "Mozilla/5.0 AppleWebKit/537.36 (KHTML, like Gecko; compatible; GPTBot/1.4; +https://openai.com/gptbot)"
74.7.227.184 - - [12/Aug/2026:08:43:30 -0400] "GET /131268/admin.php?d=run_xcpu.sh&q=%E0%A6%95%E0%A6%95usr%E0%A6%95bin HTTP/1.1" 200 1820 "https://mail.wpt-1dwr.199-250-194-87.cpanel.site/131268/admin.php?p=%E0%A6%95%E0%A6%95usr%E0%A6%95bin" "Mozilla/5.0 AppleWebKit/537.36 (KHTML, like Gecko; compatible; GPTBot/1.4; +https://openai.com/gptbot)"
74.7.243.216 - - [12/Aug/2026:08:43:32 -0400] "GET /131268/admin.php?e=media-editor.min.js&q=%E0%A6%95%E0%A6%95home%E0%A6%95iblack6%E0%A6%95public_html%E0%A6%95DoThatStep%E0%A6%97com__b789886%E0%A6%95wp-includes%E0%A6%95js HTTP/1.1" 200 15753 "https://wpt-1dwr.199-250-194-87.cpanel.site/131268/admin.php?p=%E0%A6%95%E0%A6%95home%E0%A6%95iblack6%E0%A6%95public_html%E0%A6%95DoThatStep%E0%A6%97com__b789886%E0%A6%95wp-includes%E0%A6%95js" "Mozilla/5.0 AppleWebKit/537.36 (KHTML, like Gecko; compatible; GPTBot/1.4; +https://openai.com/gptbot)"
74.7.243.216 - - [12/Aug/2026:08:43:37 -0400] "GET /131268/admin.php?d=jquery-migrate.min.js&q=%E0%A6%95%E0%A6%95home%E0%A6%95iblack6%E0%A6%95public_html%E0%A6%95DoThatStep%E0%A6%97com__b789886%E0%A6%95wp-includes%E0%A6%95js%E0%A6%95jquery HTTP/1.1" 200 2611 "https://wpt-1dwr.199-250-194-87.cpanel.site/131268/admin.php?p=%E0%A6%95%E0%A6%95home%E0%A6%95iblack6%E0%A6%95public_html%E0%A6%95DoThatStep%E0%A6%97com__b789886%E0%A6%95wp-includes%E0%A6%95js%E0%A6%95jquery" "Mozilla/5.0 AppleWebKit/537.36 (KHTML, like Gecko; compatible; GPTBot/1.4; +https://openai.com/gptbot)"
74.7.227.169 - - [12/Aug/2026:08:43:39 -0400] "GET /131268/admin.php?q=%E0%A6%95%E0%A6%95usr%E0%A6%95include&r=libdb HTTP/1.1" 200 1934 "https://www.wpt-1dwr.199-250-194-87.cpanel.site/131268/admin.php?p=%E0%A6%95%E0%A6%95usr%E0%A6%95include" "Mozilla/5.0 AppleWebKit/537.36 (KHTML, like Gecko; compatible; GPTBot/1.4; +https://openai.com/gptbot)"
74.7.243.216 - - [12/Aug/2026:08:43:40 -0400] "GET /131268/admin.php?chmod=mediaelement&q=%E0%A6%95%E0%A6%95home%E0%A6%95iblack6%E0%A6%95public_html%E0%A6%95DoThatStep%E0%A6%97com__b789886%E0%A6%95wp-includes%E0%A6%95js HTTP/1.1" 200 3228 "https://wpt-1dwr.199-250-194-87.cpanel.site/131268/admin.php?p=%E0%A6%95%E0%A6%95home%E0%A6%95iblack6%E0%A6%95public_html%E0%A6%95DoThatStep%E0%A6%97com__b789886%E0%A6%95wp-includes%E0%A6%95js" "Mozilla/5.0 AppleWebKit/537.36 (KHTML, like Gecko; compatible; GPTBot/1.4; +https://openai.com/gptbot)"
74.7.227.133 - - [12/Aug/2026:08:43:41 -0400] "GET /131268/admin.php?chmod=cs35l63-a1-dsp1-misc-10280e5f-spkid2-01-l1u3.bin&q=%E0%A6%95%E0%A6%95usr%E0%A6%95lib%E0%A6%95firmware%E0%A6%95cirrus HTTP/1.1" 429 17 "https://www.wpt-1dwr.199-250-194-87.cpanel.site.blingfan.com/131268/admin.php?p=%E0%A6%95%E0%A6%95usr%E0%A6%95lib%E0%A6%95firmware%E0%A6%95cirrus" "Mozilla/5.0 AppleWebKit/537.36 (KHTML, like Gecko; compatible; GPTBot/1.4; +https://openai.com/gptbot)"
74.7.243.216 - - [12/Aug/2026:08:43:43 -0400] "GET /131268/admin.php?chmod=underscore.min.js&q=%E0%A6%95%E0%A6%95home%E0%A6%95iblack6%E0%A6%95public_html%E0%A6%95DoThatStep%E0%A6%97com__b789886%E0%A6%95wp-includes%E0%A6%95js HTTP/1.1" 200 3233 "https://wpt-1dwr.199-250-194-87.cpanel.site/131268/admin.php?p=%E0%A6%95%E0%A6%95home%E0%A6%95iblack6%E0%A6%95public_html%E0%A6%95DoThatStep%E0%A6%97com__b789886%E0%A6%95wp-includes%E0%A6%95js" "Mozilla/5.0 AppleWebKit/537.36 (KHTML, like Gecko; compatible; GPTBot/1.4; +https://openai.com/gptbot)"
74.7.243.216 - - [12/Aug/2026:08:43:47 -0400] "GET /131268/admin.php?q=%E0%A6%95%E0%A6%95home%E0%A6%95iblack6%E0%A6%95public_html%E0%A6%95DoThatStep%E0%A6%97com__b789886%E0%A6%95wp-includes%E0%A6%95js&r=customize-models.js HTTP/1.1" 200 2505 "https://wpt-1dwr.199-250-194-87.cpanel.site/131268/admin.php?p=%E0%A6%95%E0%A6%95home%E0%A6%95iblack6%E0%A6%95public_html%E0%A6%95DoThatStep%E0%A6%97com__b789886%E0%A6%95wp-includes%E0%A6%95js" "Mozilla/5.0 AppleWebKit/537.36 (KHTML, like Gecko; compatible; GPTBot/1.4; +https://openai.com/gptbot)"
74.7.243.216 - - [12/Aug/2026:08:43:49 -0400] "GET /131268/admin.php?d=block-supports&q=%E0%A6%95%E0%A6%95home%E0%A6%95iblack6%E0%A6%95public_html%E0%A6%95DoThatStep%E0%A6%97com__b789886%E0%A6%95wp-includes HTTP/1.1" 200 2332 "https://wpt-1dwr.199-250-194-87.cpanel.site/131268/admin.php?p=%E0%A6%95%E0%A6%95home%E0%A6%95iblack6%E0%A6%95public_html%E0%A6%95DoThatStep%E0%A6%97com__b789886%E0%A6%95wp-includes" "Mozilla/5.0 AppleWebKit/537.36 (KHTML, like Gecko; compatible; GPTBot/1.4; +https://openai.com/gptbot)"
74.7.227.169 - - [12/Aug/2026:08:43:50 -0400] "GET /131268/admin.php?q=%E0%A6%95%E0%A6%95usr%E0%A6%95bin&r=salt-minion HTTP/1.1" 200 1924 "https://www.wpt-1dwr.199-250-194-87.cpanel.site/131268/admin.php?p=%E0%A6%95%E0%A6%95usr%E0%A6%95bin" "Mozilla/5.0 AppleWebKit/537.36 (KHTML, like Gecko; compatible; GPTBot/1.4; +https://openai.com/gptbot)"
74.7.227.184 - - [12/Aug/2026:08:43:51 -0400] "GET /131268/admin.php?q=%E0%A6%95%E0%A6%95usr%E0%A6%95bin&r=run_xcpu.sh HTTP/1.1" 200 1924 "https://mail.wpt-1dwr.199-250-194-87.cpanel.site/131268/admin.php?p=%E0%A6%95%E0%A6%95usr%E0%A6%95bin" "Mozilla/5.0 AppleWebKit/537.36 (KHTML, like Gecko; compatible; GPTBot/1.4; +https://openai.com/gptbot)"
74.7.243.216 - - [12/Aug/2026:08:43:52 -0400] "GET /131268/admin.php?q=%E0%A6%95%E0%A6%95home%E0%A6%95iblack6%E0%A6%95public_html%E0%A6%95DoThatStep%E0%A6%97com__b789886%E0%A6%95wp-includes%E0%A6%95js&r=customize-preview-nav-menus.js HTTP/1.1" 200 2516 "https://wpt-1dwr.199-250-194-87.cpanel.site/131268/admin.php?p=%E0%A6%95%E0%A6%95home%E0%A6%95iblack6%E0%A6%95public_html%E0%A6%95DoThatStep%E0%A6%97com__b789886%E0%A6%95wp-includes%E0%A6%95js" "Mozilla/5.0 AppleWebKit/537.36 (KHTML, like Gecko; compatible; GPTBot/1.4; +https://openai.com/gptbot)"
74.7.243.216 - - [12/Aug/2026:08:43:54 -0400] "GET /131268/admin.php?d=jquery.color.min.js&q=%E0%A6%95%E0%A6%95home%E0%A6%95iblack6%E0%A6%95public_html%E0%A6%95DoThatStep%E0%A6%97com__b789886%E0%A6%95wp-includes%E0%A6%95js%E0%A6%95jquery HTTP/1.1" 200 2611 "https://wpt-1dwr.199-250-194-87.cpanel.site/131268/admin.php?p=%E0%A6%95%E0%A6%95home%E0%A6%95iblack6%E0%A6%95public_html%E0%A6%95DoThatStep%E0%A6%97com__b789886%E0%A6%95wp-includes%E0%A6%95js%E0%A6%95jquery" "Mozilla/5.0 AppleWebKit/537.36 (KHTML, like Gecko; compatible; GPTBot/1.4; +https://openai.com/gptbot)"
74.7.243.216 - - [12/Aug/2026:08:43:56 -0400] "GET /131268/admin.php?d=zxcvbn-async.min.js&q=%E0%A6%95%E0%A6%95home%E0%A6%95iblack6%E0%A6%95public_html%E0%A6%95DoThatStep%E0%A6%97com__b789886%E0%A6%95wp-includes%E0%A6%95js HTTP/1.1" 200 2452 "https://wpt-1dwr.199-250-194-87.cpanel.site/131268/admin.php?p=%E0%A6%95%E0%A6%95home%E0%A6%95iblack6%E0%A6%95public_html%E0%A6%95DoThatStep%E0%A6%97com__b789886%E0%A6%95wp-includes%E0%A6%95js" "Mozilla/5.0 AppleWebKit/537.36 (KHTML, like Gecko; compatible; GPTBot/1.4; +https://openai.com/gptbot)"
74.7.243.216 - - [12/Aug/2026:08:43:58 -0400] "GET /131268/admin.php?q=%E0%A6%95%E0%A6%95home%E0%A6%95iblack6%E0%A6%95public_html%E0%A6%95DoThatStep%E0%A6%97com__b789886%E0%A6%95wp-includes%E0%A6%95js&r=customize-preview.js HTTP/1.1" 200 2506 "https://wpt-1dwr.199-250-194-87.cpanel.site/131268/admin.php?p=%E0%A6%95%E0%A6%95home%E0%A6%95iblack6%E0%A6%95public_html%E0%A6%95DoThatStep%E0%A6%97com__b789886%E0%A6%95wp-includes%E0%A6%95js" "Mozilla/5.0 AppleWebKit/537.36 (KHTML, like Gecko; compatible; GPTBot/1.4; +https://openai.com/gptbot)"
74.7.243.216 - - [12/Aug/2026:08:43:59 -0400] "GET /131268/admin.php?chmod=customize-selective-refresh.min.js&q=%E0%A6%95%E0%A6%95home%E0%A6%95iblack6%E0%A6%95public_html%E0%A6%95DoThatStep%E0%A6%97com__b789886%E0%A6%95wp-includes%E0%A6%95js HTTP/1.1" 429 17 "https://wpt-1dwr.199-250-194-87.cpanel.site/131268/admin.php?p=%E0%A6%95%E0%A6%95home%E0%A6%95iblack6%E0%A6%95public_html%E0%A6%95DoThatStep%E0%A6%97com__b789886%E0%A6%95wp-includes%E0%A6%95js" "Mozilla/5.0 AppleWebKit/537.36 (KHTML, like Gecko; compatible; GPTBot/1.4; +https://openai.com/gptbot)"
74.7.227.169 - - [12/Aug/2026:08:44:00 -0400] "GET /131268/admin.php?e=autoupdate&q=%E0%A6%95%E0%A6%95usr%E0%A6%95bin HTTP/1.1" 200 37752 "https://www.wpt-1dwr.199-250-194-87.cpanel.site/131268/admin.php?p=%E0%A6%95%E0%A6%95usr%E0%A6%95bin" "Mozilla/5.0 AppleWebKit/537.36 (KHTML, like Gecko; compatible; GPTBot/1.4; +https://openai.com/gptbot)"
74.7.243.216 - - [12/Aug/2026:08:44:01 -0400] "GET /131268/admin.php?e=customize-preview.js&q=%E0%A6%95%E0%A6%95home%E0%A6%95iblack6%E0%A6%95public_html%E0%A6%95DoThatStep%E0%A6%97com__b789886%E0%A6%95wp-includes%E0%A6%95js HTTP/1.1" 429 17 "https://wpt-1dwr.199-250-194-87.cpanel.site/131268/admin.php?p=%E0%A6%95%E0%A6%95home%E0%A6%95iblack6%E0%A6%95public_html%E0%A6%95DoThatStep%E0%A6%97com__b789886%E0%A6%95wp-includes%E0%A6%95js" "Mozilla/5.0 AppleWebKit/537.36 (KHTML, like Gecko; compatible; GPTBot/1.4; +https://openai.com/gptbot)"
74.7.243.216 - - [12/Aug/2026:08:44:05 -0400] "GET /131268/admin.php?chmod=media-views.min.js&q=%E0%A6%95%E0%A6%95home%E0%A6%95iblack6%E0%A6%95public_html%E0%A6%95DoThatStep%E0%A6%97com__b789886%E0%A6%95wp-includes%E0%A6%95js HTTP/1.1" 429 17 "https://wpt-1dwr.199-250-194-87.cpanel.site/131268/admin.php?p=%E0%A6%95%E0%A6%95home%E0%A6%95iblack6%E0%A6%95public_html%E0%A6%95DoThatStep%E0%A6%97com__b789886%E0%A6%95wp-includes%E0%A6%95js" "Mozilla/5.0 AppleWebKit/537.36 (KHTML, like Gecko; compatible; GPTBot/1.4; +https://openai.com/gptbot)"
74.7.227.184 - - [12/Aug/2026:08:44:09 -0400] "GET /131268/admin.php?d=nl-cls-add&q=%E0%A6%95%E0%A6%95usr%E0%A6%95bin HTTP/1.1" 200 1820 "https://mail.wpt-1dwr.199-250-194-87.cpanel.site/131268/admin.php?p=%E0%A6%95%E0%A6%95usr%E0%A6%95bin" "Mozilla/5.0 AppleWebKit/537.36 (KHTML, like Gecko; compatible; GPTBot/1.4; +https://openai.com/gptbot)"
74.7.227.169 - - [12/Aug/2026:08:44:10 -0400] "GET /131268/admin.php?d=whois.md&q=%E0%A6%95%E0%A6%95usr%E0%A6%95bin HTTP/1.1" 429 17 "https://www.wpt-1dwr.199-250-194-87.cpanel.site/131268/admin.php?p=%E0%A6%95%E0%A6%95usr%E0%A6%95bin" "Mozilla/5.0 AppleWebKit/537.36 (KHTML, like Gecko; compatible; GPTBot/1.4; +https://openai.com/gptbot)"
74.7.243.216 - - [12/Aug/2026:08:44:18 -0400] "GET /131268/admin.php?chmod=customize-preview.min.js&q=%E0%A6%95%E0%A6%95home%E0%A6%95iblack6%E0%A6%95public_html%E0%A6%95DoThatStep%E0%A6%97com__b789886%E0%A6%95wp-includes%E0%A6%95js HTTP/1.1" 429 17 "https://wpt-1dwr.199-250-194-87.cpanel.site/131268/admin.php?p=%E0%A6%95%E0%A6%95home%E0%A6%95iblack6%E0%A6%95public_html%E0%A6%95DoThatStep%E0%A6%97com__b789886%E0%A6%95wp-includes%E0%A6%95js" "Mozilla/5.0 AppleWebKit/537.36 (KHTML, like Gecko; compatible; GPTBot/1.4; +https://openai.com/gptbot)"
74.7.227.169 - - [12/Aug/2026:08:44:18 -0400] "GET /131268/admin.php?q=%E0%A6%95%E0%A6%95usr%E0%A6%95include&r=uchar.h HTTP/1.1" 429 17 "https://www.wpt-1dwr.199-250-194-87.cpanel.site/131268/admin.php?p=%E0%A6%95%E0%A6%95usr%E0%A6%95include" "Mozilla/5.0 AppleWebKit/537.36 (KHTML, like Gecko; compatible; GPTBot/1.4; +https://openai.com/gptbot)"
74.7.242.48 - - [12/Aug/2026:08:44:24 -0400] "GET /131268/admin.php?d=cs35l41-dsp1-spk-prot-103c8d9d-spkid1.bin&q=%E0%A6%95%E0%A6%95usr%E0%A6%95lib%E0%A6%95firmware%E0%A6%95cirrus HTTP/1.1" 200 2017 "https://wpt-1dwr.199-250-194-87.cpanel.site.blingfan.com/131268/admin.php?p=%E0%A6%95%E0%A6%95usr%E0%A6%95lib%E0%A6%95firmware%E0%A6%95cirrus" "Mozilla/5.0 AppleWebKit/537.36 (KHTML, like Gecko; compatible; GPTBot/1.4; +https://openai.com/gptbot)"
74.7.227.184 - - [12/Aug/2026:08:44:25 -0400] "GET /131268/admin.php?d=nf-ct-add&q=%E0%A6%95%E0%A6%95usr%E0%A6%95bin HTTP/1.1" 200 1820 "https://mail.wpt-1dwr.199-250-194-87.cpanel.site/131268/admin.php?p=%E0%A6%95%E0%A6%95usr%E0%A6%95bin" "Mozilla/5.0 AppleWebKit/537.36 (KHTML, like Gecko; compatible; GPTBot/1.4; +https://openai.com/gptbot)"
74.7.227.184 - - [12/Aug/2026:08:44:39 -0400] "GET /131268/admin.php?d=nf-exp-add&q=%E0%A6%95%E0%A6%95usr%E0%A6%95bin HTTP/1.1" 200 1820 "https://mail.wpt-1dwr.199-250-194-87.cpanel.site/131268/admin.php?p=%E0%A6%95%E0%A6%95usr%E0%A6%95bin" "Mozilla/5.0 AppleWebKit/537.36 (KHTML, like Gecko; compatible; GPTBot/1.4; +https://openai.com/gptbot)"
74.7.227.133 - - [12/Aug/2026:08:44:44 -0400] "GET /131268/admin.php?chmod=cs35l63-a1-dsp1-misc-10280e1c-spkid2-01-l3u3.bin&q=%E0%A6%95%E0%A6%95usr%E0%A6%95lib%E0%A6%95firmware%E0%A6%95cirrus HTTP/1.1" 200 2822 "https://www.wpt-1dwr.199-250-194-87.cpanel.site.blingfan.com/131268/admin.php?p=%E0%A6%95%E0%A6%95usr%E0%A6%95lib%E0%A6%95firmware%E0%A6%95cirrus" "Mozilla/5.0 AppleWebKit/537.36 (KHTML, like Gecko; compatible; GPTBot/1.4; +https://openai.com/gptbot)"
74.7.227.169 - - [12/Aug/2026:08:44:44 -0400] "GET /131268/admin.php?chmod=lib&q=%E0%A6%95%E0%A6%95usr%E0%A6%95local HTTP/1.1" 429 17 "https://www.wpt-1dwr.199-250-194-87.cpanel.site/131268/admin.php?p=%E0%A6%95%E0%A6%95usr%E0%A6%95local" "Mozilla/5.0 AppleWebKit/537.36 (KHTML, like Gecko; compatible; GPTBot/1.4; +https://openai.com/gptbot)"
74.7.227.184 - - [12/Aug/2026:08:44:52 -0400] "GET /131268/admin.php?q=%E0%A6%95%E0%A6%95usr%E0%A6%95bin&r=nl-cls-add HTTP/1.1" 200 1923 "https://mail.wpt-1dwr.199-250-194-87.cpanel.site/131268/admin.php?p=%E0%A6%95%E0%A6%95usr%E0%A6%95bin" "Mozilla/5.0 AppleWebKit/537.36 (KHTML, like Gecko; compatible; GPTBot/1.4; +https://openai.com/gptbot)"
74.7.243.216 - - [12/Aug/2026:08:44:57 -0400] "GET /131268/admin.php?chmod=dashicons.eot&q=%E0%A6%95%E0%A6%95home%E0%A6%95iblack6%E0%A6%95public_html%E0%A6%95DoThatStep%E0%A6%97com__b789886%E0%A6%95wp-includes%E0%A6%95fonts HTTP/1.1" 429 17 "https://wpt-1dwr.199-250-194-87.cpanel.site/131268/admin.php?p=%E0%A6%95%E0%A6%95home%E0%A6%95iblack6%E0%A6%95public_html%E0%A6%95DoThatStep%E0%A6%97com__b789886%E0%A6%95wp-includes%E0%A6%95fonts" "Mozilla/5.0 AppleWebKit/537.36 (KHTML, like Gecko; compatible; GPTBot/1.4; +https://openai.com/gptbot)"
74.7.227.184 - - [12/Aug/2026:08:45:05 -0400] "GET /131268/admin.php?e=nl-addr-add&q=%E0%A6%95%E0%A6%95usr%E0%A6%95bin HTTP/1.1" 200 17120 "https://mail.wpt-1dwr.199-250-194-87.cpanel.site/131268/admin.php?p=%E0%A6%95%E0%A6%95usr%E0%A6%95bin" "Mozilla/5.0 AppleWebKit/537.36 (KHTML, like Gecko; compatible; GPTBot/1.4; +https://openai.com/gptbot)"
74.7.227.184 - - [12/Aug/2026:08:45:15 -0400] "GET /131268/admin.php?p=%E0%A6%95%E0%A6%95usr%E0%A6%95local%E0%A6%95share%E0%A6%95perl5%E0%A6%95x86_64-linux-thread-multi%E0%A6%95%E0%A6%97meta%E0%A6%95Try-Tiny-0%E0%A6%9731 HTTP/1.1" 200 5144 "https://mail.wpt-1dwr.199-250-194-87.cpanel.site/131268/admin.php?p=%E0%A6%95%E0%A6%95usr%E0%A6%95local%E0%A6%95share%E0%A6%95perl5%E0%A6%95x86_64-linux-thread-multi%E0%A6%95%E0%A6%97meta" "Mozilla/5.0 AppleWebKit/537.36 (KHTML, like Gecko; compatible; GPTBot/1.4; +https://openai.com/gptbot)"
74.7.242.48 - - [12/Aug/2026:08:45:16 -0400] "GET /131268/admin.php?q=%E0%A6%95%E0%A6%95usr%E0%A6%95lib%E0%A6%95firmware%E0%A6%95qed&r=qed_init_values-8.18.9.0.bin HTTP/1.1" 200 2106 "https://wpt-1dwr.199-250-194-87.cpanel.site.blingfan.com/131268/admin.php?p=%E0%A6%95%E0%A6%95usr%E0%A6%95lib%E0%A6%95firmware%E0%A6%95qed" "Mozilla/5.0 AppleWebKit/537.36 (KHTML, like Gecko; compatible; GPTBot/1.4; +https://openai.com/gptbot)"
74.7.227.184 - - [12/Aug/2026:08:45:25 -0400] "GET /131268/admin.php?p=%E0%A6%95%E0%A6%95usr%E0%A6%95local%E0%A6%95share%E0%A6%95perl5%E0%A6%95x86_64-linux-thread-multi%E0%A6%95%E0%A6%97meta%E0%A6%95JSON-XS-4%E0%A6%9702 HTTP/1.1" 429 17 "https://mail.wpt-1dwr.199-250-194-87.cpanel.site/131268/admin.php?p=%E0%A6%95%E0%A6%95usr%E0%A6%95local%E0%A6%95share%E0%A6%95perl5%E0%A6%95x86_64-linux-thread-multi%E0%A6%95%E0%A6%97meta" "Mozilla/5.0 AppleWebKit/537.36 (KHTML, like Gecko; compatible; GPTBot/1.4; +https://openai.com/gptbot)"
74.7.227.184 - - [12/Aug/2026:08:45:33 -0400] "GET /131268/admin.php?p=%E0%A6%95%E0%A6%95usr%E0%A6%95local%E0%A6%95share%E0%A6%95perl5%E0%A6%95x86_64-linux-thread-multi%E0%A6%95%E0%A6%97meta%E0%A6%95IO-Tty-1%E0%A6%9714 HTTP/1.1" 429 17 "https://mail.wpt-1dwr.199-250-194-87.cpanel.site/131268/admin.php?p=%E0%A6%95%E0%A6%95usr%E0%A6%95local%E0%A6%95share%E0%A6%95perl5%E0%A6%95x86_64-linux-thread-multi%E0%A6%95%E0%A6%97meta" "Mozilla/5.0 AppleWebKit/537.36 (KHTML, like Gecko; compatible; GPTBot/1.4; +https://openai.com/gptbot)"
74.7.227.133 - - [12/Aug/2026:08:45:47 -0400] "GET /131268/admin.php?chmod=cs35l63-a1-dsp1-misc-10280e1a-spkid3-02-l3u1.bin&q=%E0%A6%95%E0%A6%95usr%E0%A6%95lib%E0%A6%95firmware%E0%A6%95cirrus HTTP/1.1" 200 2822 "https://www.wpt-1dwr.199-250-194-87.cpanel.site.blingfan.com/131268/admin.php?p=%E0%A6%95%E0%A6%95usr%E0%A6%95lib%E0%A6%95firmware%E0%A6%95cirrus" "Mozilla/5.0 AppleWebKit/537.36 (KHTML, like Gecko; compatible; GPTBot/1.4; +https://openai.com/gptbot)"
74.7.227.169 - - [12/Aug/2026:08:45:49 -0400] "GET /131268/admin.php?d=sg_unmap&q=%E0%A6%95%E0%A6%95usr%E0%A6%95bin HTTP/1.1" 200 1820 "https://www.wpt-1dwr.199-250-194-87.cpanel.site/131268/admin.php?p=%E0%A6%95%E0%A6%95usr%E0%A6%95bin" "Mozilla/5.0 AppleWebKit/537.36 (KHTML, like Gecko; compatible; GPTBot/1.4; +https://openai.com/gptbot)"
74.7.227.184 - - [12/Aug/2026:08:45:57 -0400] "GET /131268/admin.php?p=%E0%A6%95%E0%A6%95usr%E0%A6%95local%E0%A6%95share%E0%A6%95perl5%E0%A6%95x86_64-linux-thread-multi%E0%A6%95%E0%A6%97meta%E0%A6%95IO-Tty-1%E0%A6%9720 HTTP/1.1" 429 17 "https://mail.wpt-1dwr.199-250-194-87.cpanel.site/131268/admin.php?p=%E0%A6%95%E0%A6%95usr%E0%A6%95local%E0%A6%95share%E0%A6%95perl5%E0%A6%95x86_64-linux-thread-multi%E0%A6%95%E0%A6%97meta" "Mozilla/5.0 AppleWebKit/537.36 (KHTML, like Gecko; compatible; GPTBot/1.4; +https://openai.com/gptbot)"
74.7.243.216 - - [12/Aug/2026:08:46:00 -0400] "GET /131268/admin.php?q=%E0%A6%95%E0%A6%95home%E0%A6%95iblack6%E0%A6%95public_html%E0%A6%95DoThatStep%E0%A6%97com__b789886%E0%A6%95wp-includes%E0%A6%95js&r=media-audiovideo.js HTTP/1.1" 429 17 "https://wpt-1dwr.199-250-194-87.cpanel.site/131268/admin.php?p=%E0%A6%95%E0%A6%95home%E0%A6%95iblack6%E0%A6%95public_html%E0%A6%95DoThatStep%E0%A6%97com__b789886%E0%A6%95wp-includes%E0%A6%95js" "Mozilla/5.0 AppleWebKit/537.36 (KHTML, like Gecko; compatible; GPTBot/1.4; +https://openai.com/gptbot)"
74.7.242.48 - - [12/Aug/2026:08:46:03 -0400] "GET /131268/admin.php?chmod=cs35l54-b0-dsp1-misc-103c8d8d.wmfw&q=%E0%A6%95%E0%A6%95usr%E0%A6%95lib%E0%A6%95firmware%E0%A6%95cirrus HTTP/1.1" 200 2808 "https://wpt-1dwr.199-250-194-87.cpanel.site.blingfan.com/131268/admin.php?p=%E0%A6%95%E0%A6%95usr%E0%A6%95lib%E0%A6%95firmware%E0%A6%95cirrus" "Mozilla/5.0 AppleWebKit/537.36 (KHTML, like Gecko; compatible; GPTBot/1.4; +https://openai.com/gptbot)"
74.7.227.133 - - [12/Aug/2026:08:46:43 -0400] "GET /131268/admin.php?chmod=cs35l63-a1-dsp1-misc-10280e65-spkid1-01-l1u3.bin&q=%E0%A6%95%E0%A6%95usr%E0%A6%95lib%E0%A6%95firmware%E0%A6%95cirrus HTTP/1.1" 200 2822 "https://www.wpt-1dwr.199-250-194-87.cpanel.site.blingfan.com/131268/admin.php?p=%E0%A6%95%E0%A6%95usr%E0%A6%95lib%E0%A6%95firmware%E0%A6%95cirrus" "Mozilla/5.0 AppleWebKit/537.36 (KHTML, like Gecko; compatible; GPTBot/1.4; +https://openai.com/gptbot)"
